


{"id":9308,"date":"2017-01-30T12:42:07","date_gmt":"2017-01-30T11:42:07","guid":{"rendered":"https:\/\/pbp.womczest.edu.pl\/new\/?page_id=9308"},"modified":"2017-01-30T12:42:07","modified_gmt":"2017-01-30T11:42:07","slug":"sniadanie-i-glosne-czytanie","status":"publish","type":"page","link":"https:\/\/pbp.womczest.edu.pl\/new\/kontakt\/lubliniec\/inne-wydarzenia\/sniadanie-i-glosne-czytanie\/","title":{"rendered":"\u015aniadanie i g\u0142o\u015bne czytanie"},"content":{"rendered":"<p style=\"text-align: left;\"><img decoding=\"async\" loading=\"lazy\" class=\" wp-image-8780 alignleft\" src=\"https:\/\/pbp.womczest.edu.pl\/new\/wp-content\/uploads\/2015\/05\/5-169x300.jpg\" alt=\"5\" width=\"137\" height=\"243\" srcset=\"https:\/\/pbp.womczest.edu.pl\/new\/wp-content\/uploads\/2015\/05\/5-169x300.jpg 169w, https:\/\/pbp.womczest.edu.pl\/new\/wp-content\/uploads\/2015\/05\/5-100x178.jpg 100w, https:\/\/pbp.womczest.edu.pl\/new\/wp-content\/uploads\/2015\/05\/5-150x267.jpg 150w, https:\/\/pbp.womczest.edu.pl\/new\/wp-content\/uploads\/2015\/05\/5-200x356.jpg 200w, https:\/\/pbp.womczest.edu.pl\/new\/wp-content\/uploads\/2015\/05\/5-300x533.jpg 300w, https:\/\/pbp.womczest.edu.pl\/new\/wp-content\/uploads\/2015\/05\/5.jpg 360w\" sizes=\"(max-width: 137px) 100vw, 137px\" \/>Nauczyciele bibliotekarze Biblioteki Szko\u0142y Podstawowej nr 1 oraz Publicznej Biblioteki\u00a0Pedagogicznej Regionalnego O\u015brodka Doskonalenia Nauczycieli WOM w Cz\u0119stochowie Filia\u00a0w Lubli\u0144cu zorganizowali akcj\u0119 czytelnicz\u0105 \u015aniadanie i g\u0142o\u015bne czytanie.<\/p>\n<p style=\"text-align: left;\">Korzystaj\u0105c z pi\u0119knego wrze\u015bniowego s\u0142o\u0144ca najm\u0142odsi uczniowie spotykali si\u0119 w cieniu lipy rosn\u0105cej na dziedzi\u0144cu szko\u0142y, by wsp\u00f3lnie czyta\u0107 ulubione teksty z literatury dzieci\u0119cej.<\/p>\n<p style=\"text-align: left;\">Wszystkim uczniom i nauczycielom dzi\u0119kujemy za wsp\u00f3lnie sp\u0119dzony czas i zach\u0119camy do dalszego czytania.<\/p>\n","protected":false},"excerpt":{"rendered":"<p>Nauczyciele bibliotekarze Biblioteki Szko\u0142y Podstawowej nr 1 oraz Publicznej Biblioteki\u00a0Pedagogicznej Regionalnego O\u015brodka Doskonalenia Nauczycieli WOM w Cz\u0119stochowie Filia\u00a0w Lubli\u0144cu zorganizowali akcj\u0119 czytelnicz\u0105 \u015aniadanie i g\u0142o\u015bne czytanie. Korzystaj\u0105c z pi\u0119knego wrze\u015bniowego s\u0142o\u0144ca najm\u0142odsi uczniowie spotykali si\u0119 w cieniu lipy rosn\u0105cej na dziedzi\u0144cu szko\u0142y, by wsp\u00f3lnie czyta\u0107 ulubione teksty z literatury dzieci\u0119cej. Wszystkim uczniom i nauczycielom dzi\u0119kujemy za wsp\u00f3lnie sp\u0119dzony czas i zach\u0119camy do dalszego czytania.<\/p>\n","protected":false},"author":4,"featured_media":0,"parent":7619,"menu_order":0,"comment_status":"closed","ping_status":"closed","template":"","meta":{"footnotes":""},"jetpack_sharing_enabled":true,"jetpack_shortlink":"https:\/\/wp.me\/PgmV4H-2q8","_links":{"self":[{"href":"https:\/\/pbp.womczest.edu.pl\/new\/wp-json\/wp\/v2\/pages\/9308"}],"collection":[{"href":"https:\/\/pbp.womczest.edu.pl\/new\/wp-json\/wp\/v2\/pages"}],"about":[{"href":"https:\/\/pbp.womczest.edu.pl\/new\/wp-json\/wp\/v2\/types\/page"}],"author":[{"embeddable":true,"href":"https:\/\/pbp.womczest.edu.pl\/new\/wp-json\/wp\/v2\/users\/4"}],"replies":[{"embeddable":true,"href":"https:\/\/pbp.womczest.edu.pl\/new\/wp-json\/wp\/v2\/comments?post=9308"}],"version-history":[{"count":1,"href":"https:\/\/pbp.womczest.edu.pl\/new\/wp-json\/wp\/v2\/pages\/9308\/revisions"}],"predecessor-version":[{"id":9309,"href":"https:\/\/pbp.womczest.edu.pl\/new\/wp-json\/wp\/v2\/pages\/9308\/revisions\/9309"}],"up":[{"embeddable":true,"href":"https:\/\/pbp.womczest.edu.pl\/new\/wp-json\/wp\/v2\/pages\/7619"}],"wp:attachment":[{"href":"https:\/\/pbp.womczest.edu.pl\/new\/wp-json\/wp\/v2\/media?parent=9308"}],"curies":[{"name":"wp","href":"https:\/\/api.w.org\/{rel}","templated":true}]}}