


{"id":8849,"date":"2016-10-31T14:03:25","date_gmt":"2016-10-31T13:03:25","guid":{"rendered":"https:\/\/pbp.womczest.edu.pl\/new\/?page_id=8849"},"modified":"2016-12-12T12:23:54","modified_gmt":"2016-12-12T11:23:54","slug":"powiatowy-konkurs-recytatorski-poetyckie-krajobrazy-poswiecony-poezji-ks-jana-twardowskiego-2016","status":"publish","type":"page","link":"https:\/\/pbp.womczest.edu.pl\/new\/galeria\/powiatowy-konkurs-recytatorski-poetyckie-krajobrazy-poswiecony-poezji-ks-jana-twardowskiego-2016\/","title":{"rendered":"Powiatowy Konkurs Recytatorski \u201ePoetyckie Krajobrazy\u201d po\u015bwi\u0119cony poezji ks. Jana Twardowskiego &#8211; 2016"},"content":{"rendered":"<p>20 pa\u017adziernika 2016 roku w\u00a0Regionalnym O\u015brodku Doskonalenia Nauczycieli \u201eWOM\u201d w\u00a0Cz\u0119stochowie odby\u0142 si\u0119 Powiatowy Konkurs Recytatorski <em>Poetyckie Krajobrazy<\/em>, po\u015bwi\u0119cony poezji ks.\u00a0Jana Twardowskiego, w\u00a0zwi\u0105zku z\u00a0przypadaj\u0105c\u0105 w\u00a02016 roku 10. rocznic\u0105 \u015bmierci poety.<\/p>\n<p>Konkurs adresowany do\u00a0uczni\u00f3w gimnazj\u00f3w miasta Cz\u0119stochowy oraz\u00a0powiatu cz\u0119stochowskiego zorganizowa\u0142a Publiczna Biblioteka Pedagogiczna RODN \u201eWOM\u201d w\u00a0Cz\u0119stochowie. W\u00a0tym roku odby\u0142a si\u0119 sz\u00f3sta edycja konkursu, kt\u00f3ry\u00a0cieszy si\u0119 du\u017cym zainteresowaniem w\u015br\u00f3d gimnazj\u00f3w Cz\u0119stochowy i\u00a0regionu.<\/p>\n<p>Honorowy patronat nad\u00a0konkursem obj\u0105\u0142 Pan Andrzej Kwapisz, Starosta Cz\u0119stochowski oraz\u00a0Pani Lidia Dutkiewicz, Redaktor Naczelny Tygodnika Katolickiego \u201eNiedziela\u201d.<\/p>\n<p>Mottem konkursu by\u0142y s\u0142owa zaczerpni\u0119te z\u00a0wiersza poety:<\/p>\n<p>\u201e\u2026je\u015bli jest noc musi by\u0107 dzie\u0144<br \/>\nje\u015bli \u0142za u\u015bmiech\u2026\u201d<br \/>\n<em>Jan Twardowski, \u201eJak \u017ale\u201d<\/em><\/p>\n<p>Celem konkursu by\u0142o upami\u0119tnienie tw\u00f3rczo\u015bci wybitnego poety, ksi\u0119dza, duszpasterza ks.\u00a0Jana Twardowskiego, popularyzacja jego dorobku artystycznego, rozwijanie recytatorskich i\u00a0aktorskich uzdolnie\u0144 m\u0142odzie\u017cy, upowszechnianie kultury j\u0119zyka polskiego oraz\u00a0inspirowanie m\u0142odego pokolenia do\u00a0aktywnego uczestnictwa w\u00a0kulturze, wzbudzenie zainteresowania poezj\u0105 polsk\u0105 oraz\u00a0krzewienie kultury \u017cywego s\u0142owa.<\/p>\n<p>Uczniowie prezentowali jeden z\u00a0wybranych przez siebie wierszy ks.\u00a0Jana Twardowskiego. Recytacja odbywa\u0142a si\u0119 bez mikrofonu i\u00a0materia\u0142\u00f3w audiowizualnych.<\/p>\n<p>W\u00a0tegorocznej edycji udzia\u0142 wzi\u0119\u0142o 21 uczni\u00f3w z\u00a021 gimnazj\u00f3w miasta Cz\u0119stochowy i\u00a0powiatu cz\u0119stochowskiego (13 gimnazj\u00f3w z\u00a0Cz\u0119stochowy i\u00a08\u00a0gimnazj\u00f3w z\u00a0powiatu cz\u0119stochowskiego).<\/p>\n<p>Opiek\u0119 merytoryczn\u0105 nad\u00a0gimnazjalistami sprawowali nauczyciele z\u00a0danej szko\u0142y.<\/p>\n<p>Do\u00a0zmaga\u0144 konkursowych przyst\u0105pili:<\/p>\n<ul>\n<li><em>Julia Alijew \u2013 <\/em>Spo\u0142eczne Gimnazjum nr\u00a02 im.\u00a0Zbigniewa Herberta STO w\u00a0Cz\u0119stochowie ; opiekun: <em>Beata Bartnik.<\/em><\/li>\n<li><em>Aleksandra Ciura \u2013<\/em> Gimnazjum nr\u00a020 im.\u00a0Aleksandra Fredry w\u00a0Cz\u0119stochowie ; opiekun: <em>Anna Romianowska.<\/em><\/li>\n<li><em>Marytna Dusi\u0144ska \u2013<\/em> Gimnazjum nr\u00a08 z\u00a0Oddzia\u0142ami Sportowymi im.\u00a0Polskich Olimpijczyk\u00f3w w\u00a0Cz\u0119stochowie ; opiekun: <em>Anna Malicka.<\/em><\/li>\n<li><em>Emilia Ga\u0142uszka \u2013<\/em> Katolickie Gimnazjum SPSK im.\u00a0Matki Bo\u017cej Jasnog\u00f3rskiej w\u00a0Cz\u0119stochowie ; opiekun: <em>Dagmara Karo\u0144.<\/em><\/li>\n<li><em>Zuzanna Kili\u0144ska \u2013<\/em> Gimnazjum nr\u00a011 im.\u00a0Marii Pawlikowskiej-Jasnorzewskiej w\u00a0Cz\u0119stochowie ; opiekun: <em>Anna Dynda\u0142.<\/em><\/li>\n<li><em>Piotr Knapik \u2013<\/em> Gimnazjum nr\u00a018 z\u00a0Oddzia\u0142ami Integracyjnymi im.\u00a0Kazimierza Wielkiego w\u00a0Cz\u0119stochowie ; opiekun: <em>Alicja Ostalska.<\/em><\/li>\n<li><em>Beata Ko\u0142odziejczyk \u2013<\/em> Publiczne Gimnazjum SPSK im.\u00a0\u015aw. J\u00f3zefa w\u00a0Cz\u0119stochowie ; opiekun: <em>Mariola Janik<\/em>.<\/li>\n<li><em>Kinga \u0141apeta \u2013<\/em> Gimnazjum im.\u00a0Bohater\u00f3w Wrze\u015bnia w\u00a0Zespole Szkolnym w\u00a0Kruszynie ; opiekun: <em>Anna Gabryel.<\/em><\/li>\n<li><em>Ma\u0142gorzata Maroszek<\/em> \u2013 Gimnazjum nr\u00a02 im.\u00a0Pokolenia Kolumb\u00f3w w\u00a0Cz\u0119stochowie ; opiekun: <em>Beata K\u0119dzierska.<\/em><\/li>\n<li><em>Julia Matuszczyk<\/em> \u2013 Gimnazjum w\u00a0Zespole Szk\u00f3\u0142 w\u00a0K\u0142omnicach ; opiekun: <em>Mariola Wo\u0142ek.<\/em><\/li>\n<li><em>Martyna Mazurek<\/em> \u2013 Gimnazjum nr\u00a012 im.\u00a0Jana Matejki w\u00a0Cz\u0119stochowie ; opiekun: <em>Agnieszka Gry\u015b.<\/em><\/li>\n<li><em>Joanna<\/em> <em>Migalska \u2013<\/em> Gimnazjum w\u00a0Zespole Szkolno-Przedszkolnym w\u00a0Przyrowie ; opiekun: <em>Alicja St\u0119pniewska-Nawaratne.<\/em><\/li>\n<li><em>Jakub Morawiec<\/em> \u2013 Gimnazjum w\u00a0Zespole Szk\u00f3\u0142 im.\u00a0Henryka Sienkiewicza w\u00a0Konopiskach ; opiekun: <em>Renata G\u0119siarz.<\/em><\/li>\n<li><em>Paulina Musik<\/em> \u2013 Gimnazjum w\u00a0Wo\u017anikach ; opiekun: <em>Ewa Merta.<\/em><\/li>\n<li><em>Wiktoria Noco\u0144<\/em> \u2013 Gimnazjum w\u00a0Zespole Szkolno-Przedszkolnym im.\u00a0Jana Kochanowskiego w\u00a0Aleksandrii ; opiekun: <em>Sylwia Herman.<\/em><\/li>\n<li><em>Zuzanna Nowak<\/em> \u2013 Gimnazjum nr\u00a013 z\u00a0Oddzia\u0142ami Dwuj\u0119zycznymi im.\u00a0Ignacego Jana Paderewskiego w\u00a0Cz\u0119stochowie ; opiekun: <em>Cezary Wachelka.<\/em><\/li>\n<li><em>Jan Ochma\u0144ski<\/em> \u2013 Gimnazjum nr\u00a014 im.\u00a0Kr\u00f3lowej Jadwigi w\u00a0Cz\u0119stochowie ; opiekun: Ewa Bogda\u0142.<\/li>\n<li><em>Natalia Rosi\u0144ska \u2013<\/em> Gimnazjum im.\u00a0Jana Kochanowskiego w\u00a0Zespole Szk\u00f3\u0142 we\u00a0Wrzosowej ; opiekun: <em>Iwona Doro\u017cy\u0144ska.<\/em><\/li>\n<li><em>Joanna Stefanek \u2013<\/em> Gimnazjum nr\u00a016 im.\u00a0Boles\u0142awa Chrobrego w\u00a0Cz\u0119stochowie ; opiekun: <em>Iwona Pa\u0142\u0119ga.<\/em><\/li>\n<li><em>Daria Turas<\/em> \u2013 Gimnazjum nr\u00a05 im.\u00a0Miko\u0142aja Reja w\u00a0Cz\u0119stochowie ; opiekunowie: <em>Alina Grabna, Dorota Marli\u0144ska.<\/em><\/li>\n<li><em>Manuela W\u0105sek \u2013<\/em> Gimnazjum im.\u00a0Andrzeja Kubickiego w\u00a0Zespole Szk\u00f3\u0142 w\u00a0Mstowie ; opiekun: <em>Justyna Ujma.<\/em><\/li>\n<\/ul>\n<p>Prezentacje uczestnik\u00f3w ocenia\u0142o jury w\u00a0sk\u0142adzie:<\/p>\n<ol>\n<li><strong>Beata Raczy\u0144ska <\/strong>\u2013 przewodnicz\u0105ca komisji, nauczyciel polonista, nauczyciel bibliotekarz Publicznej Biblioteki Pedagogicznej RODN \u201eWOM\u201d w\u00a0Cz\u0119stochowie.<\/li>\n<li><strong>Agnieszka Grudzi\u0144ska <\/strong>\u2013 nauczyciel polonista, nauczyciel konsultant RODN \u201eWOM\u201d w\u00a0Cz\u0119stochowie, przewodnicz\u0105ca Wojew\u00f3dzkiej Komisji Konkursowej z\u00a0J\u0119zyka Polskiego dla gimnazj\u00f3w.<\/li>\n<li><strong>Anna Kostrzewa \u2013 <\/strong>nauczyciel polonista, nauczyciel j\u0119zyka niemieckiego Prywatnej Szko\u0142y Podstawowej i\u00a0Gimnazjum SOKRATES w\u00a0Cz\u0119stochowie.<\/li>\n<li><strong>Irmina M\u0142ynarczyk \u2013 <\/strong>specjalista ds.\u00a0promocji Biblioteki G\u0142\u00f3wnej im.\u00a0dr\u00a0W\u0142.\u00a0Biega\u0144skiego w\u00a0Cz\u0119stochowie, pracownik dzia\u0142u instrukcyjno\u2013metodycznego.<\/li>\n<li><strong>Tadeusz Luterek \u2013 <\/strong>poeta cz\u0119stochowski, autor kilku tomik\u00f3w wierszy oraz\u00a0ksi\u0105\u017cek.<\/li>\n<\/ol>\n<p><strong>\u00a0<\/strong>Zgodnie z\u00a0regulaminem na\u00a0ocen\u0119 recytacji mia\u0142y wp\u0142yw nast\u0119puj\u0105ce elementy: dob\u00f3r repertuaru, stopie\u0144 opanowania tekstu, artystyczna interpretacja utworu, kultura s\u0142owa i\u00a0og\u00f3lne wra\u017cenia artystyczne. Zdaniem jury uczniowie wybrali r\u00f3\u017cnorodny repertuar, zaprezentowali dojrza\u0142e i\u00a0przemy\u015blane interpretacje, wykazali si\u0119 du\u017c\u0105 wra\u017cliwo\u015bci\u0105 na\u00a0poetyckie s\u0142owo.<\/p>\n<p>Decyzj\u0105 jury przyznano nast\u0119puj\u0105ce miejsca:<\/p>\n<p><strong>I\u00a0miejsce<\/strong><\/p>\n<p><strong>Piotr Knapik<\/strong> <strong>\u2013<\/strong> Gimnazjum nr\u00a018 z\u00a0Oddzia\u0142ami Integracyjnymi im.\u00a0Kazimierza Wielkiego w\u00a0Cz\u0119stochowie, wiersz pt.\u00a0\u201eCzas niedoko\u0144czony\u201d.<\/p>\n<p><strong>II miejsce<\/strong><\/p>\n<ol>\n<li><strong>Julia Matuszczyk<\/strong> <strong>\u2013<\/strong> Gimnazjum w\u00a0Zespole Szk\u00f3\u0142 w\u00a0K\u0142omnicach, wiersz pt.\u00a0\u201eO\u00a0firankach w\u00a0stajni\u201d.<\/li>\n<li><strong>Wiktoria Noco\u0144<\/strong> <strong>\u2013<\/strong> Gimnazjum w\u00a0Zespole Szkolno-Przedszkolnym im.\u00a0Jana Kochanowskiego w\u00a0Aleksandrii, wiersz pt.\u00a0\u201eNa Anio\u0142 Str\u00f3\u017c\u201d.<\/li>\n<\/ol>\n<p><strong>III miejsce<\/strong><\/p>\n<ol>\n<li><strong>Beata Ko\u0142odziejczyk<\/strong> <strong>\u2013<\/strong> Publiczne Gimnazjum Stowarzyszenia Przyjaci\u00f3\u0142 Szk\u00f3\u0142 Katolickich im.\u00a0\u015aw. J\u00f3zefa w\u00a0Cz\u0119stochowie, wiersz pt.\u00a0\u201eDzi\u0119kuj\u0119\u201d.<\/li>\n<li><strong>Joanna Migalska<\/strong> <strong>\u2013<\/strong> Gimnazjum w\u00a0Zespole Szkolno-Przedszkolnym w\u00a0Przyrowie, wiersz pt.\u00a0\u201eList do\u00a0Matki Boskiej\u201d.<\/li>\n<li><strong>Paulina Musik<\/strong> <strong>\u2013<\/strong> Gimnazjum w\u00a0Wo\u017anikach, wiersz pt.\u00a0\u201ePowieszony, pomylony\u201d.<\/li>\n<\/ol>\n<p><strong>\u00a0<\/strong>Zwyci\u0119zcy otrzymali nagrody ksi\u0105\u017ckowe ufundowane przez Starost\u0119 Cz\u0119stochowskiego. Na\u00a0zako\u0144czenie konkursu cz\u0119stochowski poeta, Tadeusz Luterek zaprezentowa\u0142 wiersz swojego autorstwa pt.\u00a0\u201eO gorliwo\u015bci\u201d, dedykowany ks.\u00a0Janowi Twardowskiemu oraz\u00a0wr\u0119czy\u0142 laureatom swoje tomiki wierszy.<\/p>\n<p>Wszystkim uczestnikom gratulujemy. Nauczycielom dzi\u0119kujemy za\u00a0przygotowanie uczni\u00f3w do\u00a0udzia\u0142u w\u00a0naszym konkursie.<\/p>\n<p>Inne materia\u0142y dotycz\u0105ce konkursu:<\/p>\n<ul>\n<li><a href=\"http:\/\/www.konopiska.pl\/urzad\/aktualnosci\/idn:1244\/printpage\">http:\/\/www.konopiska.pl\/urzad\/aktualnosci\/idn:1244\/printpage<\/a><br \/>\n<a href=\"http:\/\/powiatczestochowski.pl\/konopiska\/powiatowy-konkurs-recytatorski-poetyckie-krajobrazy-poswiecony-poezji-ks-twardowskiego\/\">http:\/\/powiatczestochowski.pl\/konopiska\/powiatowy-konkurs-recytatorski-poetyckie-krajobrazy-poswiecony-poezji-ks-twardowskiego\/<\/a><\/li>\n<li><a href=\"http:\/\/gimnazjum5.czest.pl\/2016\/10\/20\/powiatowy-konkurs-czytam-wiec\/\">http:\/\/gimnazjum5.czest.pl\/2016\/10\/20\/powiatowy-konkurs-czytam-wiec\/<\/a><\/li>\n<li><a href=\"http:\/\/www.klig.czest.pl\/2016\/10\/konkurs-recytatorski-poetyckie-krajobrazy\/\">http:\/\/www.klig.czest.pl\/2016\/10\/konkurs-recytatorski-poetyckie-krajobrazy\/<\/a><\/li>\n<li><a href=\"http:\/\/niedziela.pl\/artykul\/127998\/nd\/Poetyckie-krajobrazy-ks-Jana\">http:\/\/niedziela.pl\/artykul\/127998\/nd\/Poetyckie-krajobrazy-ks-Jana<\/a><\/li>\n<\/ul>\n<p style=\"text-align: right;\"><strong><em>\u00a0<\/em><\/strong><em>Katarzyna Kucharzewska<\/em><br \/>\n<em>Zdj\u0119cia: Izabela Bajor<br \/>\n<a href=\"https:\/\/pbp.womczest.edu.pl\/new\/galeria\/powiatowy-konkurs-recytatorski-poetyckie-krajobrazy-poswiecony-poezji-ks-jana-twardowskiego-2016-2\/\">galeria<\/a><\/em><\/p>\n","protected":false},"excerpt":{"rendered":"<p>20 pa\u017adziernika 2016 roku w\u00a0Regionalnym O\u015brodku Doskonalenia Nauczycieli \u201eWOM\u201d w\u00a0Cz\u0119stochowie odby\u0142 si\u0119 Powiatowy Konkurs Recytatorski Poetyckie Krajobrazy, po\u015bwi\u0119cony poezji ks.\u00a0Jana Twardowskiego, w\u00a0zwi\u0105zku z\u00a0przypadaj\u0105c\u0105 w\u00a02016 roku 10. rocznic\u0105 \u015bmierci poety. Konkurs adresowany do\u00a0uczni\u00f3w gimnazj\u00f3w miasta Cz\u0119stochowy oraz\u00a0powiatu cz\u0119stochowskiego zorganizowa\u0142a Publiczna Biblioteka Pedagogiczna RODN \u201eWOM\u201d w\u00a0Cz\u0119stochowie. W\u00a0tym roku odby\u0142a si\u0119 sz\u00f3sta edycja konkursu, kt\u00f3ry\u00a0cieszy si\u0119 du\u017cym zainteresowaniem w\u015br\u00f3d gimnazj\u00f3w Cz\u0119stochowy i\u00a0regionu. Honorowy patronat nad\u00a0konkursem obj\u0105\u0142 Pan Andrzej Kwapisz, Starosta Cz\u0119stochowski oraz\u00a0Pani Lidia<span class=\"ellipsis\">&hellip;<\/span><\/p>\n<div class=\"read-more\"><a href=\"https:\/\/pbp.womczest.edu.pl\/new\/galeria\/powiatowy-konkurs-recytatorski-poetyckie-krajobrazy-poswiecony-poezji-ks-jana-twardowskiego-2016\/\">Czytaj wi\u0119cej &#8250;<\/a><\/div>\n<p><!-- end of .read-more --><\/p>\n","protected":false},"author":7,"featured_media":0,"parent":2551,"menu_order":0,"comment_status":"closed","ping_status":"closed","template":"","meta":{"footnotes":""},"jetpack_sharing_enabled":true,"jetpack_shortlink":"https:\/\/wp.me\/PgmV4H-2iJ","_links":{"self":[{"href":"https:\/\/pbp.womczest.edu.pl\/new\/wp-json\/wp\/v2\/pages\/8849"}],"collection":[{"href":"https:\/\/pbp.womczest.edu.pl\/new\/wp-json\/wp\/v2\/pages"}],"about":[{"href":"https:\/\/pbp.womczest.edu.pl\/new\/wp-json\/wp\/v2\/types\/page"}],"author":[{"embeddable":true,"href":"https:\/\/pbp.womczest.edu.pl\/new\/wp-json\/wp\/v2\/users\/7"}],"replies":[{"embeddable":true,"href":"https:\/\/pbp.womczest.edu.pl\/new\/wp-json\/wp\/v2\/comments?post=8849"}],"version-history":[{"count":5,"href":"https:\/\/pbp.womczest.edu.pl\/new\/wp-json\/wp\/v2\/pages\/8849\/revisions"}],"predecessor-version":[{"id":9012,"href":"https:\/\/pbp.womczest.edu.pl\/new\/wp-json\/wp\/v2\/pages\/8849\/revisions\/9012"}],"up":[{"embeddable":true,"href":"https:\/\/pbp.womczest.edu.pl\/new\/wp-json\/wp\/v2\/pages\/2551"}],"wp:attachment":[{"href":"https:\/\/pbp.womczest.edu.pl\/new\/wp-json\/wp\/v2\/media?parent=8849"}],"curies":[{"name":"wp","href":"https:\/\/api.w.org\/{rel}","templated":true}]}}