


{"id":8845,"date":"2016-10-31T08:31:37","date_gmt":"2016-10-31T07:31:37","guid":{"rendered":"https:\/\/pbp.womczest.edu.pl\/new\/?page_id=8845"},"modified":"2016-10-31T08:31:37","modified_gmt":"2016-10-31T07:31:37","slug":"dlaczego-warto-czytac-dzieciom-ksiazki","status":"publish","type":"page","link":"https:\/\/pbp.womczest.edu.pl\/new\/dlaczego-warto-czytac-dzieciom-ksiazki\/","title":{"rendered":"Dlaczego warto czyta\u0107 dzieciom ksi\u0105\u017cki?"},"content":{"rendered":"<p>Literacka metafora jest dobrym sposobem na\u00a0rozwi\u0105zywanie wychowawczych dylemat\u00f3w. O\u00a0tym i\u00a0nie tylko by\u0142a mowa podczas spotkania z\u00a0wybitn\u0105 specjalistk\u0105 w\u00a0tej dziedzinie, dr\u00a0El\u017cbiet\u0105 Zubrzyck\u0105.<\/p>\n<p>30 wrze\u015bnia 2016\u00a0r. w\u00a0Auli Forum Regionalnego O\u015brodka Doskonalenia Nauczycieli \u201eWOM\u201d w\u00a0Cz\u0119stochowie odby\u0142o si\u0119 spotkanie \u201eTrudne tematy \u2013 literackie podpowiedzi El\u017cbiety Zubrzyckiej dla rodzic\u00f3w, opiekun\u00f3w i\u00a0nauczycieli\u201d, zorganizowane przez Bibliotek\u0119 Publiczn\u0105 im.\u00a0dr W\u0142adys\u0142awa Biega\u0144skiego w\u00a0Cz\u0119stochowie we\u00a0wsp\u00f3\u0142pracy z\u00a0Publiczn\u0105 Bibliotek\u0105 Pedagogiczn\u0105 RODN \u201eWOM\u201d w\u00a0Cz\u0119stochowie i\u00a0Towarzystwem Przyjaci\u00f3\u0142 Biblioteki Publicznej w\u00a0Cz\u0119stochowie pod\u00a0patronatem Biblioteki \u015al\u0105skiej w\u00a0Katowicach w\u00a0ramach <em>Festiwalu Bajki<\/em>.<\/p>\n<p>W\u00a0imieniu organizator\u00f3w, wszystkich przyby\u0142ych na\u00a0spotkanie, powita\u0142y pani Renata Lipniewska, wicedyrektor RODN \u201eWOM\u201d w\u00a0Cz\u0119stochowie ds.\u00a0bibliotek pedagogicznych, oraz\u00a0pani Irmina M\u0142ynarczyk, pracownik Biblioteki Publicznej im.\u00a0dr W\u0142adys\u0142awa Biega\u0144skiego w\u00a0Cz\u0119stochowie.<\/p>\n<p>Podczas spotkania dr\u00a0Zubrzycka, autorka programu Bezpieczne Dziecko, omawia\u0142a trudne zachowania dzieci i\u00a0m\u0142odzie\u017cy oraz\u00a0dawa\u0142a przyk\u0142ady sposob\u00f3w na\u00a0radzenie sobie z\u00a0tymi problemami. Uczestnicy mogli utwierdzi\u0107 si\u0119 w\u00a0przekonaniu, \u017ce\u00a0warto czyta\u0107 dzieciom ksi\u0105\u017cki, bowiem dzi\u0119ki literaturze w\u00a0atrakcyjny spos\u00f3b mo\u017cna om\u00f3wi\u0107 wiele trudnych sytuacji \u017cyciowych. Literatura pomaga w\u00a0rozmowach czasem bardzo delikatnych i\u00a0kr\u0119puj\u0105cych dziecko. Przedstawione propozycje literatury podawa\u0142y tak\u017ce przyk\u0142ady u\u0142atwiaj\u0105ce takie rozmowy, bowiem opisane w\u00a0nich historie zazwyczaj oparte s\u0105 na\u00a0rzeczywistych wydarzeniach. Pani psycholog zaznaczy\u0142a r\u00f3wnie\u017c, \u017ce\u00a0\u201edzieci wychowywane w\u00a0atmosferze bezpiecze\u0144stwa s\u0105 otwarte i\u00a0pe\u0142ne zaufania do\u00a0doros\u0142ych, kt\u00f3rych\u00a0w\u00a0naturalny spos\u00f3b\u00a0traktuj\u0105 jako swoich sprzymierze\u0144c\u00f3w\u201d. Spotkanie by\u0142o r\u00f3wnie\u017c okazj\u0105 do\u00a0indywidualnych rozm\u00f3w z\u00a0autork\u0105, kt\u00f3ra\u00a0ch\u0119tnie i\u00a0cierpliwie odpowiada\u0142a na\u00a0ka\u017cde nurtuj\u0105ce pytanie. Sympatycznym akcentem spotkania by\u0142a mo\u017cliwo\u015b\u0107 uzyskania dedykacji i\u00a0autografu na\u00a0zakupionych egzemplarzach ksi\u0105\u017cek. Serdecznie dzi\u0119kujemy uczestnikom za\u00a0liczne przybycie a\u00a0szczeg\u00f3lnie dzi\u0119kujemy Pani dr\u00a0El\u017cbiecie Zubrzyckiej za\u00a0po\u015bwi\u0119cony czas i\u00a0interesuj\u0105ce wyst\u0105pienie.<\/p>\n<p>Relacja z\u00a0pozosta\u0142ych wydarze\u0144 w\u00a0ramach <em>Festiwalu Bajki<\/em>:<\/p>\n<p><a href=\"http:\/\/czestochowskie24.pl\/czestochowa\/czestochowski-festiwal-bajki\/\">http:\/\/czestochowskie24.pl\/czestochowa\/czestochowski-festiwal-bajki\/<br \/>\n<\/a><a href=\"http:\/\/www.biblioteka.czest.pl\/wydarzenia\/2016\/festiwal-bajki-znamy-laureat%C3%B3w-konkurs%C3%B3w\">http:\/\/www.biblioteka.czest.pl\/wydarzenia\/2016\/festiwal-bajki-znamy-laureat%C3%B3w-konkurs%C3%B3w<\/a><\/p>\n<p style=\"text-align: right;\"><em>Anna D\u0105browska<\/em><\/p>\n","protected":false},"excerpt":{"rendered":"<p>Literacka metafora jest dobrym sposobem na\u00a0rozwi\u0105zywanie wychowawczych dylemat\u00f3w. O\u00a0tym i\u00a0nie tylko by\u0142a mowa podczas spotkania z\u00a0wybitn\u0105 specjalistk\u0105 w\u00a0tej dziedzinie, dr\u00a0El\u017cbiet\u0105 Zubrzyck\u0105. 30 wrze\u015bnia 2016\u00a0r. w\u00a0Auli Forum Regionalnego O\u015brodka Doskonalenia Nauczycieli \u201eWOM\u201d w\u00a0Cz\u0119stochowie odby\u0142o si\u0119 spotkanie \u201eTrudne tematy \u2013 literackie podpowiedzi El\u017cbiety Zubrzyckiej dla rodzic\u00f3w, opiekun\u00f3w i\u00a0nauczycieli\u201d, zorganizowane przez Bibliotek\u0119 Publiczn\u0105 im.\u00a0dr W\u0142adys\u0142awa Biega\u0144skiego w\u00a0Cz\u0119stochowie we\u00a0wsp\u00f3\u0142pracy z\u00a0Publiczn\u0105 Bibliotek\u0105 Pedagogiczn\u0105 RODN \u201eWOM\u201d w\u00a0Cz\u0119stochowie i\u00a0Towarzystwem Przyjaci\u00f3\u0142 Biblioteki Publicznej w\u00a0Cz\u0119stochowie pod\u00a0patronatem Biblioteki \u015al\u0105skiej w\u00a0Katowicach<span class=\"ellipsis\">&hellip;<\/span><\/p>\n<div class=\"read-more\"><a href=\"https:\/\/pbp.womczest.edu.pl\/new\/dlaczego-warto-czytac-dzieciom-ksiazki\/\">Czytaj wi\u0119cej &#8250;<\/a><\/div>\n<p><!-- end of .read-more --><\/p>\n","protected":false},"author":6,"featured_media":0,"parent":0,"menu_order":0,"comment_status":"closed","ping_status":"closed","template":"","meta":{"footnotes":""},"jetpack_sharing_enabled":true,"jetpack_shortlink":"https:\/\/wp.me\/PgmV4H-2iF","_links":{"self":[{"href":"https:\/\/pbp.womczest.edu.pl\/new\/wp-json\/wp\/v2\/pages\/8845"}],"collection":[{"href":"https:\/\/pbp.womczest.edu.pl\/new\/wp-json\/wp\/v2\/pages"}],"about":[{"href":"https:\/\/pbp.womczest.edu.pl\/new\/wp-json\/wp\/v2\/types\/page"}],"author":[{"embeddable":true,"href":"https:\/\/pbp.womczest.edu.pl\/new\/wp-json\/wp\/v2\/users\/6"}],"replies":[{"embeddable":true,"href":"https:\/\/pbp.womczest.edu.pl\/new\/wp-json\/wp\/v2\/comments?post=8845"}],"version-history":[{"count":1,"href":"https:\/\/pbp.womczest.edu.pl\/new\/wp-json\/wp\/v2\/pages\/8845\/revisions"}],"predecessor-version":[{"id":8846,"href":"https:\/\/pbp.womczest.edu.pl\/new\/wp-json\/wp\/v2\/pages\/8845\/revisions\/8846"}],"wp:attachment":[{"href":"https:\/\/pbp.womczest.edu.pl\/new\/wp-json\/wp\/v2\/media?parent=8845"}],"curies":[{"name":"wp","href":"https:\/\/api.w.org\/{rel}","templated":true}]}}