


{"id":8130,"date":"2016-06-20T13:32:27","date_gmt":"2016-06-20T11:32:27","guid":{"rendered":"https:\/\/pbp.womczest.edu.pl\/new\/?page_id=8130"},"modified":"2023-03-06T14:14:19","modified_gmt":"2023-03-06T13:14:19","slug":"ksiazki-naszych-marzen","status":"publish","type":"page","link":"https:\/\/pbp.womczest.edu.pl\/new\/ksiazki-naszych-marzen\/","title":{"rendered":"Ksi\u0105\u017cki naszych marze\u0144"},"content":{"rendered":"<p style=\"text-align: left;\">Nauczyciele\u00a0 bibliotekarze Publicznej Biblioteki Pedagogicznej RODN \u201eWOM\u201d w Cz\u0119stochowie Filia w Lubli\u0144cu wspieraj\u0105 szko\u0142y podstawowe w realizacji Rz\u0105dowego programu \u201eKsi\u0105\u017cki naszych marze\u0144\u201d, kt\u00f3rego celem jest rozwijanie czytelnictwa w\u015br\u00f3d dzieci i\u00a0m\u0142odzie\u017cy.<\/p>\n<p>W pierwszej po\u0142owie roku szkolnego 2015\/2016 \u00a0przeprowadzono konsultacje ws. zakup\u00f3w ksi\u0105\u017cek do bibliotek szk\u00f3\u0142 podstawowych z terenu powiatu lublinieckiego.<\/p>\n<p>We wsp\u00f3\u0142pracy z tymi plac\u00f3wkami zorganizowano nast\u0119puj\u0105ce imprezy czytelnicze:<\/p>\n<ul>\n<li>inscenizacje teatrzyku kukie\u0142kowego pt. \u201eSmok Wawelski\u201d dla uczni\u00f3w klas I-VI Specjalnego O\u015brodka Szkolno-Wychowawczego w Lubli\u0144cu, dla uczni\u00f3w klas II-III Szko\u0142y Podstawowej im. Jana Paw\u0142a II w Kosz\u0119cinie, dla uczni\u00f3w klas I-II Szko\u0142y Podstawowej nr 3 im. Bohater\u00f3w Westerplatte w Lubli\u0144cu,<\/li>\n<li>spotkanie z wydawc\u0105 i poet\u0105 ziemi lublinieckiej Panem Edwardem Przebieraczem dla uczni\u00f3w klas V Szko\u0142y Podstawowej nr 1 im. Marii Konopnickiej w Lubli\u0144cu,<\/li>\n<li>konkurs : \u201eBa\u015bnie, legendy i podania G\u00f3rnego \u015al\u0105ska\u201d dla uczni\u00f3w klas V szk\u00f3\u0142 podstawowych powiatu lublinieckiego,<\/li>\n<li>przedstawienia teatrzyku Kamishibai i czytanie utwor\u00f3w J. Tuwima (w ramach Mi\u0119dzynarodowego Miesi\u0105ca Bibliotek Szkolnych) dla klas II-III szko\u0142y Podstawowej nr 1 im. Marii Konopnickiej w Lubli\u0144cu.<\/li>\n<\/ul>\n<p>Zorganizowane zaj\u0119cia cieszy\u0142y si\u0119 du\u017cym powodzeniem w\u015br\u00f3d uczni\u00f3w.\u00a0Dzieci ch\u0119tnie uczestniczy\u0142y w zabawach i sprawi\u0142o im to wiele rado\u015bci.<\/p>\n<p>Zapraszamy\u00a0<strong>nauczycieli szk\u00f3\u0142 podstawowych<\/strong> do dalszej wsp\u00f3\u0142pracy\u00a0w ramach\u00a0<em>Rz\u0105dowego programu \u00a0wspierania w 2015 r. organ\u00f3w prowadz\u0105cych szko\u0142y podstawowe i szko\u0142y artystyczne realizuj\u0105ce kszta\u0142cenie og\u00f3lne w zakresie szko\u0142y podstawowej w obszarze rozwijania zainteresowa\u0144 uczni\u00f3w przez promocj\u0119 czytelnictwa w\u015br\u00f3d dzieci i m\u0142odzie\u017cy<\/em> <strong>\u2013 \u201eKsi\u0105\u017cki naszych marze\u0144\u201d<\/strong>\u00a0.<\/p>\n<p style=\"text-align: right;\"><em>Tekst i zdj\u0119cia:\u00a0Ma\u0142gorzata Goinda,<br \/>\nOlimpia Zieli\u0144ska<\/em><\/p>\n<p style=\"text-align: right;\"><a href=\"https:\/\/pbp.womczest.edu.pl\/new\/galeria\/ksiazki-naszych-marzen-lubliniec\/\">galeria<\/a><\/p>\n","protected":false},"excerpt":{"rendered":"<p>Nauczyciele\u00a0 bibliotekarze Publicznej Biblioteki Pedagogicznej RODN \u201eWOM\u201d w Cz\u0119stochowie Filia w Lubli\u0144cu wspieraj\u0105 szko\u0142y podstawowe w realizacji Rz\u0105dowego programu \u201eKsi\u0105\u017cki naszych marze\u0144\u201d, kt\u00f3rego celem jest rozwijanie czytelnictwa w\u015br\u00f3d dzieci i\u00a0m\u0142odzie\u017cy. W pierwszej po\u0142owie roku szkolnego 2015\/2016 \u00a0przeprowadzono konsultacje ws. zakup\u00f3w ksi\u0105\u017cek do bibliotek szk\u00f3\u0142 podstawowych z terenu powiatu lublinieckiego. We wsp\u00f3\u0142pracy z tymi plac\u00f3wkami zorganizowano nast\u0119puj\u0105ce imprezy czytelnicze: inscenizacje teatrzyku kukie\u0142kowego pt. \u201eSmok Wawelski\u201d dla uczni\u00f3w klas I-VI Specjalnego O\u015brodka<span class=\"ellipsis\">&hellip;<\/span><\/p>\n<div class=\"read-more\"><a href=\"https:\/\/pbp.womczest.edu.pl\/new\/ksiazki-naszych-marzen\/\">Czytaj wi\u0119cej &#8250;<\/a><\/div>\n<p><!-- end of .read-more --><\/p>\n","protected":false},"author":4,"featured_media":0,"parent":0,"menu_order":0,"comment_status":"closed","ping_status":"closed","template":"","meta":{"footnotes":""},"jetpack_sharing_enabled":true,"jetpack_shortlink":"https:\/\/wp.me\/PgmV4H-278","_links":{"self":[{"href":"https:\/\/pbp.womczest.edu.pl\/new\/wp-json\/wp\/v2\/pages\/8130"}],"collection":[{"href":"https:\/\/pbp.womczest.edu.pl\/new\/wp-json\/wp\/v2\/pages"}],"about":[{"href":"https:\/\/pbp.womczest.edu.pl\/new\/wp-json\/wp\/v2\/types\/page"}],"author":[{"embeddable":true,"href":"https:\/\/pbp.womczest.edu.pl\/new\/wp-json\/wp\/v2\/users\/4"}],"replies":[{"embeddable":true,"href":"https:\/\/pbp.womczest.edu.pl\/new\/wp-json\/wp\/v2\/comments?post=8130"}],"version-history":[{"count":3,"href":"https:\/\/pbp.womczest.edu.pl\/new\/wp-json\/wp\/v2\/pages\/8130\/revisions"}],"predecessor-version":[{"id":22437,"href":"https:\/\/pbp.womczest.edu.pl\/new\/wp-json\/wp\/v2\/pages\/8130\/revisions\/22437"}],"wp:attachment":[{"href":"https:\/\/pbp.womczest.edu.pl\/new\/wp-json\/wp\/v2\/media?parent=8130"}],"curies":[{"name":"wp","href":"https:\/\/api.w.org\/{rel}","templated":true}]}}