


{"id":8117,"date":"2016-06-20T13:20:38","date_gmt":"2016-06-20T11:20:38","guid":{"rendered":"https:\/\/pbp.womczest.edu.pl\/new\/?page_id=8117"},"modified":"2023-03-06T14:15:00","modified_gmt":"2023-03-06T13:15:00","slug":"ferie-z-ksiazka-i-zabawa_-2016","status":"publish","type":"page","link":"https:\/\/pbp.womczest.edu.pl\/new\/ferie-z-ksiazka-i-zabawa_-2016\/","title":{"rendered":"Ferie z ksi\u0105\u017ck\u0105 i zabaw\u0105"},"content":{"rendered":"<p style=\"text-align: center;\"><a href=\"https:\/\/pbp.womczest.edu.pl\/new\/wp-content\/uploads\/2016\/03\/origami.jpg\"><img decoding=\"async\" loading=\"lazy\" class=\"wp-image-7432 alignleft\" src=\"https:\/\/pbp.womczest.edu.pl\/new\/wp-content\/uploads\/2016\/03\/origami-300x212.jpg\" alt=\"origami\" width=\"200\" height=\"141\" srcset=\"https:\/\/pbp.womczest.edu.pl\/new\/wp-content\/uploads\/2016\/03\/origami-300x212.jpg 300w, https:\/\/pbp.womczest.edu.pl\/new\/wp-content\/uploads\/2016\/03\/origami-100x71.jpg 100w, https:\/\/pbp.womczest.edu.pl\/new\/wp-content\/uploads\/2016\/03\/origami-150x106.jpg 150w, https:\/\/pbp.womczest.edu.pl\/new\/wp-content\/uploads\/2016\/03\/origami-200x141.jpg 200w, https:\/\/pbp.womczest.edu.pl\/new\/wp-content\/uploads\/2016\/03\/origami-450x318.jpg 450w, https:\/\/pbp.womczest.edu.pl\/new\/wp-content\/uploads\/2016\/03\/origami-600x424.jpg 600w, https:\/\/pbp.womczest.edu.pl\/new\/wp-content\/uploads\/2016\/03\/origami.jpg 640w\" sizes=\"(max-width: 200px) 100vw, 200px\" \/><\/a>W czasie ferii zimowych nauczyciele bibliotekarze PBP RODN \u201eWOM\u201d w\u00a0Cz\u0119stochowie Filia w Lubli\u0144cu byli wsp\u00f3\u0142organizatorami spotka\u0144 feryjnych, kt\u00f3re odby\u0142y si\u0119 pod wsp\u00f3lnym has\u0142em <em>Ferie z ksi\u0105\u017ck\u0105 i zabaw\u0105.<\/em><\/p>\n<p>We wsp\u00f3\u0142pracy z nauczycielami Przedszkola Pod D\u0119bem w Kosz\u0119cinie, Zespo\u0142u Szkolno-Przedszkolnego w Glinicy i Specjalnego O\u015brodka Szkolno-Wychowawczego w\u00a0Lubli\u0144cu zorganizowano zaj\u0119cia czytelniczo-plastyczne i kulinarne. Wsp\u00f3lnie czytano opowiadania w teatrze ilustracji \u201eKamishibai\u201d: \u201eGroszek\u201d, \u201eM\u00f3j przyjaciel Kemushi\u201d, \u201eRower Walentynki\u201d i \u201eSzukaj\u0105c Marudka\u201d. Dzieci i m\u0142odzie\u017c z terenu powiatu lublinieckiego uczestniczyli w bajkowym quizie i zabawach muzyczno-ruchowych. Du\u017cym zainteresowaniem cieszy\u0142o si\u0119 tworzenie zabawek origami, malowanie obraz\u00f3w do przeczytanych opowiada\u0144 oraz pieczenie pysznych gofr\u00f3w.<\/p>\n<p>Dzi\u0119kujemy nauczycielom za wsp\u00f3\u0142prac\u0119, uczestnikom za aktywny udzia\u0142 i\u00a0zapraszamy na kolejne spotkania.<\/p>\n<p style=\"text-align: right;\"><em>Tekst i zdj\u0119cia A. Bidzi\u0144ska-Kristof, M. Goinda, O. Zieli\u0144ska<br \/>\n<a href=\"https:\/\/pbp.womczest.edu.pl\/new\/galeria\/ferie-z-ksiazka-i-zabawa-2016-lubliniec\/\">galeria<\/a><\/em><\/p>\n","protected":false},"excerpt":{"rendered":"<p>W czasie ferii zimowych nauczyciele bibliotekarze PBP RODN \u201eWOM\u201d w\u00a0Cz\u0119stochowie Filia w Lubli\u0144cu byli wsp\u00f3\u0142organizatorami spotka\u0144 feryjnych, kt\u00f3re odby\u0142y si\u0119 pod wsp\u00f3lnym has\u0142em Ferie z ksi\u0105\u017ck\u0105 i zabaw\u0105. We wsp\u00f3\u0142pracy z nauczycielami Przedszkola Pod D\u0119bem w Kosz\u0119cinie, Zespo\u0142u Szkolno-Przedszkolnego w Glinicy i Specjalnego O\u015brodka Szkolno-Wychowawczego w\u00a0Lubli\u0144cu zorganizowano zaj\u0119cia czytelniczo-plastyczne i kulinarne. Wsp\u00f3lnie czytano opowiadania w teatrze ilustracji \u201eKamishibai\u201d: \u201eGroszek\u201d, \u201eM\u00f3j przyjaciel Kemushi\u201d, \u201eRower Walentynki\u201d i \u201eSzukaj\u0105c Marudka\u201d. Dzieci i m\u0142odzie\u017c<span class=\"ellipsis\">&hellip;<\/span><\/p>\n<div class=\"read-more\"><a href=\"https:\/\/pbp.womczest.edu.pl\/new\/ferie-z-ksiazka-i-zabawa_-2016\/\">Czytaj wi\u0119cej &#8250;<\/a><\/div>\n<p><!-- end of .read-more --><\/p>\n","protected":false},"author":4,"featured_media":0,"parent":0,"menu_order":0,"comment_status":"closed","ping_status":"closed","template":"","meta":{"footnotes":""},"jetpack_sharing_enabled":true,"jetpack_shortlink":"https:\/\/wp.me\/PgmV4H-26V","_links":{"self":[{"href":"https:\/\/pbp.womczest.edu.pl\/new\/wp-json\/wp\/v2\/pages\/8117"}],"collection":[{"href":"https:\/\/pbp.womczest.edu.pl\/new\/wp-json\/wp\/v2\/pages"}],"about":[{"href":"https:\/\/pbp.womczest.edu.pl\/new\/wp-json\/wp\/v2\/types\/page"}],"author":[{"embeddable":true,"href":"https:\/\/pbp.womczest.edu.pl\/new\/wp-json\/wp\/v2\/users\/4"}],"replies":[{"embeddable":true,"href":"https:\/\/pbp.womczest.edu.pl\/new\/wp-json\/wp\/v2\/comments?post=8117"}],"version-history":[{"count":2,"href":"https:\/\/pbp.womczest.edu.pl\/new\/wp-json\/wp\/v2\/pages\/8117\/revisions"}],"predecessor-version":[{"id":22438,"href":"https:\/\/pbp.womczest.edu.pl\/new\/wp-json\/wp\/v2\/pages\/8117\/revisions\/22438"}],"wp:attachment":[{"href":"https:\/\/pbp.womczest.edu.pl\/new\/wp-json\/wp\/v2\/media?parent=8117"}],"curies":[{"name":"wp","href":"https:\/\/api.w.org\/{rel}","templated":true}]}}