


{"id":8018,"date":"2016-06-08T15:13:09","date_gmt":"2016-06-08T13:13:09","guid":{"rendered":"https:\/\/pbp.womczest.edu.pl\/new\/?page_id=8018"},"modified":"2023-09-18T10:10:18","modified_gmt":"2023-09-18T08:10:18","slug":"webowa-biblioteka-zarzadzanie-oswiata","status":"publish","type":"page","link":"https:\/\/pbp.womczest.edu.pl\/new\/wspomaganie\/oferta-wspomagania\/webowa-biblioteka\/webowa-biblioteka-zarzadzanie-oswiata\/","title":{"rendered":"Webowa biblioteka \u2013 Zarz\u0105dzanie o\u015bwiat\u0105"},"content":{"rendered":"<p>&nbsp;<\/p>\n<ul>\n<li><a href=\"https:\/\/pbp.womczest.edu.pl\/new\/wp-content\/uploads\/2016\/06\/3-spojrzenia-na-szko\u0142.pdf\"><em>3 spojrzenia na szko\u0142\u0119<\/em> &#8211; CC BY<\/a><\/li>\n<li><a href=\"https:\/\/pbp.womczest.edu.pl\/new\/wp-content\/uploads\/2016\/06\/Analiza-zasobow-systemu-doskonalenia-nauczycieli-2015-Stanek.pdf\"><em>Analiza zasob\u00f3w systemu doskonalenia nauczycieli : stan na 2015<\/em> &#8211; CC BY-NA-SA<\/a><\/li>\n<li><a href=\"https:\/\/pbp.womczest.edu.pl\/new\/wp-content\/uploads\/2016\/06\/Co-zmienia-darmowy-podrecznik-w-szko\u0142ach-Raport-KSKL.pdf\"><em>Co zmienia darmowy podr\u0119cznik\u00a0w polskich szko\u0142ach? : g\u0142os \u015brodowisk lokalnych.\u00a0Raport z badania<\/em> &#8211; CC BY<\/a><\/li>\n<li><a href=\"http:\/\/lustrobiblioteki.pl\/wp-content\/uploads\/2020\/08\/Dobre_praktyki_edukacji_zdalnej.pdf\"><em>Dobre praktyki dotycz\u0105ce funkcjonowania jednostek systemu o\u015bwiaty w okresie zapobiegania, przeciwdzia\u0142ania i zwalczania COVID-19<\/em> <\/a>&#8211; MEN<\/li>\n<li><a href=\"https:\/\/pbp.womczest.edu.pl\/new\/wp-content\/uploads\/2019\/05\/dziecko_z_rodziny_migracyjnej_w_systemie_oswiaty_b-skalbania.pdf\"><em>Dziecko z rodziny migracyjnej w systemie o\u015bwiaty : materia\u0142 informacyjny dla dyrektor\u00f3w szk\u00f3\u0142 i rad pedagogicznych<\/em> &#8211; CC BY-NC<\/a><\/li>\n<li><a href=\"https:\/\/szkoladlainnowatora.ceo.org.pl\/wp-content\/uploads\/2022\/09\/Dydaktyka-rozwoju-kompetencji-proinnowacyjnych-.pdf\"><em>Dydaktyka rozwoju kompetencji proinnowacyjnych<\/em> &#8211; CC BY-NC-SA\u00a0<\/a><\/li>\n<li><a href=\"https:\/\/pbp.womczest.edu.pl\/new\/wp-content\/uploads\/2016\/06\/jak-ewaluacja-to-z-klasa.pdf\"><em>Jak ewaluacja, to z klas\u0105! : praktyczny poradnik dla szk\u00f3\u0142 &#8211; CC BY-SA<\/em><\/a><\/li>\n<li><a href=\"https:\/\/pbp.womczest.edu.pl\/new\/wp-content\/uploads\/2020\/02\/jak-organizowac-i-prowadzic-proces-ksztalcenia-i-wychowania-w-szkole-2018-09.pdf\"><em>Jak organizowa\u0107 i prowadzi\u0107 proces kszta\u0142cenia i wychowania w szkole?<\/em> &#8211; CC BY-NC<\/a><\/li>\n<li><a href=\"https:\/\/pbp.womczest.edu.pl\/new\/wp-content\/uploads\/2018\/11\/otwieranie-danych-podrecznik-dobrych-praktyk.pdf\"><em>Otwieranie danych : podr\u0119cznik dobrych praktyk<\/em> &#8211; Ministerstwo Cyfryzacji<\/a><\/li>\n<li><em><a href=\"https:\/\/pbp.womczest.edu.pl\/new\/wp-content\/uploads\/2016\/06\/A.Tomaszewska_Organizacja_ksztalcenia_specjalnego.pdf\">Organizacja kszta\u0142cenia specjalnego wychowank\u00f3w SOSW, SOW i ORW w \u015bwietle<br \/>\nnowych przepis\u00f3w prawa o\u015bwiatowego &#8211; <\/a><\/em><a href=\"https:\/\/pbp.womczest.edu.pl\/new\/wp-content\/uploads\/2016\/06\/A.Tomaszewska_Organizacja_ksztalcenia_specjalnego.pdf\">CC BY-NC<\/a><\/li>\n<li><a href=\"https:\/\/pbp.womczest.edu.pl\/new\/wp-content\/uploads\/2016\/06\/poradnik-mentora.pdf\"><em>Poradnik mentora<\/em> &#8211; CC BY-NC<\/a><\/li>\n<li><a href=\"https:\/\/pbp.womczest.edu.pl\/new\/wp-content\/uploads\/2018\/11\/t.-kaniowska-poradnik-prawny-dyrektora-mow-i-mos.-aktualizacja-zgodna-z-reforma-systemu-oswiaty-w-2017.pdf\"><em>Poradnik prawny dyrektora MOW i MOS : aktualizacja zgodna z reform\u0105 systemu o\u015bwiaty w 2017<\/em> &#8211; CC BY-NC<\/a><\/li>\n<li><a href=\"https:\/\/pbp.womczest.edu.pl\/new\/wp-content\/uploads\/2018\/11\/wieczorek_m_program_wych_prof_krok_po_kroku.pdf\"><em>Program wychowawczo-profilaktyczny szko\u0142y i plac\u00f3wki : krok_po_kroku<\/em> &#8211; CC BY-NC<\/a><\/li>\n<li><a href=\"https:\/\/pbp.womczest.edu.pl\/new\/wp-content\/uploads\/2018\/05\/raport_reforma_edukacji-od_podszewki.pdf\"><em>Raport reforma edukacji od podszewki : raport 2017<\/em><\/a><\/li>\n<li><a href=\"https:\/\/pbp.womczest.edu.pl\/new\/wp-content\/uploads\/2016\/06\/Wspomaganie-plac\u00f3wek-o\u015bwiatowych.pdf\"><em>Wspomaganie plac\u00f3wek o\u015bwiatowych : system interwencji<\/em> &#8211; CC BY-SA<\/a><\/li>\n<li><a href=\"https:\/\/poledialogu.org.pl\/wp-content\/uploads\/2022\/08\/poradnik-wspolpraca-z-organizacjami-spolecznymi-final.pdf\"><em>Wsp\u00f3\u0142praca szk\u00f3\u0142 z organizacjami spo\u0142ecznymi poradnik formalno-prawny<\/em> &#8211; CC BY<\/a><\/li>\n<\/ul>\n<p>&nbsp;<\/p>\n","protected":false},"excerpt":{"rendered":"<p>&nbsp; 3 spojrzenia na szko\u0142\u0119 &#8211; CC BY Analiza zasob\u00f3w systemu doskonalenia nauczycieli : stan na 2015 &#8211; CC BY-NA-SA Co zmienia darmowy podr\u0119cznik\u00a0w polskich szko\u0142ach? : g\u0142os \u015brodowisk lokalnych.\u00a0Raport z badania &#8211; CC BY Dobre praktyki dotycz\u0105ce funkcjonowania jednostek systemu o\u015bwiaty w okresie zapobiegania, przeciwdzia\u0142ania i zwalczania COVID-19 &#8211; MEN Dziecko z rodziny migracyjnej w systemie o\u015bwiaty : materia\u0142 informacyjny dla dyrektor\u00f3w szk\u00f3\u0142 i rad pedagogicznych &#8211; CC BY-NC<span class=\"ellipsis\">&hellip;<\/span><\/p>\n<div class=\"read-more\"><a href=\"https:\/\/pbp.womczest.edu.pl\/new\/wspomaganie\/oferta-wspomagania\/webowa-biblioteka\/webowa-biblioteka-zarzadzanie-oswiata\/\">Czytaj wi\u0119cej &#8250;<\/a><\/div>\n<p><!-- end of .read-more --><\/p>\n","protected":false},"author":2,"featured_media":0,"parent":4331,"menu_order":0,"comment_status":"closed","ping_status":"closed","template":"","meta":{"footnotes":""},"jetpack_sharing_enabled":true,"jetpack_shortlink":"https:\/\/wp.me\/PgmV4H-25k","_links":{"self":[{"href":"https:\/\/pbp.womczest.edu.pl\/new\/wp-json\/wp\/v2\/pages\/8018"}],"collection":[{"href":"https:\/\/pbp.womczest.edu.pl\/new\/wp-json\/wp\/v2\/pages"}],"about":[{"href":"https:\/\/pbp.womczest.edu.pl\/new\/wp-json\/wp\/v2\/types\/page"}],"author":[{"embeddable":true,"href":"https:\/\/pbp.womczest.edu.pl\/new\/wp-json\/wp\/v2\/users\/2"}],"replies":[{"embeddable":true,"href":"https:\/\/pbp.womczest.edu.pl\/new\/wp-json\/wp\/v2\/comments?post=8018"}],"version-history":[{"count":27,"href":"https:\/\/pbp.womczest.edu.pl\/new\/wp-json\/wp\/v2\/pages\/8018\/revisions"}],"predecessor-version":[{"id":23500,"href":"https:\/\/pbp.womczest.edu.pl\/new\/wp-json\/wp\/v2\/pages\/8018\/revisions\/23500"}],"up":[{"embeddable":true,"href":"https:\/\/pbp.womczest.edu.pl\/new\/wp-json\/wp\/v2\/pages\/4331"}],"wp:attachment":[{"href":"https:\/\/pbp.womczest.edu.pl\/new\/wp-json\/wp\/v2\/media?parent=8018"}],"curies":[{"name":"wp","href":"https:\/\/api.w.org\/{rel}","templated":true}]}}

Webowa biblioteka – Zarządzanie oświatą

<p>&nbsp;</p>
<ul>
<li><a href="https://pbp.womczest.edu.pl/new/wp-content/uploads/2016/06/3-spojrzenia-na-szkoł.pdf"><em>3 spojrzenia na szkołę</em> &#8211; CC BY</a></li>
<li><a href="https://pbp.womczest.edu.pl/new/wp-content/uploads/2016/06/Analiza-zasobow-systemu-doskonalenia-nauczycieli-2015-Stanek.pdf"><em>Analiza zasobów systemu doskonalenia nauczycieli : stan na 2015</em> &#8211; CC BY-NA-SA</a></li>
<li><a href="https://pbp.womczest.edu.pl/new/wp-content/uploads/2016/06/Co-zmienia-darmowy-podrecznik-w-szkołach-Raport-KSKL.pdf"><em>Co zmienia darmowy podręcznik w polskich szkołach? : głos środowisk lokalnych. Raport z badania</em> &#8211; CC BY</a></li>
<li><a href="http://lustrobiblioteki.pl/wp-content/uploads/2020/08/Dobre_praktyki_edukacji_zdalnej.pdf"><em>Dobre praktyki dotyczące funkcjonowania jednostek systemu oświaty w okresie zapobiegania, przeciwdziałania i zwalczania COVID-19</em> </a>&#8211; MEN</li>
<li><a href="https://pbp.womczest.edu.pl/new/wp-content/uploads/2019/05/dziecko_z_rodziny_migracyjnej_w_systemie_oswiaty_b-skalbania.pdf"><em>Dziecko z rodziny migracyjnej w systemie oświaty : materiał informacyjny dla dyrektorów szkół i rad pedagogicznych</em> &#8211; CC BY-NC</a></li>
<li><a href="https://szkoladlainnowatora.ceo.org.pl/wp-content/uploads/2022/09/Dydaktyka-rozwoju-kompetencji-proinnowacyjnych-.pdf"><em>Dydaktyka rozwoju kompetencji proinnowacyjnych</em> &#8211; CC BY-NC-SA </a></li>
<li><a href="https://pbp.womczest.edu.pl/new/wp-content/uploads/2016/06/jak-ewaluacja-to-z-klasa.pdf"><em>Jak ewaluacja, to z klasą! : praktyczny poradnik dla szkół &#8211; CC BY-SA</em></a></li>
<li><a href="https://pbp.womczest.edu.pl/new/wp-content/uploads/2020/02/jak-organizowac-i-prowadzic-proces-ksztalcenia-i-wychowania-w-szkole-2018-09.pdf"><em>Jak organizować i prowadzić proces kształcenia i wychowania w szkole?</em> &#8211; CC BY-NC</a></li>
<li><a href="https://pbp.womczest.edu.pl/new/wp-content/uploads/2018/11/otwieranie-danych-podrecznik-dobrych-praktyk.pdf"><em>Otwieranie danych : podręcznik dobrych praktyk</em> &#8211; Ministerstwo Cyfryzacji</a></li>
<li><em><a href="https://pbp.womczest.edu.pl/new/wp-content/uploads/2016/06/A.Tomaszewska_Organizacja_ksztalcenia_specjalnego.pdf">Organizacja kształcenia specjalnego wychowanków SOSW, SOW i ORW w świetle<br />
nowych przepisów prawa oświatowego &#8211; </a></em><a href="https://pbp.womczest.edu.pl/new/wp-content/uploads/2016/06/A.Tomaszewska_Organizacja_ksztalcenia_specjalnego.pdf">CC BY-NC</a></li>
<li><a href="https://pbp.womczest.edu.pl/new/wp-content/uploads/2016/06/poradnik-mentora.pdf"><em>Poradnik mentora</em> &#8211; CC BY-NC</a></li>
<li><a href="https://pbp.womczest.edu.pl/new/wp-content/uploads/2018/11/t.-kaniowska-poradnik-prawny-dyrektora-mow-i-mos.-aktualizacja-zgodna-z-reforma-systemu-oswiaty-w-2017.pdf"><em>Poradnik prawny dyrektora MOW i MOS : aktualizacja zgodna z reformą systemu oświaty w 2017</em> &#8211; CC BY-NC</a></li>
<li><a href="https://pbp.womczest.edu.pl/new/wp-content/uploads/2018/11/wieczorek_m_program_wych_prof_krok_po_kroku.pdf"><em>Program wychowawczo-profilaktyczny szkoły i placówki : krok_po_kroku</em> &#8211; CC BY-NC</a></li>
<li><a href="https://pbp.womczest.edu.pl/new/wp-content/uploads/2018/05/raport_reforma_edukacji-od_podszewki.pdf"><em>Raport reforma edukacji od podszewki : raport 2017</em></a></li>
<li><a href="https://pbp.womczest.edu.pl/new/wp-content/uploads/2016/06/Wspomaganie-placówek-oświatowych.pdf"><em>Wspomaganie placówek oświatowych : system interwencji</em> &#8211; CC BY-SA</a></li>
<li><a href="https://poledialogu.org.pl/wp-content/uploads/2022/08/poradnik-wspolpraca-z-organizacjami-spolecznymi-final.pdf"><em>Współpraca szkół z organizacjami społecznymi poradnik formalno-prawny</em> &#8211; CC BY</a></li>
</ul>
<p>&nbsp;</p>

<p>&nbsp; 3 spojrzenia na szkołę &#8211; CC BY Analiza zasobów systemu doskonalenia nauczycieli : stan na 2015 &#8211; CC BY-NA-SA Co zmienia darmowy podręcznik w polskich szkołach? : głos środowisk lokalnych. Raport z badania &#8211; CC BY Dobre praktyki dotyczące funkcjonowania jednostek systemu oświaty w okresie zapobiegania, przeciwdziałania i zwalczania COVID-19 &#8211; MEN Dziecko z rodziny migracyjnej w systemie oświaty : materiał informacyjny dla dyrektorów szkół i rad pedagogicznych &#8211; CC BY-NC<span class="ellipsis">&hellip;</span></p>
<div class="read-more"><a href="https://pbp.womczest.edu.pl/new/wspomaganie/oferta-wspomagania/webowa-biblioteka/webowa-biblioteka-zarzadzanie-oswiata/">Czytaj więcej &#8250;</a></div>
<p><!-- end of .read-more --></p>
