


{"id":7798,"date":"2016-05-09T12:35:23","date_gmt":"2016-05-09T10:35:23","guid":{"rendered":"https:\/\/pbp.womczest.edu.pl\/new\/?page_id=7798"},"modified":"2017-11-20T13:44:59","modified_gmt":"2017-11-20T12:44:59","slug":"relacja-z-debaty-rola-bibliotek-szkolnych-i-pedagogicznych-w-systemie-oswiaty","status":"publish","type":"page","link":"https:\/\/pbp.womczest.edu.pl\/new\/relacja-z-debaty-rola-bibliotek-szkolnych-i-pedagogicznych-w-systemie-oswiaty\/","title":{"rendered":"Relacja z Debaty &#8222;Rola bibliotek szkolnych i pedagogicznych w systemie o\u015bwiaty\u201d"},"content":{"rendered":"<p><strong>&#8222;Rola bibliotek szkolnych i pedagogicznych w systemie o\u015bwiaty\u201d<\/strong> \u2013 og\u00f3lnopolska konferencja odbywaj\u0105ca si\u0119 w ramach debat o\u015bwiatowych Ministerstwa Edukacji Narodowej ju\u017c za nami. Inicjatorkami i moderatorami debaty byli eksperci dobrych zmian MEN, nauczyciele bibliotekarze Publicznej Biblioteki Pedagogicznej Regionalnego O\u015brodka Doskonalenia Nauczycieli \u201eWOM\u201d w Cz\u0119stochowie oraz cz\u0142onkowie og\u00f3lnopolskiego Serwisu E-pedagogiczna SBP \u2013 Panie: Agata Arkabus i Anna P\u0142usa.<br \/>\n6. maja 2016 r. aula FORUM RODN \u201eWOM\u201d w Cz\u0119stochowie zgromadzi\u0142a prawie stu nauczycieli bibliotekarzy, dyrektor\u00f3w szk\u00f3\u0142 i bibliotek pedagogicznych oraz przedstawicieli organizacji i towarzystw bibliotekarskich z ca\u0142ego kraju. W debacie wzi\u0119\u0142a udzia\u0142 Pani Bo\u017cena Skomorowska \u2013 dyrektor Departamentu Podr\u0119cznik\u00f3w, Program\u00f3w i Innowacji Ministerstwa Edukacji Narodowej w Warszawie.<br \/>\nNa spotkanie sk\u0142ada\u0142y si\u0119 dwa modu\u0142y. W pierwszej cz\u0119\u015bci plenarnej prelegenci zaprezentowali obecna sytuacj\u0119 organizacyjn\u0105 bibliotek szkolnych i pedagogicznych naszego kraju. W swoich wyst\u0105pieniach odnie\u015bli si\u0119 r\u00f3wnie\u017c do problem\u00f3w wsp\u00f3\u0142czesnego bibliotekarstwa. G\u0142os zabrali, wyg\u0142aszaj\u0105c referaty:<br \/>\n&#8211; prof. dr hab. Mariola Antczak, kierownik Katedry Bibliotekoznawstwa i Informacji Naukowej Uniwersytetu \u0141\u00f3dzkiego \u2013 <em>\u201eNowe wyzwania organizacyjno-edukacyjne dla bibliotekarzy bibliotek szkolnych\u201d<\/em>,<br \/>\n&#8211; Agnieszka Pietryka, kierownik Zespo\u0142u Informacji Pedagogicznej O\u015brodka Rozwoju Edukacji w Warszawie \u2013 <em>\u201eNauczycielu, nie jeste\u015b sam! Wsp\u00f3\u0142praca biblioteki szkolnej i pedagogicznej warunkiem skutecznego wspierania pracy szko\u0142y\u201d,<\/em><br \/>\n&#8211; Agnieszka Mi\u015bkiewicz, prezes Towarzystwa Nauczycieli Bibliotekarzy Szk\u00f3\u0142 Polskich oddzia\u0142 w Krakowie \u2013 <em>\u201eBibliotek szkolnych dzi\u015b i jutro\u201d,<\/em><br \/>\n&#8211; El\u017cbieta Mieczkowska, przedstawiciel Konferencji Dyrektor\u00f3w Bibliotek Pedagogicznych \u2013 <em>\u201eBiblioteka pedagogiczna \u2013 sprawdzony partner w edukacji XXI wieku\u201d.<\/em><br \/>\nCz\u0119\u015b\u0107 druga debaty to dyskusja moderowana, dotycz\u0105ca proponowanych zmian w bibliotekach szkolnych i pedagogicznych. Modu\u0142 ten rozpocz\u0105\u0142 si\u0119 om\u00f3wieniem &#8211; przez Panie Agat\u0119 Arkabus i Ann\u0119 P\u0142us\u0119 \u2013 wynik\u00f3w ankiety \u201eRola biblioteka szkolnych i pedagogicznych w systemie o\u015bwiaty\u201d. Zaprezentowana analiza wynik\u00f3w ankiety skierowanej do przedstawicieli \u015brodowisk bibliotek szkolnych i pedagogicznych by\u0142a inspiracj\u0105 do owocnej dyskusji uczestnik\u00f3w spotkania.<br \/>\nZmiany w zapisie Ustawy o systemie o\u015bwiaty, edukacja czytelnicza i medialna w podstawie programowej, standardy pracy biblioteki szkolnej, finanse na infrastruktur\u0119 i sprz\u0119t komputerowy bibliotek, ewidencja podr\u0119cznik\u00f3w, wsp\u00f3\u0142praca biblioteki szkolnej i pedagogicznej to obszary tematyczne, kt\u00f3re stanowi\u0142y przestrze\u0144 merytoryczn\u0105 do dyskusji dla uczestnik\u00f3w debaty.<br \/>\nZgromadzone podczas spotkania wnioski i postulaty zosta\u0142y spisane. Po opracowaniu zostan\u0105 opublikowane na stronie internetowej Publicznej Biblioteki Pedagogicznej RODN \u201eWOM\u201d w Cz\u0119stochowie oraz przes\u0142ane do Ministerstwa Edukacji Narodowej w Warszawie.<\/p>\n<p>Uczestnicy mieli mo\u017cliwo\u015b\u0107 obejrzenie<a href=\"https:\/\/www.youtube.com\/watch?v=9pW7pfnFchY&amp;feature=youtu.be\"> filmu<\/a>, kt\u00f3ry prezentowa\u0142 dzia\u0142ania bibliotek pedagogicznych w zakresie wykorzystywania technologii informacyjno-komunikacyjnych w pracy z uczniem i nauczycielem. Film powsta\u0142 na podstawie materia\u0142\u00f3w przygotowany przez biblioteki pedagogiczne w Cz\u0119stochowie, Toruniu i Elbl\u0105gu.<br \/>\nDzi\u0119kujemy wszystkim uczestnikom debaty za liczny i aktywny udzia\u0142 w spotkaniu.<\/p>\n<p><a href=\"https:\/\/pbp.womczest.edu.pl\/new\/wp-content\/uploads\/2016\/05\/wnioski_MEN_czestochowa.pdf\">Wnioski i postulaty przekazane do Ministerstwa Edukacji Narodowej<\/a><\/p>\n<p><a href=\"https:\/\/pbp.womczest.edu.pl\/new\/wp-content\/uploads\/2016\/05\/odpowied\u017a_men.pdf\">Odpowied\u017a Ministerstwa Edukacji Narodowej na wnioski i postulaty<\/a><\/p>\n<p style=\"text-align: right;\"><em>Anna P\u0142usa<\/em><\/p>\n<p><strong>Materia\u0142y pokonferencyjne:<\/strong><br \/>\n&#8211; prof. dr hab. Mariola Antczak &#8211;<br \/>\n<a href=\"https:\/\/pbp.womczest.edu.pl\/new\/wp-content\/uploads\/2016\/05\/Nowe-wyzwania-edukacyjne-bibliotek-szkolnych.pdf\"><em>Nowe wyzwania edukacyjno-organizacyjne dla bibliotekarzy bibliotek szkolnych<\/em><br \/>\n<\/a><em>&#8211; <\/em>Agnieszka Pietryka<em> &#8211;<br \/>\n<a href=\"https:\/\/pbp.womczest.edu.pl\/new\/wp-content\/uploads\/2016\/05\/Nauczycielu-nie-jeste\u015b-sam.pdf\">Nauczycielu nie jeste\u015b sam!\u00a0Wsp\u00f3\u0142praca biblioteki szkolnej i pedagogicznej warunkiem skutecznego wspierania pracy szko\u0142y<br \/>\n<\/a>&#8211; <\/em>Agnieszka Mi\u015bkiewicz<em> &#8211;<br \/>\n<a href=\"https:\/\/pbp.womczest.edu.pl\/new\/wp-content\/uploads\/2016\/05\/Bibliotek-szkolnych-dzi\u015b-i-jutro.pdf\">Bibliotek szkolnych dzi\u015b i jutro<br \/>\n<\/a>&#8211; <\/em>El\u017cbieta Mieczkowska<em> &#8211;<br \/>\n<a href=\"https:\/\/pbp.womczest.edu.pl\/new\/wp-content\/uploads\/2016\/05\/Biblioteka-pedagogiczna_sprawdzony-partner.pdf\">Biblioteka pedagogiczna_sprawdzony partner\u00a0w edukacji XXI wieku<br \/>\n<\/a>&#8211; <\/em>Agata Arkabus, Anna P\u0142usa<em> &#8211;<br \/>\n<a href=\"https:\/\/pbp.womczest.edu.pl\/new\/wp-content\/uploads\/2016\/05\/debata_rola-bibliotek.pdf\">Analiza ankiety &#8222;Rola bibliotek szkolnych i pedagogicznych w systemie o\u015bwiaty&#8221;<\/a><a href=\"https:\/\/pbp.womczest.edu.pl\/new\/wp-content\/uploads\/2016\/05\/Biblioteka-pedagogiczna_sprawdzony-partner.pdf\"><br \/>\n<\/a><\/em><\/p>\n<p style=\"text-align: right;\"><em> fot: Izabela Bajor, Marta Ma\u0142ek<br \/>\n<a href=\"https:\/\/pbp.womczest.edu.pl\/new\/galeria\/debata-rola-bibliotek-szkolnych-i-pedagogicznych-w-systemie-oswiaty-2016-relacja\/\">galeria<\/a><br \/>\n<\/em><\/p>\n","protected":false},"excerpt":{"rendered":"<p>&#8222;Rola bibliotek szkolnych i pedagogicznych w systemie o\u015bwiaty\u201d \u2013 og\u00f3lnopolska konferencja odbywaj\u0105ca si\u0119 w ramach debat o\u015bwiatowych Ministerstwa Edukacji Narodowej ju\u017c za nami. Inicjatorkami i moderatorami debaty byli eksperci dobrych zmian MEN, nauczyciele bibliotekarze Publicznej Biblioteki Pedagogicznej Regionalnego O\u015brodka Doskonalenia Nauczycieli \u201eWOM\u201d w Cz\u0119stochowie oraz cz\u0142onkowie og\u00f3lnopolskiego Serwisu E-pedagogiczna SBP \u2013 Panie: Agata Arkabus i Anna P\u0142usa. 6. maja 2016 r. aula FORUM RODN \u201eWOM\u201d w Cz\u0119stochowie zgromadzi\u0142a prawie stu<span class=\"ellipsis\">&hellip;<\/span><\/p>\n<div class=\"read-more\"><a href=\"https:\/\/pbp.womczest.edu.pl\/new\/relacja-z-debaty-rola-bibliotek-szkolnych-i-pedagogicznych-w-systemie-oswiaty\/\">Czytaj wi\u0119cej &#8250;<\/a><\/div>\n<p><!-- end of .read-more --><\/p>\n","protected":false},"author":6,"featured_media":0,"parent":0,"menu_order":0,"comment_status":"closed","ping_status":"closed","template":"","meta":{"footnotes":""},"jetpack_sharing_enabled":true,"jetpack_shortlink":"https:\/\/wp.me\/PgmV4H-21M","_links":{"self":[{"href":"https:\/\/pbp.womczest.edu.pl\/new\/wp-json\/wp\/v2\/pages\/7798"}],"collection":[{"href":"https:\/\/pbp.womczest.edu.pl\/new\/wp-json\/wp\/v2\/pages"}],"about":[{"href":"https:\/\/pbp.womczest.edu.pl\/new\/wp-json\/wp\/v2\/types\/page"}],"author":[{"embeddable":true,"href":"https:\/\/pbp.womczest.edu.pl\/new\/wp-json\/wp\/v2\/users\/6"}],"replies":[{"embeddable":true,"href":"https:\/\/pbp.womczest.edu.pl\/new\/wp-json\/wp\/v2\/comments?post=7798"}],"version-history":[{"count":15,"href":"https:\/\/pbp.womczest.edu.pl\/new\/wp-json\/wp\/v2\/pages\/7798\/revisions"}],"predecessor-version":[{"id":10938,"href":"https:\/\/pbp.womczest.edu.pl\/new\/wp-json\/wp\/v2\/pages\/7798\/revisions\/10938"}],"wp:attachment":[{"href":"https:\/\/pbp.womczest.edu.pl\/new\/wp-json\/wp\/v2\/media?parent=7798"}],"curies":[{"name":"wp","href":"https:\/\/api.w.org\/{rel}","templated":true}]}}