


{"id":7794,"date":"2016-05-09T11:32:28","date_gmt":"2016-05-09T09:32:28","guid":{"rendered":"https:\/\/pbp.womczest.edu.pl\/new\/?page_id=7794"},"modified":"2016-05-09T11:32:28","modified_gmt":"2016-05-09T09:32:28","slug":"final-powiatowego-konkursu-literackiego-w-pustyni-i-w-puszczy-co-bylo-dalej-relacja","status":"publish","type":"page","link":"https:\/\/pbp.womczest.edu.pl\/new\/final-powiatowego-konkursu-literackiego-w-pustyni-i-w-puszczy-co-bylo-dalej-relacja\/","title":{"rendered":"Fina\u0142 Powiatowego Konkursu Literackiego &#8222;W pustyni i w puszczy \u2013 co by\u0142o dalej\u2026&#8221; &#8211; relacja"},"content":{"rendered":"<p>20 kwietnia 2016 o godz. 16.00 w Auli FORUM RODN \u201eWOM\u201d w Cz\u0119stochowie odby\u0142 si\u0119 fina\u0142 Powiatowego Konkursu Literackiego <em>W pustyni i w puszczy \u2013 co by\u0142o dalej\u2026<\/em><br \/>\nKonkurs, kt\u00f3rego organizatorami byli Szko\u0142a Podstawowa nr 14 im. Henryka Sienkiewicza w Cz\u0119stochowie oraz Publiczna Biblioteka Pedagogiczna Regionalnego O\u015brodka Doskonalenia Nauczycieli \u201eWOM\u201d w Cz\u0119stochowie zaproponowany zosta\u0142 uczniom klas IV \u2013 VI w zwi\u0105zku z og\u0142oszeniem roku 2016 <em>Rokiem Henryka Sienkiewicza<\/em>. Rozstrzygni\u0119cie i og\u0142oszenie wynik\u00f3w mia\u0142o miejsce w Auli FORUM naszego o\u015brodka.<br \/>\nW konkursie uczestniczy\u0142o 38 uczni\u00f3w szk\u00f3\u0142 powiatu cz\u0119stochowskiego. Celem konkursu by\u0142a popularyzacja czytelnictwa, rozwijanie wyobra\u017ani tw\u00f3rczej uczni\u00f3w oraz upowszechnianie tw\u00f3rczo\u015bci Henryka Sienkiewicza. Podczas uroczysto\u015bci odczytane zosta\u0142y wybrane fragmenty powie\u015bci. Wszyscy uczestnicy otrzymali pami\u0105tkowe dyplomy i upominki, natomiast laureaci konkursu nagrody ksi\u0105\u017ckowe.<br \/>\nW dniach 2-15 kwietnia 2016 roku odbywa\u0142y si\u0119 posiedzenia komisji konkursowej. Bior\u0105c pod uwag\u0119 kreatywno\u015b\u0107 i oryginalno\u015b\u0107 przedstawionej historii, \u015bwiadome i tw\u00f3rcze nawi\u0105zanie do powie\u015bci W pustyni i w puszczy, poprawno\u015b\u0107 stylistyczn\u0105, gramatyczn\u0105, ortograficzn\u0105 i j\u0119zykow\u0105, szczeg\u00f3lne walory artystyczne prac, komisja w sk\u0142adzie: Anna P\u0142usa \u2013 przewodnicz\u0105ca, Izabela Bajor, Justyna Gali\u0144ska, Krzysztof G\u00f3recki, Barbara Witkowska postanowi\u0142a przyzna\u0107:<br \/>\n<strong>Wyr\u00f3\u017cnienie<\/strong><br \/>\nPatrycja P\u0142uska \u2013 uczennica klasy V Szko\u0142y Podstawowej nr 34 im. Aleksandra hr. Fredry w Cz\u0119stochowie. Opiekun: Pani Maria Uflewska<br \/>\nJan Fabrykowski ucze\u0144 klasy IV Zespo\u0142u Szk\u00f3\u0142 im. Kornela Makuszy\u0144skiego w Skrzydlowie. Opiekun: Pani Alina B\u0142aszczyk<br \/>\n<strong>III miejsce<\/strong><br \/>\nKamila Jedynak uczennica Szko\u0142y Podstawowej nr 36 im. Polskich Olimpijczyk\u00f3w w Cz\u0119stochowie. Opiekun: Pani Joanna Siorek<br \/>\nKinga Walencka uczennica Szko\u0142y Podstawowej im. Kornela Makuszy\u0144skiego w Brzyszowie. Opiekun: Pani Halina Wychrystenko<br \/>\n<strong>II miejsce<\/strong><br \/>\nDominika Hasikowska uczennica klasy VI Szko\u0142y Podstawowej w Olbrachcicach. Opiekun: Irena Grzegorczyk<br \/>\nKacper Michalski ucze\u0144 klasy V Szko\u0142y Podstawowej z Oddzia\u0142ami Integracyjnymi nr 53 im. Marii Sk\u0142odowskiej-Curie w Cz\u0119stochowie. Opiekun: Pani Miros\u0142awa Wtorkowska<br \/>\n<strong>I miejsce<\/strong><br \/>\nMagdalena We\u017cgowiec uczennica klasy VI Szko\u0142y Podstawowej nr 31 z Oddzia\u0142ami Integracyjnymi w Cz\u0119stochowie. Opiekun: Pani Ewa Ossowska<\/p>\n<p style=\"text-align: right;\"><em>Izabela Bajor<\/em><br \/>\n<em>fot. Mariusz Trenda<br \/>\n<a href=\"https:\/\/pbp.womczest.edu.pl\/new\/galeria\/final-powiatowego-konkursu-literackiego-co-bylo-dalej\/\">galeria<\/a><\/em><\/p>\n","protected":false},"excerpt":{"rendered":"<p>20 kwietnia 2016 o godz. 16.00 w Auli FORUM RODN \u201eWOM\u201d w Cz\u0119stochowie odby\u0142 si\u0119 fina\u0142 Powiatowego Konkursu Literackiego W pustyni i w puszczy \u2013 co by\u0142o dalej\u2026 Konkurs, kt\u00f3rego organizatorami byli Szko\u0142a Podstawowa nr 14 im. Henryka Sienkiewicza w Cz\u0119stochowie oraz Publiczna Biblioteka Pedagogiczna Regionalnego O\u015brodka Doskonalenia Nauczycieli \u201eWOM\u201d w Cz\u0119stochowie zaproponowany zosta\u0142 uczniom klas IV \u2013 VI w zwi\u0105zku z og\u0142oszeniem roku 2016 Rokiem Henryka Sienkiewicza. Rozstrzygni\u0119cie i<span class=\"ellipsis\">&hellip;<\/span><\/p>\n<div class=\"read-more\"><a href=\"https:\/\/pbp.womczest.edu.pl\/new\/final-powiatowego-konkursu-literackiego-w-pustyni-i-w-puszczy-co-bylo-dalej-relacja\/\">Czytaj wi\u0119cej &#8250;<\/a><\/div>\n<p><!-- end of .read-more --><\/p>\n","protected":false},"author":6,"featured_media":0,"parent":0,"menu_order":0,"comment_status":"closed","ping_status":"closed","template":"","meta":{"footnotes":""},"jetpack_sharing_enabled":true,"jetpack_shortlink":"https:\/\/wp.me\/PgmV4H-21I","_links":{"self":[{"href":"https:\/\/pbp.womczest.edu.pl\/new\/wp-json\/wp\/v2\/pages\/7794"}],"collection":[{"href":"https:\/\/pbp.womczest.edu.pl\/new\/wp-json\/wp\/v2\/pages"}],"about":[{"href":"https:\/\/pbp.womczest.edu.pl\/new\/wp-json\/wp\/v2\/types\/page"}],"author":[{"embeddable":true,"href":"https:\/\/pbp.womczest.edu.pl\/new\/wp-json\/wp\/v2\/users\/6"}],"replies":[{"embeddable":true,"href":"https:\/\/pbp.womczest.edu.pl\/new\/wp-json\/wp\/v2\/comments?post=7794"}],"version-history":[{"count":1,"href":"https:\/\/pbp.womczest.edu.pl\/new\/wp-json\/wp\/v2\/pages\/7794\/revisions"}],"predecessor-version":[{"id":7795,"href":"https:\/\/pbp.womczest.edu.pl\/new\/wp-json\/wp\/v2\/pages\/7794\/revisions\/7795"}],"wp:attachment":[{"href":"https:\/\/pbp.womczest.edu.pl\/new\/wp-json\/wp\/v2\/media?parent=7794"}],"curies":[{"name":"wp","href":"https:\/\/api.w.org\/{rel}","templated":true}]}}