


{"id":7630,"date":"2016-04-11T13:12:41","date_gmt":"2016-04-11T11:12:41","guid":{"rendered":"https:\/\/pbp.womczest.edu.pl\/new\/?page_id=7630"},"modified":"2016-04-11T13:12:41","modified_gmt":"2016-04-11T11:12:41","slug":"basnie-legendy-i-podania-gornego-slaska-edycja-vii","status":"publish","type":"page","link":"https:\/\/pbp.womczest.edu.pl\/new\/kontakt\/lubliniec\/konkursy-filia-lubliniec\/basnie-legendy-i-podania-gornego-slaska-edycja-vii\/","title":{"rendered":"\u201eBa\u015bnie, legendy i podania G\u00f3rnego \u015al\u0105ska\u201d &#8211; edycja VII"},"content":{"rendered":"<p><strong><em>BA\u015aNIE, LEGENDY I PODANIA G\u00d3RNEGO \u015aL\u0104SKA<\/em> &#8211;\u00a0<\/strong><a href=\"https:\/\/pbp.womczest.edu.pl\/new\/wp-content\/uploads\/2015\/09\/ba\u015bnie_logo.png\"><img decoding=\"async\" loading=\"lazy\" class=\"size-full wp-image-6098 alignleft\" src=\"https:\/\/pbp.womczest.edu.pl\/new\/wp-content\/uploads\/2015\/09\/ba\u015bnie_logo.png\" alt=\"ba\u015bnie_logo\" width=\"116\" height=\"190\" srcset=\"https:\/\/pbp.womczest.edu.pl\/new\/wp-content\/uploads\/2015\/09\/ba\u015bnie_logo.png 116w, https:\/\/pbp.womczest.edu.pl\/new\/wp-content\/uploads\/2015\/09\/ba\u015bnie_logo-100x164.png 100w\" sizes=\"(max-width: 116px) 100vw, 116px\" \/><\/a><strong>WYNIKI KONKURSU<\/strong><\/p>\n<p>16 listopada 2015 roku w\u00a0Szkole Podstawowej nr\u00a01 w\u00a0Lubli\u0144cu odby\u0142 si\u0119 fina\u0142 mi\u0119dzyszkolnego konkursu pt.: \u201e<strong>Ba\u015bnie, legendy i\u00a0podania G\u00f3rnego \u015al\u0105ska\u201d<\/strong>, kt\u00f3rego\u00a0organizatorami by\u0142y\u00a0<strong>Publiczna Biblioteka Pedagogiczna Regionalnego O\u015brodka Doskonalenia Nauczycieli \u201eWOM\u201d w\u00a0Cz\u0119stochowie Filia w\u00a0Lubli\u0144cu<\/strong>\u00a0oraz\u00a0<strong>biblioteka Szko\u0142y Podstawowej nr\u00a01 im.\u00a0Marii Konopnickiej w\u00a0Lubli\u0144cu<\/strong>.<\/p>\n<p>Celem konkursu by\u0142o uwra\u017cliwienie dzieci na\u00a0warto\u015b\u0107 dziedzictwa kulturowego w\u0142asnego regionu. Jego adresatami byli uczniowie V klas szk\u00f3\u0142 podstawowych z\u00a0powiatu lublinieckiego. Zadaniem uczestnik\u00f3w by\u0142o zilustrowanie dowolnej ba\u015bni, legendy lub\u00a0podania z\u00a0G\u00f3rnego \u015al\u0105ska.<\/p>\n<p>Konkurs zosta\u0142 zrealizowany w\u00a0ramach programu \u201eKsi\u0105\u017cki naszych marze\u0144\u201d. Pi\u0105toklasi\u015bci poznawali \u015bl\u0105skie legendy dzi\u0119ki ksi\u0119gozbiorom bibliotek szkolnych.<\/p>\n<p>Atrakcj\u0105 spotkania by\u0142o przedstawienie pt.\u00a0\u201e\u0141ap beboka\u201d, przygotowane specjalnie na\u00a0t\u0119 okazj\u0119 przez k\u00f3\u0142ko teatralne \u201eMAKO wzwy\u017c\u201d pod\u00a0kierunkiem Anny Mazur \u2013 nauczycielki Szko\u0142y Podstawowej nr\u00a01 w\u00a0Lubli\u0144cu.<br \/>\nZebrano 51 prac plastycznych, kt\u00f3rych\u00a0autorami by\u0142y dzieci reprezentuj\u0105ce nast\u0119puj\u0105ce plac\u00f3wki o\u015bwiatowe: Publiczna Szko\u0142a Podstawowa im.\u00a0Karola Miarki w\u00a0Kochanowicach, Szko\u0142a Podstawowa nr\u00a01 im.\u00a0Marii Konopnickiej w\u00a0Lubli\u0144cu, Szko\u0142a Podstawowa nr\u00a03 im.\u00a0Bohater\u00f3w Westerplatte w\u00a0Lubli\u0144cu, Szko\u0142a Podstawowa im.\u00a0Tadeusza Ko\u015bciuszki w\u00a0Pawonkowie, Szko\u0142a Podstawowa im.\u00a0Jana Paw\u0142a II w\u00a0Kosz\u0119cinie, Szko\u0142a Podstawowa im.\u00a0Wandy Kawy i\u00a0Bronis\u0142awa Kawy w\u00a0Ko\u015bmidrach.\u00a0Z uwagi na\u00a0bardzo wyr\u00f3wnany poziom, jury przyzna\u0142o:<\/p>\n<p>w\u00a0kategorii prace plastyczne:<br \/>\n<u>I\u00a0miejsce:<br \/>\n<\/u>Ismena Kompa\u0142ka, Szko\u0142a Podstawowa nr\u00a01 w\u00a0Lubli\u0144cu \u2013 legenda \u201eUtopce\u201d<br \/>\nMaik Matusek, Zesp\u00f3\u0142 Szk\u00f3\u0142 w\u00a0Kochanowicach \u2013 legenda \u201eHrabia Ballestrem\u201d<br \/>\nJoanna W\u0105sik, Szko\u0142a Podstawowa nr\u00a01 w\u00a0Lubli\u0144cu \u2013 legenda \u201eSkarbnik duch kopalni\u201d<br \/>\nJulia Wyraz, Szko\u0142a Podstawowa nr\u00a01 w\u00a0Lubli\u0144cu\u00a0<em>\u2013\u00a0<\/em>legenda \u201eSyrenka\u201d<\/p>\n<p><u>II miejsce:<br \/>\n<\/u>Magdalena Tyra\u0142a, Szko\u0142a Podstawowa w\u00a0Pawonkowie \u2013 legenda \u201eTrzeci wymiar\u201d<br \/>\nNatalia Trz\u0119siok, \u00a0Zesp\u00f3\u0142 Szk\u00f3\u0142 w\u00a0Kochanowicach \u2013 legenda \u201e\u015aw. Jan i\u00a0Pawe\u0142 patroni Chwostka\u201d<br \/>\nAnna Moryc, Szko\u0142a Podstawowa nr\u00a01 w\u00a0Lubli\u0144cu \u2013 legenda \u201eUtopce\u201d<\/p>\n<p><u>III miejsce:<br \/>\n<\/u>Szymon Podgrodzki, Szko\u0142a Podstawowa nr\u00a01 w\u00a0Lubli\u0144cu \u2013 legenda \u201eSyrena\u201d<br \/>\nKatarzyna Gw\u00f3\u017ad\u017a, Szko\u0142a Podstawowa nr\u00a01 w\u00a0Lubli\u0144cu \u2013 legenda \u201eUtopce\u201d<\/p>\n<p><u>Wyr\u00f3\u017cnienia:<br \/>\n<\/u>Aleksandra Greupner, Szko\u0142a Podstawowa nr\u00a01 w\u00a0Lubli\u0144cu \u2013 legenda \u201eO Marysi i\u00a0jej cudownych w\u0142osach\u201d<br \/>\nWiktoria Ziaja, Szko\u0142a Podstawowa nr\u00a01 w\u00a0Lubli\u0144cu \u2013 legenda \u201eTa g\u00f3ra jest mi lubsza\u201d<br \/>\nWojciech Kucharski, Szko\u0142a Podstawowa nr\u00a03 w\u00a0Lubli\u0144cu \u2013 legenda \u201eZatopiony klasztor\u201d<\/p>\n<p>w\u00a0kategorii prace przestrzenne:<br \/>\n<u>I\u00a0miejsce:<br \/>\n<\/u>Karina Kompala, Zesp\u00f3\u0142 Szk\u00f3\u0142 w\u00a0Kochanowicach \u2013 legenda \u201eStrachy na\u00a0zamku w\u00a0Kochcicach\u201d<br \/>\nMartyna Cha\u0142at, Szko\u0142a Podstawowa nr\u00a03 w\u00a0Lubli\u0144cu \u2013 legenda \u201eSyrena\u201d<\/p>\n<p><u>Wyr\u00f3\u017cnienie:<br \/>\n<\/u>Tomasz Bojara, Zesp\u00f3\u0142 Szk\u00f3\u0142 w\u00a0Kochanowicach \u2013 legenda \u201eKrzy\u017c przydro\u017cny i\u00a0kaplica Matki Bo\u017cej we\u00a0wsi \u0141ebki\u201d<\/p>\n<p>Laureaci otrzymali dyplomy i\u00a0nagrody ksi\u0105\u017ckowe, kt\u00f3re wr\u0119czy\u0142a Pani Anna Wachowska \u2013 wicedyrektor Szko\u0142y Podstawowej nr\u00a01 im.\u00a0Marii Konopnickiej w\u00a0Lubli\u0144cu.<\/p>\n<p><em>Tekst: Ma\u0142gorzata Goinda,\u00a0El\u017cbieta Kulisz<br \/>\nZdj\u0119cia: Ewa Walasek,\u00a0Anna Bidzi\u0144ska-Kristof<\/em><\/p>\n<style id=\"bwg-style-0\">    #bwg_container1_0 #bwg_container2_0 .bwg-container-0.bwg-standard-thumbnails {      width: 904px;              justify-content: center;        margin:0 auto !important;              background-color: rgba(255, 255, 255, 0.00);            padding-left: 4px;      padding-top: 4px;      max-width: 100%;            }        #bwg_container1_0 #bwg_container2_0 .bwg-container-0.bwg-standard-thumbnails .bwg-item {    justify-content: flex-start;      max-width: 180px;            width: 180px !important;          }    #bwg_container1_0 #bwg_container2_0 .bwg-container-0.bwg-standard-thumbnails .bwg-item a {       margin-right: 4px;       margin-bottom: 4px;    }    #bwg_container1_0 #bwg_container2_0 .bwg-container-0.bwg-standard-thumbnails .bwg-item0 {      padding: 0px;            background-color:rgba(255,255,255, 0.30);      border: 0px none #CCCCCC;      opacity: 1.00;      border-radius: 0;      box-shadow: 0px 0px 0px #888888;    }    #bwg_container1_0 #bwg_container2_0 .bwg-container-0.bwg-standard-thumbnails .bwg-item1 img {      max-height: none;      max-width: none;      padding: 0 !important;    }        @media only screen and (min-width: 480px) {      #bwg_container1_0 #bwg_container2_0 .bwg-container-0.bwg-standard-thumbnails .bwg-item0 {        transition: all 0.3s ease 0s;-webkit-transition: all 0.3s ease 0s;      }      #bwg_container1_0 #bwg_container2_0 .bwg-container-0.bwg-standard-thumbnails .bwg-item0:hover {        -ms-transform: scale(1.1);        -webkit-transform: scale(1.1);        transform: scale(1.1);      }    }          #bwg_container1_0 #bwg_container2_0 .bwg-container-0.bwg-standard-thumbnails .bwg-item1 {      padding-top: 50%;    }        #bwg_container1_0 #bwg_container2_0 .bwg-container-0.bwg-standard-thumbnails .bwg-title2,    #bwg_container1_0 #bwg_container2_0 .bwg-container-0.bwg-standard-thumbnails .bwg-ecommerce2 {      color: #CCCCCC;      font-family: segoe ui;      font-size: 16px;      font-weight: bold;      padding: 2px;      text-shadow: 0px 0px 0px #888888;      max-height: 100%;    }    #bwg_container1_0 #bwg_container2_0 .bwg-container-0.bwg-standard-thumbnails .bwg-thumb-description span {    color: #323A45;    font-family: Ubuntu;    font-size: 12px;    max-height: 100%;    word-wrap: break-word;    }    #bwg_container1_0 #bwg_container2_0 .bwg-container-0.bwg-standard-thumbnails .bwg-play-icon2 {      font-size: 32px;    }    #bwg_container1_0 #bwg_container2_0 .bwg-container-0.bwg-standard-thumbnails .bwg-ecommerce2 {      font-size: 19.2px;      color: #CCCCCC;    }    <\/style>    <div id=\"bwg_container1_0\"         class=\"bwg_container bwg_thumbnail bwg_thumbnails \"         data-right-click-protection=\"0\"         data-bwg=\"0\"         data-scroll=\"0\"         data-gallery-type=\"thumbnails\"         data-gallery-view-type=\"thumbnails\"         data-current-url=\"\/new\/wp-json\/wp\/v2\/pages\/7630\"         data-lightbox-url=\"https:\/\/pbp.womczest.edu.pl\/new\/wp-admin\/admin-ajax.php?action=GalleryBox&#038;current_view=0&#038;gallery_id=49&#038;tag=0&#038;theme_id=1&#038;shortcode_id=80&#038;sort_by=order&#038;order_by=desc&#038;current_url=%2Fnew%2Fwp-json%2Fwp%2Fv2%2Fpages%2F7630\"         data-gallery-id=\"49\"         data-popup-width=\"800\"         data-popup-height=\"500\"         data-is-album=\"gallery\"         data-buttons-position=\"bottom\">      <div id=\"bwg_container2_0\">             <div id=\"ajax_loading_0\" class=\"bwg_loading_div_1\">      <div class=\"bwg_loading_div_2\">        <div class=\"bwg_loading_div_3\">          <div id=\"loading_div_0\" class=\"bwg_spider_ajax_loading\">          <\/div>        <\/div>      <\/div>    <\/div>            <form id=\"gal_front_form_0\"              class=\"bwg-hidden\"              method=\"post\"              action=\"#\"              data-current=\"0\"              data-shortcode-id=\"80\"              data-gallery-type=\"thumbnails\"              data-gallery-id=\"49\"              data-tag=\"0\"              data-album-id=\"0\"              data-theme-id=\"1\"              data-ajax-url=\"https:\/\/pbp.womczest.edu.pl\/new\/wp-admin\/admin-ajax.php?action=bwg_frontend_data\">          <div id=\"bwg_container3_0\" class=\"bwg-background bwg-background-0\">                <div data-max-count=\"5\"         data-thumbnail-width=\"180\"         data-bwg=\"0\"         data-gallery-id=\"49\"         data-lightbox-url=\"https:\/\/pbp.womczest.edu.pl\/new\/wp-admin\/admin-ajax.php?action=GalleryBox&amp;current_view=0&amp;gallery_id=49&amp;tag=0&amp;theme_id=1&amp;shortcode_id=80&amp;sort_by=order&amp;order_by=desc&amp;current_url=%2Fnew%2Fwp-json%2Fwp%2Fv2%2Fpages%2F7630\"         id=\"bwg_thumbnails_0\"         class=\"bwg-container-0 bwg-thumbnails bwg-standard-thumbnails bwg-container bwg-border-box\">            <div class=\"bwg-item\">        <a class=\"bwg-a \"  data-elementor-open-lightbox=\"no\">                <div class=\"bwg-item0 \">          <div class=\"bwg-item1 \">            <div class=\"bwg-item2\">              <img class=\"skip-lazy bwg_standart_thumb_img_0 \"                   data-id=\"792\"                   data-width=\"300.00\"                   data-height=\"216.00\"                   data-src=\"https:\/\/pbp.womczest.edu.pl\/new\/wp-content\/uploads\/photo-gallery\/basnie_lubliniec\/thumb\/DSC00114.JPG\"                   src=\"https:\/\/pbp.womczest.edu.pl\/new\/wp-content\/uploads\/photo-gallery\/basnie_lubliniec\/thumb\/DSC00114.JPG\"                   alt=\"DSC00114\"                   title=\"DSC00114\" \/>            <\/div>            <div class=\"\">                                                      <\/div>          <\/div>        <\/div>                        <\/a>              <\/div>            <div class=\"bwg-item\">        <a class=\"bwg-a \"  data-elementor-open-lightbox=\"no\">                <div class=\"bwg-item0 \">          <div class=\"bwg-item1 \">            <div class=\"bwg-item2\">              <img class=\"skip-lazy bwg_standart_thumb_img_0 \"                   data-id=\"793\"                   data-width=\"300.00\"                   data-height=\"202.00\"                   data-src=\"https:\/\/pbp.womczest.edu.pl\/new\/wp-content\/uploads\/photo-gallery\/basnie_lubliniec\/thumb\/DSC00116.JPG\"                   src=\"https:\/\/pbp.womczest.edu.pl\/new\/wp-content\/uploads\/photo-gallery\/basnie_lubliniec\/thumb\/DSC00116.JPG\"                   alt=\"DSC00116\"                   title=\"DSC00116\" \/>            <\/div>            <div class=\"\">                                                      <\/div>          <\/div>        <\/div>                        <\/a>              <\/div>            <div class=\"bwg-item\">        <a class=\"bwg-a \"  data-elementor-open-lightbox=\"no\">                <div class=\"bwg-item0 \">          <div class=\"bwg-item1 \">            <div class=\"bwg-item2\">              <img class=\"skip-lazy bwg_standart_thumb_img_0 \"                   data-id=\"794\"                   data-width=\"300.00\"                   data-height=\"217.00\"                   data-src=\"https:\/\/pbp.womczest.edu.pl\/new\/wp-content\/uploads\/photo-gallery\/basnie_lubliniec\/thumb\/DSCF0477.JPG\"                   src=\"https:\/\/pbp.womczest.edu.pl\/new\/wp-content\/uploads\/photo-gallery\/basnie_lubliniec\/thumb\/DSCF0477.JPG\"                   alt=\"DSCF0477\"                   title=\"DSCF0477\" \/>            <\/div>            <div class=\"\">                                                      <\/div>          <\/div>        <\/div>                        <\/a>              <\/div>          <\/div>    <style>      \/*pagination styles*\/      #bwg_container1_0 #bwg_container2_0 .tablenav-pages_0 {\t\t\t\ttext-align: center;\t\t\t\tfont-size: 12px;\t\t\t\tfont-family: segoe ui;\t\t\t\tfont-weight: bold;\t\t\t\tcolor: #666666;\t\t\t\tmargin: 6px 0 4px;\t\t\t\tdisplay: block;      }      @media only screen and (max-width : 320px) {      #bwg_container1_0 #bwg_container2_0 .displaying-num_0 {     \t display: none;      }      }      #bwg_container1_0 #bwg_container2_0 .displaying-num_0 {\t\t\t\tfont-size: 12px;\t\t\t\tfont-family: segoe ui;\t\t\t\tfont-weight: bold;\t\t\t\tcolor: #666666;\t\t\t\tmargin-right: 10px;\t\t\t\tvertical-align: middle;      }      #bwg_container1_0 #bwg_container2_0 .paging-input_0 {\t\t\t\tfont-size: 12px;\t\t\t\tfont-family: segoe ui;\t\t\t\tfont-weight: bold;\t\t\t\tcolor: #666666;\t\t\t\tvertical-align: middle;      }      #bwg_container1_0 #bwg_container2_0 .tablenav-pages_0 a.disabled,      #bwg_container1_0 #bwg_container2_0 .tablenav-pages_0 a.disabled:hover,      #bwg_container1_0 #bwg_container2_0 .tablenav-pages_0 a.disabled:focus,\t\t\t#bwg_container1_0 #bwg_container2_0 .tablenav-pages_0 input.bwg_current_page {\t\t\t\tcursor: default;\t\t\t\tcolor: rgba(102, 102, 102, 0.5);      }      #bwg_container1_0 #bwg_container2_0 .tablenav-pages_0 a,      #bwg_container1_0 #bwg_container2_0 .tablenav-pages_0 input.bwg_current_page {\t\t\t\tcursor: pointer;\t\t\t\ttext-align: center;\t\t\t\tfont-size: 12px;\t\t\t\tfont-family: segoe ui;\t\t\t\tfont-weight: bold;\t\t\t\tcolor: #666666;\t\t\t\ttext-decoration: none;\t\t\t\tpadding: 3px 6px;\t\t\t\tmargin: 0;\t\t\t\tborder-radius: 0;\t\t\t\tborder-style: solid;\t\t\t\tborder-width: 1px;\t\t\t\tborder-color: #E3E3E3;\t\t\t\t\t\t\t\tbackground-color: rgba(255, 255, 255, 1.00);\t\t\t\tbox-shadow: 0;\t\t\t\ttransition: all 0.3s ease 0s;-webkit-transition: all 0.3s ease 0s;      }      <\/style>      <span class=\"bwg_nav_cont_0\">              <div class=\"tablenav-pages_0\">                  <\/div>                <input type=\"hidden\" id=\"page_number_0\" name=\"page_number_0\" value=\"1\" \/>      <script type=\"text\/javascript\">        if( jQuery('.bwg_nav_cont_0').length > 1 ) {          jQuery('.bwg_nav_cont_0').first().remove()        }        function spider_page_0(cur, x, y, load_more) {          if (typeof load_more == \"undefined\") {            var load_more = false;          }          if (jQuery(cur).hasClass('disabled')) {            return false;          }          var items_county_0 = 1;          switch (y) {            case 1:              if (x >= items_county_0) {                document.getElementById('page_number_0').value = items_county_0;              }              else {                document.getElementById('page_number_0').value = x + 1;              }              break;            case 2:              document.getElementById('page_number_0').value = items_county_0;              break;            case -1:              if (x == 1) {                document.getElementById('page_number_0').value = 1;              }              else {                document.getElementById('page_number_0').value = x - 1;              }              break;            case -2:              document.getElementById('page_number_0').value = 1;              break;\t\t\t\t\t\tcase 0:              document.getElementById('page_number_0').value = x;              break;            default:              document.getElementById('page_number_0').value = 1;          }          bwg_ajax('gal_front_form_0', '0', 'bwg_thumbnails_0', '0', '', 'gallery', 0, '', '', load_more, '', 1);        }                    jQuery('.first-page-0').on('click', function () {              spider_page_0(this, 1, -2, 'numeric');              return false;            });            jQuery('.prev-page-0').on('click', function () {              spider_page_0(this, 1, -1, 'numeric');              return false;            });            jQuery('.next-page-0').on('click', function () {              spider_page_0(this, 1, 1, 'numeric');              return false;            });            jQuery('.last-page-0').on('click', function () {              spider_page_0(this, 1, 2, 'numeric');              return false;            });        \t\t\t\t\/* Change page on input enter. *\/        function bwg_change_page_0( e, that ) {          if (  e.key == 'Enter' ) {            var to_page = parseInt(jQuery(that).val());            var pages_count = jQuery(that).parents(\".pagination-links\").data(\"pages-count\");            var current_url_param = jQuery(that).attr('data-url-info');            if (to_page > pages_count) {              to_page = 1;            }\t \t\t\t\t\t\t\t\t\t\t\t\tspider_page_0(this, to_page, 0, 'numeric');\t\t\t\t\t\t\treturn false;\t\t\t\t\t\t          }          return true;        }        jQuery('.bwg_load_btn_0').on('click', function () {            spider_page_0(this, 1, 1, true);            return false;        });      <\/script>      <\/span>                <\/div>        <\/form>              <\/div>    <\/div>    <script>      if (document.readyState === 'complete') {        if( typeof bwg_main_ready == 'function' ) {          if ( jQuery(\"#bwg_container1_0\").height() ) {            bwg_main_ready(jQuery(\"#bwg_container1_0\"));          }        }      } else {        document.addEventListener('DOMContentLoaded', function() {          if( typeof bwg_main_ready == 'function' ) {            if ( jQuery(\"#bwg_container1_0\").height() ) {             bwg_main_ready(jQuery(\"#bwg_container1_0\"));            }          }        });      }    <\/script>    \n","protected":false},"excerpt":{"rendered":"<p>BA\u015aNIE, LEGENDY I PODANIA G\u00d3RNEGO \u015aL\u0104SKA &#8211;\u00a0WYNIKI KONKURSU 16 listopada 2015 roku w\u00a0Szkole Podstawowej nr\u00a01 w\u00a0Lubli\u0144cu odby\u0142 si\u0119 fina\u0142 mi\u0119dzyszkolnego konkursu pt.: \u201eBa\u015bnie, legendy i\u00a0podania G\u00f3rnego \u015al\u0105ska\u201d, kt\u00f3rego\u00a0organizatorami by\u0142y\u00a0Publiczna Biblioteka Pedagogiczna Regionalnego O\u015brodka Doskonalenia Nauczycieli \u201eWOM\u201d w\u00a0Cz\u0119stochowie Filia w\u00a0Lubli\u0144cu\u00a0oraz\u00a0biblioteka Szko\u0142y Podstawowej nr\u00a01 im.\u00a0Marii Konopnickiej w\u00a0Lubli\u0144cu. Celem konkursu by\u0142o uwra\u017cliwienie dzieci na\u00a0warto\u015b\u0107 dziedzictwa kulturowego w\u0142asnego regionu. Jego adresatami byli uczniowie V klas szk\u00f3\u0142 podstawowych z\u00a0powiatu lublinieckiego. Zadaniem uczestnik\u00f3w by\u0142o zilustrowanie dowolnej<span class=\"ellipsis\">&hellip;<\/span><\/p>\n<div class=\"read-more\"><a href=\"https:\/\/pbp.womczest.edu.pl\/new\/kontakt\/lubliniec\/konkursy-filia-lubliniec\/basnie-legendy-i-podania-gornego-slaska-edycja-vii\/\">Czytaj wi\u0119cej &#8250;<\/a><\/div>\n<p><!-- end of .read-more --><\/p>\n","protected":false},"author":4,"featured_media":0,"parent":3684,"menu_order":0,"comment_status":"closed","ping_status":"closed","template":"","meta":{"footnotes":""},"jetpack_sharing_enabled":true,"jetpack_shortlink":"https:\/\/wp.me\/PgmV4H-1Z4","_links":{"self":[{"href":"https:\/\/pbp.womczest.edu.pl\/new\/wp-json\/wp\/v2\/pages\/7630"}],"collection":[{"href":"https:\/\/pbp.womczest.edu.pl\/new\/wp-json\/wp\/v2\/pages"}],"about":[{"href":"https:\/\/pbp.womczest.edu.pl\/new\/wp-json\/wp\/v2\/types\/page"}],"author":[{"embeddable":true,"href":"https:\/\/pbp.womczest.edu.pl\/new\/wp-json\/wp\/v2\/users\/4"}],"replies":[{"embeddable":true,"href":"https:\/\/pbp.womczest.edu.pl\/new\/wp-json\/wp\/v2\/comments?post=7630"}],"version-history":[{"count":1,"href":"https:\/\/pbp.womczest.edu.pl\/new\/wp-json\/wp\/v2\/pages\/7630\/revisions"}],"predecessor-version":[{"id":7631,"href":"https:\/\/pbp.womczest.edu.pl\/new\/wp-json\/wp\/v2\/pages\/7630\/revisions\/7631"}],"up":[{"embeddable":true,"href":"https:\/\/pbp.womczest.edu.pl\/new\/wp-json\/wp\/v2\/pages\/3684"}],"wp:attachment":[{"href":"https:\/\/pbp.womczest.edu.pl\/new\/wp-json\/wp\/v2\/media?parent=7630"}],"curies":[{"name":"wp","href":"https:\/\/api.w.org\/{rel}","templated":true}]}}