


{"id":5852,"date":"2015-09-02T13:08:08","date_gmt":"2015-09-02T11:08:08","guid":{"rendered":"https:\/\/pbp.womczest.edu.pl\/new\/?page_id=5852"},"modified":"2015-09-02T13:12:10","modified_gmt":"2015-09-02T11:12:10","slug":"rok-w-bajce-i-legendzie-2","status":"publish","type":"page","link":"https:\/\/pbp.womczest.edu.pl\/new\/edukacja\/projekty-edukacyjne\/rok-w-bajce-i-legendzie-2\/","title":{"rendered":"Rok w bajce i legendzie"},"content":{"rendered":"<p>W roku szkolnym 2014\/2015 zosta\u0142 zrealizowany projekt edukacyjny \u201eRok w bajce i legendzie\u201d, w kt\u00f3rym uczestniczy\u0142y dzieci z Niepublicznego Przedszkola J\u0119zykowego Zgromadzenia Si\u00f3str C\u00f3rek Maryi z Pesche w Cz\u0119stochowie. Celem projektu by\u0142o poznanie bajek, ba\u015bni oraz legend nios\u0105cych przes\u0142anie i m\u0105dro\u015b\u0107 ludow\u0105 przez wychowank\u00f3w przedszkola. Zadaniem nauczycieli by\u0142o r\u00f3wnie\u017c rozbudzanie zainteresowa\u0144 literatur\u0105 i czytelnictwem poprzez obcowanie z ksi\u0105\u017ck\u0105. Ka\u017cde spotkanie utrwala\u0142o znajomo\u015b\u0107 i odr\u00f3\u017cnienie kolor\u00f3w.<\/p>\n<p>Spotkania odbywa\u0142y si\u0119 w Publicznej Bibliotece Pedagogicznej RODN \u201eWOM\u201d w Cz\u0119stochowie oraz plac\u00f3wce przedszkolnej. Ka\u017cde z zaj\u0119\u0107 oparte by\u0142o na tek\u015bcie literackim ilustrowanym obrazem, filmem lub prezentacj\u0105 multimedialn\u0105. Podczas zaj\u0119\u0107 wykorzystywano r\u00f3\u017cne metody i formy pracy, kt\u00f3re wp\u0142ywa\u0142y na wszechstronny rozw\u00f3j dzieci. Nauczyciele wykorzystywali tak\u017ce technologie informacyjno-komunikacyjne, kt\u00f3re uatrakcyjnia\u0142y przekazywanie i przyswajanie przez dzieci wiadomo\u015bci.<\/p>\n<p>Zaj\u0119cia edukacyjne przygotowali nauczyciele bibliotekarze &#8211; Agata Arkabus i Anna P\u0142usa oraz nauczyciele wychowania przedszkolnego &#8211; Agnieszka Rabenda-Luto, Ewa Bednarek, Daria D\u0119bska, Aneta Podsiedlik.<\/p>\n<p>W ramach projektu przeprowadzono nast\u0119puj\u0105ce zaj\u0119cia edukacyjne dla dzieci 3-4 \u2013 letnich oraz 5-6 &#8211; letnich:<\/p>\n<p><em>\u201eCzerwony Kapturek\u201d. Dzie\u0144 koloru czerwonego.<\/em><\/p>\n<p><em>\u201eCalineczka\u201d. Dzie\u0144 koloru r\u00f3\u017cowego.<\/em><\/p>\n<p><em>\u201eKopciuszek\u201d. Dzie\u0144 koloru czarnego.<\/em><\/p>\n<p><em>\u201e\u017bywa woda\u201d. Dzie\u0144 koloru zielonego.<\/em><\/p>\n<p><em>\u201eKr\u00f3lewna \u015anie\u017cka i siedmiu krasnoludk\u00f3w\u201d. Dzie\u0144 koloru niebieskiego.<\/em><\/p>\n<p><em>Spotkanie czytelnicze z okazji Dnia Babci i Dziadka \u201eBajka i legenda \u0142\u0105cz\u0105 pokolenia\u201d.<\/em><\/p>\n<p><em>\u201eStoliczku nakryj si\u0119\u201d. Dzie\u0144 koloru pomara\u0144czowego.<\/em><\/p>\n<p><em>\u201eBrzydkie kacz\u0105tko\u201d. Dzie\u0144 koloru \u017c\u00f3\u0142tego.<\/em><\/p>\n<p>&nbsp;<\/p>\n<p><a href=\"http:\/\/www.przedszkole-jezykowe.com\/galeria-20142015\" target=\"_blank\">Galeria<\/a><\/p>\n<p><a href=\"https:\/\/pbp.womczest.edu.pl\/new\/edukacja\/inne-wydarzenia\/bajka-i-legenda-laczy-pokolenia\/\" target=\"_blank\">Spotkanie czytelnicze &#8222;Rok w bajce i legendzie&#8221;<\/a><\/p>\n<p style=\"text-align: right;\"><em>Agata Arkabus<\/em><\/p>\n","protected":false},"excerpt":{"rendered":"<p>W roku szkolnym 2014\/2015 zosta\u0142 zrealizowany projekt edukacyjny \u201eRok w bajce i legendzie\u201d, w kt\u00f3rym uczestniczy\u0142y dzieci z Niepublicznego Przedszkola J\u0119zykowego Zgromadzenia Si\u00f3str C\u00f3rek Maryi z Pesche w Cz\u0119stochowie. Celem projektu by\u0142o poznanie bajek, ba\u015bni oraz legend nios\u0105cych przes\u0142anie i m\u0105dro\u015b\u0107 ludow\u0105 przez wychowank\u00f3w przedszkola. Zadaniem nauczycieli by\u0142o r\u00f3wnie\u017c rozbudzanie zainteresowa\u0144 literatur\u0105 i czytelnictwem poprzez obcowanie z ksi\u0105\u017ck\u0105. Ka\u017cde spotkanie utrwala\u0142o znajomo\u015b\u0107 i odr\u00f3\u017cnienie kolor\u00f3w. Spotkania odbywa\u0142y si\u0119 w Publicznej<span class=\"ellipsis\">&hellip;<\/span><\/p>\n<div class=\"read-more\"><a href=\"https:\/\/pbp.womczest.edu.pl\/new\/edukacja\/projekty-edukacyjne\/rok-w-bajce-i-legendzie-2\/\">Czytaj wi\u0119cej &#8250;<\/a><\/div>\n<p><!-- end of .read-more --><\/p>\n","protected":false},"author":6,"featured_media":0,"parent":2637,"menu_order":0,"comment_status":"closed","ping_status":"open","template":"","meta":{"footnotes":""},"jetpack_sharing_enabled":true,"jetpack_shortlink":"https:\/\/wp.me\/PgmV4H-1wo","_links":{"self":[{"href":"https:\/\/pbp.womczest.edu.pl\/new\/wp-json\/wp\/v2\/pages\/5852"}],"collection":[{"href":"https:\/\/pbp.womczest.edu.pl\/new\/wp-json\/wp\/v2\/pages"}],"about":[{"href":"https:\/\/pbp.womczest.edu.pl\/new\/wp-json\/wp\/v2\/types\/page"}],"author":[{"embeddable":true,"href":"https:\/\/pbp.womczest.edu.pl\/new\/wp-json\/wp\/v2\/users\/6"}],"replies":[{"embeddable":true,"href":"https:\/\/pbp.womczest.edu.pl\/new\/wp-json\/wp\/v2\/comments?post=5852"}],"version-history":[{"count":4,"href":"https:\/\/pbp.womczest.edu.pl\/new\/wp-json\/wp\/v2\/pages\/5852\/revisions"}],"predecessor-version":[{"id":5859,"href":"https:\/\/pbp.womczest.edu.pl\/new\/wp-json\/wp\/v2\/pages\/5852\/revisions\/5859"}],"up":[{"embeddable":true,"href":"https:\/\/pbp.womczest.edu.pl\/new\/wp-json\/wp\/v2\/pages\/2637"}],"wp:attachment":[{"href":"https:\/\/pbp.womczest.edu.pl\/new\/wp-json\/wp\/v2\/media?parent=5852"}],"curies":[{"name":"wp","href":"https:\/\/api.w.org\/{rel}","templated":true}]}}

<p>W roku szkolnym 2014/2015 został zrealizowany projekt edukacyjny „Rok w bajce i legendzie”, w którym uczestniczyły dzieci z Niepublicznego Przedszkola Językowego Zgromadzenia Sióstr Córek Maryi z Pesche w Częstochowie. Celem projektu było poznanie bajek, baśni oraz legend niosących przesłanie i mądrość ludową przez wychowanków przedszkola. Zadaniem nauczycieli było również rozbudzanie zainteresowań literaturą i czytelnictwem poprzez obcowanie z książką. Każde spotkanie utrwalało znajomość i odróżnienie kolorów.</p>
<p>Spotkania odbywały się w Publicznej Bibliotece Pedagogicznej RODN „WOM” w Częstochowie oraz placówce przedszkolnej. Każde z zajęć oparte było na tekście literackim ilustrowanym obrazem, filmem lub prezentacją multimedialną. Podczas zajęć wykorzystywano różne metody i formy pracy, które wpływały na wszechstronny rozwój dzieci. Nauczyciele wykorzystywali także technologie informacyjno-komunikacyjne, które uatrakcyjniały przekazywanie i przyswajanie przez dzieci wiadomości.</p>
<p>Zajęcia edukacyjne przygotowali nauczyciele bibliotekarze &#8211; Agata Arkabus i Anna Płusa oraz nauczyciele wychowania przedszkolnego &#8211; Agnieszka Rabenda-Luto, Ewa Bednarek, Daria Dębska, Aneta Podsiedlik.</p>
<p>W ramach projektu przeprowadzono następujące zajęcia edukacyjne dla dzieci 3-4 – letnich oraz 5-6 &#8211; letnich:</p>
<p><em>„Czerwony Kapturek”. Dzień koloru czerwonego.</em></p>
<p><em>„Calineczka”. Dzień koloru różowego.</em></p>
<p><em>„Kopciuszek”. Dzień koloru czarnego.</em></p>
<p><em>„Żywa woda”. Dzień koloru zielonego.</em></p>
<p><em>„Królewna Śnieżka i siedmiu krasnoludków”. Dzień koloru niebieskiego.</em></p>
<p><em>Spotkanie czytelnicze z okazji Dnia Babci i Dziadka „Bajka i legenda łączą pokolenia”.</em></p>
<p><em>„Stoliczku nakryj się”. Dzień koloru pomarańczowego.</em></p>
<p><em>„Brzydkie kaczątko”. Dzień koloru żółtego.</em></p>
<p>&nbsp;</p>
<p><a href="http://www.przedszkole-jezykowe.com/galeria-20142015" target="_blank">Galeria</a></p>
<p><a href="https://pbp.womczest.edu.pl/new/edukacja/inne-wydarzenia/bajka-i-legenda-laczy-pokolenia/" target="_blank">Spotkanie czytelnicze &#8222;Rok w bajce i legendzie&#8221;</a></p>
<p style="text-align: right;"><em>Agata Arkabus</em></p>

<p>W roku szkolnym 2014/2015 został zrealizowany projekt edukacyjny „Rok w bajce i legendzie”, w którym uczestniczyły dzieci z Niepublicznego Przedszkola Językowego Zgromadzenia Sióstr Córek Maryi z Pesche w Częstochowie. Celem projektu było poznanie bajek, baśni oraz legend niosących przesłanie i mądrość ludową przez wychowanków przedszkola. Zadaniem nauczycieli było również rozbudzanie zainteresowań literaturą i czytelnictwem poprzez obcowanie z książką. Każde spotkanie utrwalało znajomość i odróżnienie kolorów. Spotkania odbywały się w Publicznej<span class="ellipsis">&hellip;</span></p>
<div class="read-more"><a href="https://pbp.womczest.edu.pl/new/edukacja/projekty-edukacyjne/rok-w-bajce-i-legendzie-2/">Czytaj więcej &#8250;</a></div>
<p><!-- end of .read-more --></p>
