


{"id":5618,"date":"2015-07-10T12:57:42","date_gmt":"2015-07-10T10:57:42","guid":{"rendered":"https:\/\/pbp.womczest.edu.pl\/new\/?page_id=5618"},"modified":"2015-12-11T10:42:33","modified_gmt":"2015-12-11T09:42:33","slug":"projekt-edukacyjny-jak-zmieniala-sie-ksiazka-na-przestrzeni-wiekow","status":"publish","type":"page","link":"https:\/\/pbp.womczest.edu.pl\/new\/projekt-edukacyjny-jak-zmieniala-sie-ksiazka-na-przestrzeni-wiekow\/","title":{"rendered":"Projekt edukacyjny &#8222;Jak zmienia\u0142a si\u0119 ksi\u0105\u017cka na przestrzeni wiek\u00f3w?&#8221;"},"content":{"rendered":"<p>Publiczna Biblioteka Pedagogiczna RODN \u201eWOM\u201d w\u00a0Cz\u0119stochowie we wsp\u00f3\u0142pracy z \u00a0Gimnazjum nr\u00a05 im.\u00a0Miko\u0142aja Reja w\u00a0Cz\u0119stochowie przygotowa\u0142a w roku szkolnym 2014\/2015 projekt edukacyjny pt.\u00a0<em>Jak zmienia\u0142a si\u0119 ksi\u0105\u017cka na przestrzeni wiek\u00f3w?. <\/em>Projekt powsta\u0142 w zwi\u0105zku z\u00a0og\u0142oszeniem roku 2014 <em>Rokiem Czytelnika.<\/em><\/p>\n<p>Opiekunem projektu by\u0142a Pani Alina Grabna \u2013 nauczyciel bibliotekarz. Do\u00a0wsp\u00f3\u0142pracy przy realizacji projektu w\u0142\u0105czyli si\u0119 nauczyciele bibliotekarze z\u00a0 Publicznej Biblioteki Pedagogicznej RODN \u201eWOM\u201d w\u00a0Cz\u0119stochowie: Katarzyna Kucharzewska i Agnieszka Chmielewska. Uczestnikami projektu by\u0142y uczennice klasy II a i II b Gimnazjum nr 5 w Cz\u0119stochowie.<\/p>\n<p>M\u0142odzie\u017c wraz z opiekunem bra\u0142a udzia\u0142 w spotkaniach omawiaj\u0105cych poszczeg\u00f3lne etapy realizacji projektu. Nauczyciele bibliotekarze Publicznej Biblioteki Pedagogicznej w Cz\u0119stochowie przygotowali dla uczni\u00f3w liczne materia\u0142y oraz bibliografi\u0119 dotycz\u0105c\u0105 historii ksi\u0105\u017cki. Uczestnicy projektu wykonali modele ksi\u0105\u017cek z\u00a0r\u00f3\u017cnych materia\u0142\u00f3w, m.in. z papieru, drewna, ozdobione technik\u0105 decoupage\u2019u. Ksi\u0105\u017cki zosta\u0142y podzielone na cztery okresy historyczne: do XV wieku, od XV do XVII wieku, od XVII do\u00a0XIX wieku i od XIX do XXI wieku. W ten spos\u00f3b powsta\u0142y wzory ksi\u0105\u017cek ze staro\u017cytno\u015bci, \u015bredniowiecza, renesansu, \u00a0czas\u00f3w wsp\u00f3\u0142czesnych, r\u00f3\u017cni\u0105ce si\u0119 mi\u0119dzy sob\u0105 wygl\u0105dem, budow\u0105 i funkcj\u0105.<\/p>\n<p style=\"text-align: right;\"><em>Katarzyna Kucharzewska<br \/>\nZdj\u0119cia: Alina Grabna, Agnieszka Chmielewska<br \/>\n<a href=\"https:\/\/pbp.womczest.edu.pl\/new\/projekt-edukacyjny-jak-zmieniala-sie-ksiazka-na-przestrzeni-wiekow-20142015\/\">galeria<\/a><br \/>\n<\/em><\/p>\n<p>&nbsp;<\/p>\n","protected":false},"excerpt":{"rendered":"<p>Publiczna Biblioteka Pedagogiczna RODN \u201eWOM\u201d w\u00a0Cz\u0119stochowie we wsp\u00f3\u0142pracy z \u00a0Gimnazjum nr\u00a05 im.\u00a0Miko\u0142aja Reja w\u00a0Cz\u0119stochowie przygotowa\u0142a w roku szkolnym 2014\/2015 projekt edukacyjny pt.\u00a0Jak zmienia\u0142a si\u0119 ksi\u0105\u017cka na przestrzeni wiek\u00f3w?. Projekt powsta\u0142 w zwi\u0105zku z\u00a0og\u0142oszeniem roku 2014 Rokiem Czytelnika. Opiekunem projektu by\u0142a Pani Alina Grabna \u2013 nauczyciel bibliotekarz. Do\u00a0wsp\u00f3\u0142pracy przy realizacji projektu w\u0142\u0105czyli si\u0119 nauczyciele bibliotekarze z\u00a0 Publicznej Biblioteki Pedagogicznej RODN \u201eWOM\u201d w\u00a0Cz\u0119stochowie: Katarzyna Kucharzewska i Agnieszka Chmielewska. Uczestnikami projektu by\u0142y uczennice<span class=\"ellipsis\">&hellip;<\/span><\/p>\n<div class=\"read-more\"><a href=\"https:\/\/pbp.womczest.edu.pl\/new\/projekt-edukacyjny-jak-zmieniala-sie-ksiazka-na-przestrzeni-wiekow\/\">Czytaj wi\u0119cej &#8250;<\/a><\/div>\n<p><!-- end of .read-more --><\/p>\n","protected":false},"author":6,"featured_media":0,"parent":0,"menu_order":0,"comment_status":"closed","ping_status":"open","template":"","meta":{"footnotes":""},"jetpack_sharing_enabled":true,"jetpack_shortlink":"https:\/\/wp.me\/PgmV4H-1sC","_links":{"self":[{"href":"https:\/\/pbp.womczest.edu.pl\/new\/wp-json\/wp\/v2\/pages\/5618"}],"collection":[{"href":"https:\/\/pbp.womczest.edu.pl\/new\/wp-json\/wp\/v2\/pages"}],"about":[{"href":"https:\/\/pbp.womczest.edu.pl\/new\/wp-json\/wp\/v2\/types\/page"}],"author":[{"embeddable":true,"href":"https:\/\/pbp.womczest.edu.pl\/new\/wp-json\/wp\/v2\/users\/6"}],"replies":[{"embeddable":true,"href":"https:\/\/pbp.womczest.edu.pl\/new\/wp-json\/wp\/v2\/comments?post=5618"}],"version-history":[{"count":10,"href":"https:\/\/pbp.womczest.edu.pl\/new\/wp-json\/wp\/v2\/pages\/5618\/revisions"}],"predecessor-version":[{"id":6993,"href":"https:\/\/pbp.womczest.edu.pl\/new\/wp-json\/wp\/v2\/pages\/5618\/revisions\/6993"}],"wp:attachment":[{"href":"https:\/\/pbp.womczest.edu.pl\/new\/wp-json\/wp\/v2\/media?parent=5618"}],"curies":[{"name":"wp","href":"https:\/\/api.w.org\/{rel}","templated":true}]}}

Projekt edukacyjny &#8222;Jak zmieniała się książka na przestrzeni wieków?&#8221;

<p>Publiczna Biblioteka Pedagogiczna RODN „WOM” w Częstochowie we współpracy z  Gimnazjum nr 5 im. Mikołaja Reja w Częstochowie przygotowała w roku szkolnym 2014/2015 projekt edukacyjny pt. <em>Jak zmieniała się książka na przestrzeni wieków?. </em>Projekt powstał w związku z ogłoszeniem roku 2014 <em>Rokiem Czytelnika.</em></p>
<p>Opiekunem projektu była Pani Alina Grabna – nauczyciel bibliotekarz. Do współpracy przy realizacji projektu włączyli się nauczyciele bibliotekarze z  Publicznej Biblioteki Pedagogicznej RODN „WOM” w Częstochowie: Katarzyna Kucharzewska i Agnieszka Chmielewska. Uczestnikami projektu były uczennice klasy II a i II b Gimnazjum nr 5 w Częstochowie.</p>
<p>Młodzież wraz z opiekunem brała udział w spotkaniach omawiających poszczególne etapy realizacji projektu. Nauczyciele bibliotekarze Publicznej Biblioteki Pedagogicznej w Częstochowie przygotowali dla uczniów liczne materiały oraz bibliografię dotyczącą historii książki. Uczestnicy projektu wykonali modele książek z różnych materiałów, m.in. z papieru, drewna, ozdobione techniką decoupage’u. Książki zostały podzielone na cztery okresy historyczne: do XV wieku, od XV do XVII wieku, od XVII do XIX wieku i od XIX do XXI wieku. W ten sposób powstały wzory książek ze starożytności, średniowiecza, renesansu,  czasów współczesnych, różniące się między sobą wyglądem, budową i funkcją.</p>
<p style="text-align: right;"><em>Katarzyna Kucharzewska<br />
Zdjęcia: Alina Grabna, Agnieszka Chmielewska<br />
<a href="https://pbp.womczest.edu.pl/new/projekt-edukacyjny-jak-zmieniala-sie-ksiazka-na-przestrzeni-wiekow-20142015/">galeria</a><br />
</em></p>
<p>&nbsp;</p>

<p>Publiczna Biblioteka Pedagogiczna RODN „WOM” w Częstochowie we współpracy z  Gimnazjum nr 5 im. Mikołaja Reja w Częstochowie przygotowała w roku szkolnym 2014/2015 projekt edukacyjny pt. Jak zmieniała się książka na przestrzeni wieków?. Projekt powstał w związku z ogłoszeniem roku 2014 Rokiem Czytelnika. Opiekunem projektu była Pani Alina Grabna – nauczyciel bibliotekarz. Do współpracy przy realizacji projektu włączyli się nauczyciele bibliotekarze z  Publicznej Biblioteki Pedagogicznej RODN „WOM” w Częstochowie: Katarzyna Kucharzewska i Agnieszka Chmielewska. Uczestnikami projektu były uczennice<span class="ellipsis">&hellip;</span></p>
<div class="read-more"><a href="https://pbp.womczest.edu.pl/new/projekt-edukacyjny-jak-zmieniala-sie-ksiazka-na-przestrzeni-wiekow/">Czytaj więcej &#8250;</a></div>
<p><!-- end of .read-more --></p>
