


{"id":5571,"date":"2015-07-07T12:58:54","date_gmt":"2015-07-07T10:58:54","guid":{"rendered":"https:\/\/pbp.womczest.edu.pl\/new\/?page_id=5571"},"modified":"2015-08-18T09:39:13","modified_gmt":"2015-08-18T07:39:13","slug":"noc-bibliotek-2015-2","status":"publish","type":"page","link":"https:\/\/pbp.womczest.edu.pl\/new\/edukacja\/inne-wydarzenia\/noc-bibliotek-2015-2\/","title":{"rendered":"Noc Bibliotek 2015"},"content":{"rendered":"<p><strong>\u00a0<a href=\"https:\/\/pbp.womczest.edu.pl\/new\/wp-content\/uploads\/2015\/06\/noc-bibliotek-2015.jpg\"><img decoding=\"async\" loading=\"lazy\" class=\" size-medium wp-image-4904 alignleft\" src=\"https:\/\/pbp.womczest.edu.pl\/new\/wp-content\/uploads\/2015\/06\/noc-bibliotek-2015-215x300.jpg\" alt=\"noc-bibliotek-2015\" width=\"215\" height=\"300\" srcset=\"https:\/\/pbp.womczest.edu.pl\/new\/wp-content\/uploads\/2015\/06\/noc-bibliotek-2015-215x300.jpg 215w, https:\/\/pbp.womczest.edu.pl\/new\/wp-content\/uploads\/2015\/06\/noc-bibliotek-2015-715x1000.jpg 715w, https:\/\/pbp.womczest.edu.pl\/new\/wp-content\/uploads\/2015\/06\/noc-bibliotek-2015-100x140.jpg 100w, https:\/\/pbp.womczest.edu.pl\/new\/wp-content\/uploads\/2015\/06\/noc-bibliotek-2015-150x210.jpg 150w, https:\/\/pbp.womczest.edu.pl\/new\/wp-content\/uploads\/2015\/06\/noc-bibliotek-2015-200x280.jpg 200w, https:\/\/pbp.womczest.edu.pl\/new\/wp-content\/uploads\/2015\/06\/noc-bibliotek-2015-300x419.jpg 300w, https:\/\/pbp.womczest.edu.pl\/new\/wp-content\/uploads\/2015\/06\/noc-bibliotek-2015-450x629.jpg 450w, https:\/\/pbp.womczest.edu.pl\/new\/wp-content\/uploads\/2015\/06\/noc-bibliotek-2015-600x839.jpg 600w, https:\/\/pbp.womczest.edu.pl\/new\/wp-content\/uploads\/2015\/06\/noc-bibliotek-2015-900x1258.jpg 900w\" sizes=\"(max-width: 215px) 100vw, 215px\" \/><\/a> <\/strong>30 maja 2015 r. w godz. 16.00 &#8211; 22.00 w Publicznej Bibliotece Pedagogicznej RODN \u201eWOM\u201d w Cz\u0119stochowie mia\u0142a miejsce wieczorno-nocna DUCHowa uczta promuj\u0105ca czytelnictwo i bibliotek\u0119 jako miejsce, w kt\u00f3rym warto bywa\u0107.<br \/>\nImpreza zorganizowana by\u0142a w ramach pierwszej og\u00f3lnopolskiej akcji Noc Bibliotek.<br \/>\nNa uczestnik\u00f3w spotkania pod has\u0142em <em>W bibliotece (nie) STRASZY<\/em> czeka\u0142o wiele atrakcji nie tylko czytelniczych.<br \/>\nSpotkanie rozpocz\u0119\u0142o si\u0119 malowaniem <strong>STRASZNYCH<\/strong> makija\u017cy i tatua\u017cy.<br \/>\nOficjalne powitanie przez Pani\u0105 wicedyrektor RODN \u201eWOM\u201d ds. bibliotek pedagogicznych mia\u0142o miejsce w Auli Forum plac\u00f3wki. Tam te\u017c poetka, przewodnicz\u0105ca Klubu Literackiego &#8222;Fraszka&#8221;- Pani Olga B\u0105kowska wyrecytowa\u0142a wsp\u00f3lnie z przyby\u0142ymi \u201eLokomotyw\u0119\u201d Juliana Tuwima. Potem nast\u0105pi\u0142a projekcja filmu animowanego dla dzieci \u201eSekret Eleonory\u201d w re\u017cyserii Dominique Monfery, o magii ksi\u0105\u017cek i czytania. Jako biblioteka bior\u0105ca udzia\u0142 w akcji, dzi\u0119ki wsp\u00f3\u0142pracy ze Stowarzyszeniem Nowe Horyzonty, otrzymali\u015bmy bezp\u0142atny dost\u0119p do filmu. Po obejrzeniu filmu dzieci, m\u0142odzie\u017c i doro\u015bli udali si\u0119 na zaj\u0119cia w podgrupach. Doro\u015bli mieli mo\u017cliwo\u015b\u0107 wypo\u017cyczenia <strong>STRASZNIE<\/strong> ciekawej literatury na atrakcyjnych zasadach. W czytelni pracownicy biblioteki przygotowali dla na nich<em> co\u015b dla DUCHA, co\u015b dla cia\u0142a<\/em> \u2013 spotkanie czytelnicze przy <em>ma\u0142ej <strong>CZARNEJ<\/strong><\/em>, kt\u00f3re urozmaica\u0142a poezja Pani Olgi B\u0105kowskiej czytana przez autork\u0119. W sali multimedialnej mo\u017cna by\u0142o obejrze\u0107 i uruchomi\u0107 archiwalne sprz\u0119ty audiowizualne &#8211; pos\u0142ucha\u0107 muzyki z p\u0142yt analogowych, ta\u015bm szpulowych i tp.<br \/>\nDla dzieci i m\u0142odzie\u017cy zorganizowane zosta\u0142y mi\u0119dzy innymi <strong>UPIORNE<\/strong> warsztaty plastyczne, na kt\u00f3rych uczestnicy tworzyli <strong>dobre duchy biblioteki<\/strong> w dowolnej formie. Ponadto odby\u0142y si\u0119 zaj\u0119cia edukacyjne: <em><strong>Poszukiwanie Duszka Ksi\u0105\u017ckouszka<\/strong><\/em>, <em><strong>Duch ksi\u0105\u017cki<\/strong><\/em> \u2013 zaj\u0119cia z tablic\u0105 interaktywn\u0105, <em><strong>Ksi\u0105\u017cka z duchem<\/strong><\/em> \u2013 zaj\u0119cia komputerowe, na kt\u00f3rych ch\u0119tni tworzyli interaktywn\u0105 ksi\u0105\u017ceczk\u0119 w programie Story Jumper.<br \/>\nNa zako\u0144czenie wszyscy zainteresowani (i mali i duzi) zwiedzali bibliotek\u0119 z latarkami. Podczas <strong>P\u00d3\u0141MROCZNEGO<\/strong> spaceru przekonali si\u0119 o tym, \u017ce w bibliotece nie STRASZY, chocia\u017c pojawia\u0142 si\u0119 r\u00f3wnocze\u015bnie zjawiskowy <strong>DUCH STAREJ BIBLIOTEKARKI<\/strong>, kt\u00f3ry od czasu do czasu odwiedza\u0142 poszczeg\u00f3lne pomieszczenia biblioteki.<br \/>\nNocy towarzyszy\u0142a akcja <em>Przynie\u015b ksi\u0105\u017ck\u0119 do biblioteki<\/em>, dzi\u0119ki kt\u00f3rej biblioteka pozyska\u0142a wiele ciekawych pozycji do swoich zbior\u00f3w.<\/p>\n<p style=\"text-align: right;\"><em>Tekst i zdj\u0119cia : Izabela Bajor, Justyna Gali\u0144ska<br \/>\n<\/em><\/p>\n<p style=\"text-align: right;\"><a href=\"https:\/\/pbp.womczest.edu.pl\/new\/galeria\/noc-bibliotek-2015\/\">galeria<\/a><\/p>\n","protected":false},"excerpt":{"rendered":"<p>\u00a0 30 maja 2015 r. w godz. 16.00 &#8211; 22.00 w Publicznej Bibliotece Pedagogicznej RODN \u201eWOM\u201d w Cz\u0119stochowie mia\u0142a miejsce wieczorno-nocna DUCHowa uczta promuj\u0105ca czytelnictwo i bibliotek\u0119 jako miejsce, w kt\u00f3rym warto bywa\u0107. Impreza zorganizowana by\u0142a w ramach pierwszej og\u00f3lnopolskiej akcji Noc Bibliotek. Na uczestnik\u00f3w spotkania pod has\u0142em W bibliotece (nie) STRASZY czeka\u0142o wiele atrakcji nie tylko czytelniczych. Spotkanie rozpocz\u0119\u0142o si\u0119 malowaniem STRASZNYCH makija\u017cy i tatua\u017cy. Oficjalne powitanie przez Pani\u0105<span class=\"ellipsis\">&hellip;<\/span><\/p>\n<div class=\"read-more\"><a href=\"https:\/\/pbp.womczest.edu.pl\/new\/edukacja\/inne-wydarzenia\/noc-bibliotek-2015-2\/\">Czytaj wi\u0119cej &#8250;<\/a><\/div>\n<p><!-- end of .read-more --><\/p>\n","protected":false},"author":6,"featured_media":0,"parent":2651,"menu_order":0,"comment_status":"closed","ping_status":"open","template":"","meta":{"footnotes":""},"jetpack_sharing_enabled":true,"jetpack_shortlink":"https:\/\/wp.me\/PgmV4H-1rR","_links":{"self":[{"href":"https:\/\/pbp.womczest.edu.pl\/new\/wp-json\/wp\/v2\/pages\/5571"}],"collection":[{"href":"https:\/\/pbp.womczest.edu.pl\/new\/wp-json\/wp\/v2\/pages"}],"about":[{"href":"https:\/\/pbp.womczest.edu.pl\/new\/wp-json\/wp\/v2\/types\/page"}],"author":[{"embeddable":true,"href":"https:\/\/pbp.womczest.edu.pl\/new\/wp-json\/wp\/v2\/users\/6"}],"replies":[{"embeddable":true,"href":"https:\/\/pbp.womczest.edu.pl\/new\/wp-json\/wp\/v2\/comments?post=5571"}],"version-history":[{"count":2,"href":"https:\/\/pbp.womczest.edu.pl\/new\/wp-json\/wp\/v2\/pages\/5571\/revisions"}],"predecessor-version":[{"id":5653,"href":"https:\/\/pbp.womczest.edu.pl\/new\/wp-json\/wp\/v2\/pages\/5571\/revisions\/5653"}],"up":[{"embeddable":true,"href":"https:\/\/pbp.womczest.edu.pl\/new\/wp-json\/wp\/v2\/pages\/2651"}],"wp:attachment":[{"href":"https:\/\/pbp.womczest.edu.pl\/new\/wp-json\/wp\/v2\/media?parent=5571"}],"curies":[{"name":"wp","href":"https:\/\/api.w.org\/{rel}","templated":true}]}}