


{"id":5464,"date":"2015-07-02T12:16:48","date_gmt":"2015-07-02T10:16:48","guid":{"rendered":"https:\/\/pbp.womczest.edu.pl\/new\/?page_id=5464"},"modified":"2015-11-25T15:05:22","modified_gmt":"2015-11-25T14:05:22","slug":"swiatowy-dzien-pluszowego-misia-2","status":"publish","type":"page","link":"https:\/\/pbp.womczest.edu.pl\/new\/edukacja\/inne-wydarzenia\/swiatowy-dzien-pluszowego-misia-2\/","title":{"rendered":"\u015awiatowy Dzie\u0144 Pluszowego Misia"},"content":{"rendered":"<p>25. listopada 2014 r. swoje \u015bwi\u0119to obchodzi\u0142 najlepszy przyjaciel dzieci i niezast\u0105piona przytulanka przy zasypianiu \u2013 Pluszowy Mi\u015b. \u015awiatowy Dzie\u0144 Pluszowego Misia mia\u0142 swoje odzwierciedlenie w ofercie edukacyjnej biblioteki skierowanej do dzieci szk\u00f3\u0142 i przedszkoli naszego regionu.\u00a0\u015awi\u0119towali\u015bmy urodziny Pluszowego Misia wsp\u00f3lnie z wychowankami przedszkoli oraz uczniami Cz\u0119stochowy, Lelowa i Myszkowa.<\/p>\n<p>Odwiedzili\u015bmy grup\u0119 dzieci 6-letnich z Zespo\u0142u Szkolno-Przedszkolnego nr 1 w Cz\u0119stochowie. Dzieci zosta\u0142y zapoznane z histori\u0105 pluszowej zabawki. Wszyscy w tym dniu przynie\u015bli swoje ulubione pluszowe misie i przedstawiali je kole\u017cankom i kolegom z grupy. Jednym z zada\u0144 do wykonania by\u0142o odnalezienie swojego misia z zamkni\u0119tymi oczami w\u015br\u00f3d innych misi\u00f3w. Dzieci mia\u0142y r\u00f3wnie\u017c okazj\u0119 wykaza\u0107 si\u0119 wiedz\u0105 na temat nied\u017awiedzi zamieszkuj\u0105cych nasz\u0105 ziemi\u0119. Opisywa\u0142y ich wygl\u0105d, zwyczaje i miejsce zamieszkania. Nast\u0119pnie wys\u0142ucha\u0142y opowie\u015bci, kt\u00f3rych bohaterami by\u0142y dzieci i ich pluszowe maskotki. Czytaniu tekst\u00f3w literackich towarzyszy\u0142 pokaz multimedialny.<\/p>\n<p>Kolejn\u0105 grup\u0105 dzieci, kt\u00f3re uczestniczy\u0142y w zaj\u0119ciach zorganizowanych przez nasz\u0105 plac\u00f3wk\u0119 z okazji obchod\u00f3w \u015bwiatowego dnia pluszowego misia byli wychowankowie Miejskiego Przedszkola nr 42 w Cz\u0119stochowie. Podczas spotkania przedszkolaki pozna\u0142y histori\u0119 powstania opowie\u015bci o Kubusiu Puchatku i Misiu Uszatku. Zaj\u0119cia te by\u0142y tak\u017ce okazj\u0105 do zaprezentowania dzieciom autor\u00f3w znanych im \u201emisiowych\u201d przyg\u00f3d.<\/p>\n<p>Przedszkolaki z Niepublicznego Przedszkola J\u0119zykowego Zgromadzenia Si\u00f3str C\u00f3rek Maryi z Pesche pw. Matki Bo\u017cej Dobrej Rady w Cz\u0119stochowie bra\u0142y udzia\u0142 w zaj\u0119ciach edukacyjnych \u201eBohater mi\u015b \u015bwi\u0119tuje dzi\u015b\u201d. Dzieci pozna\u0142y autor\u00f3w ksi\u0105\u017ckowych misi\u00f3w \u2013 Kubusia Puchatka i Misia Uszatka. Przedszkolaki ogl\u0105da\u0142y ksi\u0105\u017cki oraz czasopisma, kt\u00f3rych bohaterem jest mi\u015b. Podczas zabaw dydaktycznych liczy\u0142y s\u0142oiki miodu oraz rozpoznawa\u0142y przyjaci\u00f3\u0142 Uszatka i Puchatka. Zabawie dzieci \u201eprzygl\u0105da\u0142y\u201d si\u0119 misie, kt\u00f3re dzieci przynios\u0142y ze sob\u0105 na spotkanie.<\/p>\n<p>W Szkole Podstawowej nr 6 w Myszkowie wszystkie dzieci przysz\u0142y do szko\u0142y ze swoimi ulubionymi maskotkami. Uczniowie opowiadali historie zwi\u0105zane z maskotkami oraz prezentowali imiona swoich ulubie\u0144c\u00f3w. Mogli tak\u017ce zobaczy\u0107 na plakatach najs\u0142ynniejsze bajkowe misie \u2013 Kubusia Puchatka, Misia Uszatka, Misia Yogi, Misia Paddington&#8217;a i Gumisie. Dzieci ch\u0119tnie s\u0142ucha\u0142y fragment\u00f3w tekst\u00f3w o misiach, przeczytanych przez pracownika naszej biblioteki. \u015awi\u0119towanie Dnia Misia mia\u0142o na celu popularyzacj\u0119 biblioteki w \u015brodowisku szkolnym, rozwijanie zainteresowa\u0144 czytelniczych oraz integracj\u0119 spo\u0142eczno\u015bci uczniowskiej.<\/p>\n<p>Uroczysto\u015bci odby\u0142y si\u0119 r\u00f3wnie\u017c w szkole podstawowej Zespo\u0142u Szkolno-Przedszkolnego w Lelowie. W rol\u0119 Misia wcieli\u0142 si\u0119 ucze\u0144 klasy VI, kt\u00f3ry witaj\u0105c go\u015bci przybija\u0142 im na d\u0142oniach piecz\u0105tk\u0119 ze swoj\u0105 podobizn\u0105. Dzieci z klas m\u0142odszych powita\u0142y Jubilata, z\u0142o\u017cy\u0142y mu \u017cyczenia urodzinowe oraz wr\u0119czy\u0142y prezent w postaci bary\u0142ki miodu. Du\u017co emocji i zabawy dostarczy\u0142y dzieciom konkurencje: skoki male\u0144stwa, kto szybciej, bez pomocy r\u0105k opr\u00f3\u017cni talerzyk z miodem, uk\u0142adanie puzzli.<\/p>\n<p>Wszystkim zabawom towarzyszy\u0142a mi\u0142a i weso\u0142a atmosfera. \u015awi\u0119towanie Dnia Pluszowego Misia mia\u0142o na celu popularyzacj\u0119 biblioteki w \u015brodowisku szkolnym oraz rozwijanie zainteresowa\u0144 czytelniczych.<\/p>\n<p style=\"text-align: right;\"><em>Anna P\u0142usa<\/em><\/p>\n<p style=\"text-align: right;\"><style id=\"bwg-style-0\">    #bwg_container1_0 #bwg_container2_0 .bwg-container-0.bwg-standard-thumbnails {      width: 904px;              justify-content: center;        margin:0 auto !important;              background-color: rgba(255, 255, 255, 0.00);            padding-left: 4px;      padding-top: 4px;      max-width: 100%;            }        #bwg_container1_0 #bwg_container2_0 .bwg-container-0.bwg-standard-thumbnails .bwg-item {    justify-content: flex-start;      max-width: 180px;            width: 180px !important;          }    #bwg_container1_0 #bwg_container2_0 .bwg-container-0.bwg-standard-thumbnails .bwg-item a {       margin-right: 4px;       margin-bottom: 4px;    }    #bwg_container1_0 #bwg_container2_0 .bwg-container-0.bwg-standard-thumbnails .bwg-item0 {      padding: 0px;            background-color:rgba(255,255,255, 0.30);      border: 0px none #CCCCCC;      opacity: 1.00;      border-radius: 0;      box-shadow: 0px 0px 0px #888888;    }    #bwg_container1_0 #bwg_container2_0 .bwg-container-0.bwg-standard-thumbnails .bwg-item1 img {      max-height: none;      max-width: none;      padding: 0 !important;    }        @media only screen and (min-width: 480px) {      #bwg_container1_0 #bwg_container2_0 .bwg-container-0.bwg-standard-thumbnails .bwg-item0 {        transition: all 0.3s ease 0s;-webkit-transition: all 0.3s ease 0s;      }      #bwg_container1_0 #bwg_container2_0 .bwg-container-0.bwg-standard-thumbnails .bwg-item0:hover {        -ms-transform: scale(1.1);        -webkit-transform: scale(1.1);        transform: scale(1.1);      }    }          #bwg_container1_0 #bwg_container2_0 .bwg-container-0.bwg-standard-thumbnails .bwg-item1 {      padding-top: 50%;    }        #bwg_container1_0 #bwg_container2_0 .bwg-container-0.bwg-standard-thumbnails .bwg-title2,    #bwg_container1_0 #bwg_container2_0 .bwg-container-0.bwg-standard-thumbnails .bwg-ecommerce2 {      color: #CCCCCC;      font-family: segoe ui;      font-size: 16px;      font-weight: bold;      padding: 2px;      text-shadow: 0px 0px 0px #888888;      max-height: 100%;    }    #bwg_container1_0 #bwg_container2_0 .bwg-container-0.bwg-standard-thumbnails .bwg-thumb-description span {    color: #323A45;    font-family: Ubuntu;    font-size: 12px;    max-height: 100%;    word-wrap: break-word;    }    #bwg_container1_0 #bwg_container2_0 .bwg-container-0.bwg-standard-thumbnails .bwg-play-icon2 {      font-size: 32px;    }    #bwg_container1_0 #bwg_container2_0 .bwg-container-0.bwg-standard-thumbnails .bwg-ecommerce2 {      font-size: 19.2px;      color: #CCCCCC;    }    <\/style>    <div id=\"bwg_container1_0\"         class=\"bwg_container bwg_thumbnail bwg_thumbnails \"         data-right-click-protection=\"0\"         data-bwg=\"0\"         data-scroll=\"0\"         data-gallery-type=\"thumbnails\"         data-gallery-view-type=\"thumbnails\"         data-current-url=\"\/new\/wp-json\/wp\/v2\/pages\/5464\"         data-lightbox-url=\"https:\/\/pbp.womczest.edu.pl\/new\/wp-admin\/admin-ajax.php?action=GalleryBox&#038;current_view=0&#038;gallery_id=61&#038;tag=0&#038;theme_id=1&#038;shortcode_id=95&#038;sort_by=order&#038;order_by=desc&#038;current_url=%2Fnew%2Fwp-json%2Fwp%2Fv2%2Fpages%2F5464\"         data-gallery-id=\"61\"         data-popup-width=\"800\"         data-popup-height=\"500\"         data-is-album=\"gallery\"         data-buttons-position=\"bottom\">      <div id=\"bwg_container2_0\">             <div id=\"ajax_loading_0\" class=\"bwg_loading_div_1\">      <div class=\"bwg_loading_div_2\">        <div class=\"bwg_loading_div_3\">          <div id=\"loading_div_0\" class=\"bwg_spider_ajax_loading\">          <\/div>        <\/div>      <\/div>    <\/div>            <form id=\"gal_front_form_0\"              class=\"bwg-hidden\"              method=\"post\"              action=\"#\"              data-current=\"0\"              data-shortcode-id=\"95\"              data-gallery-type=\"thumbnails\"              data-gallery-id=\"61\"              data-tag=\"0\"              data-album-id=\"0\"              data-theme-id=\"1\"              data-ajax-url=\"https:\/\/pbp.womczest.edu.pl\/new\/wp-admin\/admin-ajax.php?action=bwg_frontend_data\">          <div id=\"bwg_container3_0\" class=\"bwg-background bwg-background-0\">                <div data-max-count=\"5\"         data-thumbnail-width=\"180\"         data-bwg=\"0\"         data-gallery-id=\"61\"         data-lightbox-url=\"https:\/\/pbp.womczest.edu.pl\/new\/wp-admin\/admin-ajax.php?action=GalleryBox&amp;current_view=0&amp;gallery_id=61&amp;tag=0&amp;theme_id=1&amp;shortcode_id=95&amp;sort_by=order&amp;order_by=desc&amp;current_url=%2Fnew%2Fwp-json%2Fwp%2Fv2%2Fpages%2F5464\"         id=\"bwg_thumbnails_0\"         class=\"bwg-container-0 bwg-thumbnails bwg-standard-thumbnails bwg-container bwg-border-box\">            <div class=\"bwg-item\">        <a class=\"bwg-a \"  data-elementor-open-lightbox=\"no\">                <div class=\"bwg-item0 \">          <div class=\"bwg-item1 \">            <div class=\"bwg-item2\">              <img class=\"skip-lazy bwg_standart_thumb_img_0 \"                   data-id=\"929\"                   data-width=\"300.00\"                   data-height=\"224.00\"                   data-src=\"https:\/\/pbp.womczest.edu.pl\/new\/wp-content\/uploads\/photo-gallery\/pluszowy_mis\/thumb\/mis1.jpg\"                   src=\"https:\/\/pbp.womczest.edu.pl\/new\/wp-content\/uploads\/photo-gallery\/pluszowy_mis\/thumb\/mis1.jpg\"                   alt=\"mis1\"                   title=\"mis1\" \/>            <\/div>            <div class=\"\">                                                      <\/div>          <\/div>        <\/div>                        <\/a>              <\/div>            <div class=\"bwg-item\">        <a class=\"bwg-a \"  data-elementor-open-lightbox=\"no\">                <div class=\"bwg-item0 \">          <div class=\"bwg-item1 \">            <div class=\"bwg-item2\">              <img class=\"skip-lazy bwg_standart_thumb_img_0 \"                   data-id=\"930\"                   data-width=\"300.00\"                   data-height=\"224.00\"                   data-src=\"https:\/\/pbp.womczest.edu.pl\/new\/wp-content\/uploads\/photo-gallery\/pluszowy_mis\/thumb\/mis2.jpg\"                   src=\"https:\/\/pbp.womczest.edu.pl\/new\/wp-content\/uploads\/photo-gallery\/pluszowy_mis\/thumb\/mis2.jpg\"                   alt=\"mis2\"                   title=\"mis2\" \/>            <\/div>            <div class=\"\">                                                      <\/div>          <\/div>        <\/div>                        <\/a>              <\/div>            <div class=\"bwg-item\">        <a class=\"bwg-a \"  data-elementor-open-lightbox=\"no\">                <div class=\"bwg-item0 \">          <div class=\"bwg-item1 \">            <div class=\"bwg-item2\">              <img class=\"skip-lazy bwg_standart_thumb_img_0 \"                   data-id=\"931\"                   data-width=\"300.00\"                   data-height=\"224.00\"                   data-src=\"https:\/\/pbp.womczest.edu.pl\/new\/wp-content\/uploads\/photo-gallery\/pluszowy_mis\/thumb\/mis3.jpg\"                   src=\"https:\/\/pbp.womczest.edu.pl\/new\/wp-content\/uploads\/photo-gallery\/pluszowy_mis\/thumb\/mis3.jpg\"                   alt=\"mis3\"                   title=\"mis3\" \/>            <\/div>            <div class=\"\">                                                      <\/div>          <\/div>        <\/div>                        <\/a>              <\/div>            <div class=\"bwg-item\">        <a class=\"bwg-a \"  data-elementor-open-lightbox=\"no\">                <div class=\"bwg-item0 \">          <div class=\"bwg-item1 \">            <div class=\"bwg-item2\">              <img class=\"skip-lazy bwg_standart_thumb_img_0 \"                   data-id=\"932\"                   data-width=\"300.00\"                   data-height=\"205.00\"                   data-src=\"https:\/\/pbp.womczest.edu.pl\/new\/wp-content\/uploads\/photo-gallery\/pluszowy_mis\/thumb\/mis4.jpg\"                   src=\"https:\/\/pbp.womczest.edu.pl\/new\/wp-content\/uploads\/photo-gallery\/pluszowy_mis\/thumb\/mis4.jpg\"                   alt=\"mis4\"                   title=\"mis4\" \/>            <\/div>            <div class=\"\">                                                      <\/div>          <\/div>        <\/div>                        <\/a>              <\/div>          <\/div>    <style>      \/*pagination styles*\/      #bwg_container1_0 #bwg_container2_0 .tablenav-pages_0 {\t\t\t\ttext-align: center;\t\t\t\tfont-size: 12px;\t\t\t\tfont-family: segoe ui;\t\t\t\tfont-weight: bold;\t\t\t\tcolor: #666666;\t\t\t\tmargin: 6px 0 4px;\t\t\t\tdisplay: block;      }      @media only screen and (max-width : 320px) {      #bwg_container1_0 #bwg_container2_0 .displaying-num_0 {     \t display: none;      }      }      #bwg_container1_0 #bwg_container2_0 .displaying-num_0 {\t\t\t\tfont-size: 12px;\t\t\t\tfont-family: segoe ui;\t\t\t\tfont-weight: bold;\t\t\t\tcolor: #666666;\t\t\t\tmargin-right: 10px;\t\t\t\tvertical-align: middle;      }      #bwg_container1_0 #bwg_container2_0 .paging-input_0 {\t\t\t\tfont-size: 12px;\t\t\t\tfont-family: segoe ui;\t\t\t\tfont-weight: bold;\t\t\t\tcolor: #666666;\t\t\t\tvertical-align: middle;      }      #bwg_container1_0 #bwg_container2_0 .tablenav-pages_0 a.disabled,      #bwg_container1_0 #bwg_container2_0 .tablenav-pages_0 a.disabled:hover,      #bwg_container1_0 #bwg_container2_0 .tablenav-pages_0 a.disabled:focus,\t\t\t#bwg_container1_0 #bwg_container2_0 .tablenav-pages_0 input.bwg_current_page {\t\t\t\tcursor: default;\t\t\t\tcolor: rgba(102, 102, 102, 0.5);      }      #bwg_container1_0 #bwg_container2_0 .tablenav-pages_0 a,      #bwg_container1_0 #bwg_container2_0 .tablenav-pages_0 input.bwg_current_page {\t\t\t\tcursor: pointer;\t\t\t\ttext-align: center;\t\t\t\tfont-size: 12px;\t\t\t\tfont-family: segoe ui;\t\t\t\tfont-weight: bold;\t\t\t\tcolor: #666666;\t\t\t\ttext-decoration: none;\t\t\t\tpadding: 3px 6px;\t\t\t\tmargin: 0;\t\t\t\tborder-radius: 0;\t\t\t\tborder-style: solid;\t\t\t\tborder-width: 1px;\t\t\t\tborder-color: #E3E3E3;\t\t\t\t\t\t\t\tbackground-color: rgba(255, 255, 255, 1.00);\t\t\t\tbox-shadow: 0;\t\t\t\ttransition: all 0.3s ease 0s;-webkit-transition: all 0.3s ease 0s;      }      <\/style>      <span class=\"bwg_nav_cont_0\">              <div class=\"tablenav-pages_0\">                  <\/div>                <input type=\"hidden\" id=\"page_number_0\" name=\"page_number_0\" value=\"1\" \/>      <script type=\"text\/javascript\">        if( jQuery('.bwg_nav_cont_0').length > 1 ) {          jQuery('.bwg_nav_cont_0').first().remove()        }        function spider_page_0(cur, x, y, load_more) {          if (typeof load_more == \"undefined\") {            var load_more = false;          }          if (jQuery(cur).hasClass('disabled')) {            return false;          }          var items_county_0 = 1;          switch (y) {            case 1:              if (x >= items_county_0) {                document.getElementById('page_number_0').value = items_county_0;              }              else {                document.getElementById('page_number_0').value = x + 1;              }              break;            case 2:              document.getElementById('page_number_0').value = items_county_0;              break;            case -1:              if (x == 1) {                document.getElementById('page_number_0').value = 1;              }              else {                document.getElementById('page_number_0').value = x - 1;              }              break;            case -2:              document.getElementById('page_number_0').value = 1;              break;\t\t\t\t\t\tcase 0:              document.getElementById('page_number_0').value = x;              break;            default:              document.getElementById('page_number_0').value = 1;          }          bwg_ajax('gal_front_form_0', '0', 'bwg_thumbnails_0', '0', '', 'gallery', 0, '', '', load_more, '', 1);        }                    jQuery('.first-page-0').on('click', function () {              spider_page_0(this, 1, -2, 'numeric');              return false;            });            jQuery('.prev-page-0').on('click', function () {              spider_page_0(this, 1, -1, 'numeric');              return false;            });            jQuery('.next-page-0').on('click', function () {              spider_page_0(this, 1, 1, 'numeric');              return false;            });            jQuery('.last-page-0').on('click', function () {              spider_page_0(this, 1, 2, 'numeric');              return false;            });        \t\t\t\t\/* Change page on input enter. *\/        function bwg_change_page_0( e, that ) {          if (  e.key == 'Enter' ) {            var to_page = parseInt(jQuery(that).val());            var pages_count = jQuery(that).parents(\".pagination-links\").data(\"pages-count\");            var current_url_param = jQuery(that).attr('data-url-info');            if (to_page > pages_count) {              to_page = 1;            }\t \t\t\t\t\t\t\t\t\t\t\t\tspider_page_0(this, to_page, 0, 'numeric');\t\t\t\t\t\t\treturn false;\t\t\t\t\t\t          }          return true;        }        jQuery('.bwg_load_btn_0').on('click', function () {            spider_page_0(this, 1, 1, true);            return false;        });      <\/script>      <\/span>                <\/div>        <\/form>              <\/div>    <\/div>    <script>      if (document.readyState === 'complete') {        if( typeof bwg_main_ready == 'function' ) {          if ( jQuery(\"#bwg_container1_0\").height() ) {            bwg_main_ready(jQuery(\"#bwg_container1_0\"));          }        }      } else {        document.addEventListener('DOMContentLoaded', function() {          if( typeof bwg_main_ready == 'function' ) {            if ( jQuery(\"#bwg_container1_0\").height() ) {             bwg_main_ready(jQuery(\"#bwg_container1_0\"));            }          }        });      }    <\/script>    \n<p>&nbsp;<\/p>\n","protected":false},"excerpt":{"rendered":"<p>25. listopada 2014 r. swoje \u015bwi\u0119to obchodzi\u0142 najlepszy przyjaciel dzieci i niezast\u0105piona przytulanka przy zasypianiu \u2013 Pluszowy Mi\u015b. \u015awiatowy Dzie\u0144 Pluszowego Misia mia\u0142 swoje odzwierciedlenie w ofercie edukacyjnej biblioteki skierowanej do dzieci szk\u00f3\u0142 i przedszkoli naszego regionu.\u00a0\u015awi\u0119towali\u015bmy urodziny Pluszowego Misia wsp\u00f3lnie z wychowankami przedszkoli oraz uczniami Cz\u0119stochowy, Lelowa i Myszkowa. Odwiedzili\u015bmy grup\u0119 dzieci 6-letnich z Zespo\u0142u Szkolno-Przedszkolnego nr 1 w Cz\u0119stochowie. Dzieci zosta\u0142y zapoznane z histori\u0105 pluszowej zabawki. Wszyscy w<span class=\"ellipsis\">&hellip;<\/span><\/p>\n<div class=\"read-more\"><a href=\"https:\/\/pbp.womczest.edu.pl\/new\/edukacja\/inne-wydarzenia\/swiatowy-dzien-pluszowego-misia-2\/\">Czytaj wi\u0119cej &#8250;<\/a><\/div>\n<p><!-- end of .read-more --><\/p>\n","protected":false},"author":6,"featured_media":0,"parent":2651,"menu_order":0,"comment_status":"closed","ping_status":"open","template":"","meta":{"footnotes":""},"jetpack_sharing_enabled":true,"jetpack_shortlink":"https:\/\/wp.me\/PgmV4H-1q8","_links":{"self":[{"href":"https:\/\/pbp.womczest.edu.pl\/new\/wp-json\/wp\/v2\/pages\/5464"}],"collection":[{"href":"https:\/\/pbp.womczest.edu.pl\/new\/wp-json\/wp\/v2\/pages"}],"about":[{"href":"https:\/\/pbp.womczest.edu.pl\/new\/wp-json\/wp\/v2\/types\/page"}],"author":[{"embeddable":true,"href":"https:\/\/pbp.womczest.edu.pl\/new\/wp-json\/wp\/v2\/users\/6"}],"replies":[{"embeddable":true,"href":"https:\/\/pbp.womczest.edu.pl\/new\/wp-json\/wp\/v2\/comments?post=5464"}],"version-history":[{"count":3,"href":"https:\/\/pbp.womczest.edu.pl\/new\/wp-json\/wp\/v2\/pages\/5464\/revisions"}],"predecessor-version":[{"id":6871,"href":"https:\/\/pbp.womczest.edu.pl\/new\/wp-json\/wp\/v2\/pages\/5464\/revisions\/6871"}],"up":[{"embeddable":true,"href":"https:\/\/pbp.womczest.edu.pl\/new\/wp-json\/wp\/v2\/pages\/2651"}],"wp:attachment":[{"href":"https:\/\/pbp.womczest.edu.pl\/new\/wp-json\/wp\/v2\/media?parent=5464"}],"curies":[{"name":"wp","href":"https:\/\/api.w.org\/{rel}","templated":true}]}}