


{"id":4408,"date":"2015-05-19T11:07:37","date_gmt":"2015-05-19T09:07:37","guid":{"rendered":"https:\/\/pbp.womczest.edu.pl\/new\/?page_id=4408"},"modified":"2015-05-19T11:07:37","modified_gmt":"2015-05-19T09:07:37","slug":"dla-bibliotekarzy-szkolnych","status":"publish","type":"page","link":"https:\/\/pbp.womczest.edu.pl\/new\/wspomaganie\/dla-bibliotekarzy-szkolnych\/dla-bibliotekarzy-szkolnych\/","title":{"rendered":"Dla bibliotekarzy szkolnych"},"content":{"rendered":"<hr \/>\n<p><strong>Ustawa podr\u0119cznikowa \u201eEwidencja zbior\u00f3w w bibliotekach szkolnych\u201d<\/strong><\/p>\n<p>Materia\u0142y do pobrania:<\/p>\n<ul>\n<li style=\"text-align: justify;\"><a href=\"https:\/\/pbp.womczest.edu.pl\/new\/wp-content\/uploads\/2012\/09\/filie_lubliniec_ustawa_podrecznikowa_ewidencja_zbiorow_bibliotecznych_instrukcja.pdf\" target=\"_blank\">Instrukcja<\/a><\/li>\n<li style=\"text-align: justify;\">Za\u0142\u0105czniki:\n<ul>\n<li style=\"text-align: left;\"><a href=\"https:\/\/pbp.womczest.edu.pl\/new\/wp-content\/uploads\/2012\/09\/filie_lubliniec_ustawa_podrecznikowa_1_protokol_ubytku_inwentarz_glowny_i_zbiorow_specjalnych.doc\" target=\"_blank\">Za\u0142\u0105cznik nr 1 \u2013 Protok\u00f3\u0142 ubytku. Inwentarz g\u0142\u00f3wny i zbior\u00f3w specjalnych<\/a><\/li>\n<li style=\"text-align: left;\"><a href=\"https:\/\/pbp.womczest.edu.pl\/new\/wp-content\/uploads\/2012\/09\/filie_lubliniec_ustawa_podrecznikowa_2_rejestr_ksiega_podrecznikow_i_broszur_ewidencja_uproszczona.doc\" target=\"_blank\">Za\u0142\u0105cznik nr 2 \u2013 Rejestr. Ksi\u0119ga podr\u0119cznik\u00f3w i broszur. Ewidencja uproszczona<\/a><\/li>\n<li style=\"text-align: left;\"><a href=\"https:\/\/pbp.womczest.edu.pl\/new\/wp-content\/uploads\/2012\/09\/filie_lubliniec_ustawa_podrecznikowa_3_opis_faktury_ewidencja_uproszczona.doc\" target=\"_blank\">Za\u0142\u0105cznik nr 3 \u2013 Opis faktury. Ewidencja uproszczona<\/a><\/li>\n<li style=\"text-align: left;\"><a href=\"https:\/\/pbp.womczest.edu.pl\/new\/wp-content\/uploads\/2012\/09\/filie_lubliniec_ustawa_podrecznikowa_4_protokol_ubytku_rejestr_podrecznikow_i_broszur_ewidencja_uproszczona_materialy_zwrotne.doc\" target=\"_blank\">Za\u0142\u0105cznik nr 4 \u2013 Protok\u00f3\u0142 ubytku. Rejestr podr\u0119cznik\u00f3w i broszur. Ewidencja uproszczona. Materia\u0142y zwrotne<\/a><\/li>\n<li style=\"text-align: left;\"><a href=\"https:\/\/pbp.womczest.edu.pl\/new\/wp-content\/uploads\/2012\/09\/filie_lubliniec_ustawa_podrecznikowa_5_rejestr_materialow_cwiczeniowych_ewidencja_uproszczona.doc\" target=\"_blank\">Za\u0142\u0105cznik nr 5 \u2013 Rejestr materia\u0142\u00f3w \u0107wiczeniowych. Ewidencja uproszczona<\/a><\/li>\n<li style=\"text-align: left;\"><a href=\"https:\/\/pbp.womczest.edu.pl\/new\/wp-content\/uploads\/2012\/09\/filie_lubliniec_ustawa_podrecznikowa_6_protokol_ubytku_rejestr_podrecznikow_i_broszur_ewidencja_uproszczona_materialy bezzwrotne.doc\" target=\"_blank\">Za\u0142\u0105cznik nr 6 \u2013 Protok\u00f3\u0142 ubytku. Rejestr podr\u0119cznik\u00f3w i broszur. Ewidencja uproszczona. Materia\u0142y bezzwrotne<\/a><\/li>\n<li style=\"text-align: left;\"><a href=\"https:\/\/pbp.womczest.edu.pl\/new\/wp-content\/uploads\/2014\/10\/filie_lubliniec_ustawa_podrecznikowa_7_regulamin_udost\u0119pniania_podrecznikow_materialow_edukacyjnych_i_cwiczeniowych.doc\" target=\"_blank\">Za\u0142\u0105cznik nr 7 \u2013 Regulamin udost\u0119pniania podr\u0119cznik\u00f3w, materia\u0142\u00f3w edukacyjnych i \u0107wiczeniowych<\/a><\/li>\n<li style=\"text-align: left;\"><a href=\"https:\/\/pbp.womczest.edu.pl\/new\/wp-content\/uploads\/2012\/09\/filie_lubliniec_ustawa_podrecznikowa_8_protokol_wypozyczenia_imie_i_nazwisko_ucznia.doc\" target=\"_blank\">Za\u0142\u0105cznik nr 8 \u2013 Protok\u00f3\u0142 wypo\u017cyczenia. Imi\u0119 i nazwisko ucznia<\/a><\/li>\n<li style=\"text-align: left;\"><a href=\"https:\/\/pbp.womczest.edu.pl\/new\/wp-content\/uploads\/2012\/09\/filie_lubliniec_ustawa_podrecznikowa_9_protokol_wypozyczenia_podrecznikow.doc\" target=\"_blank\">Za\u0142\u0105cznik nr 9 \u2013 Protok\u00f3\u0142 wypo\u017cyczenia podr\u0119cznik\u00f3w<\/a><\/li>\n<li style=\"text-align: left;\"><a href=\"https:\/\/pbp.womczest.edu.pl\/new\/wp-content\/uploads\/2012\/09\/filie_lubliniec_ustawa_podrecznikowa_10_protokol_wypozyczenia_materialy_edukacyjne.doc\" target=\"_blank\">Za\u0142\u0105cznik nr 10 \u2013 Protok\u00f3\u0142 wypo\u017cyczenia. Materia\u0142y edukacyjne<\/a><\/li>\n<li style=\"text-align: left;\"><a href=\"https:\/\/pbp.womczest.edu.pl\/new\/wp-content\/uploads\/2012\/09\/filie_lubliniec_ustawa_podrecznikowa_11_protokol_wypozyczenia_materialow_cwiczeniowych.doc\" target=\"_blank\">Za\u0142\u0105cznik nr 11 \u2013 Protok\u00f3\u0142 wypo\u017cyczenia materia\u0142\u00f3w \u0107wiczeniowych<\/a><\/li>\n<li style=\"text-align: left;\"><a href=\"https:\/\/pbp.womczest.edu.pl\/new\/wp-content\/uploads\/2012\/09\/filie_lubliniec_ustawa_podrecznikowa_12_protokol_wycena_podrecznika.doc\" target=\"_blank\">Za\u0142\u0105cznik nr 12 \u2013 Protok\u00f3\u0142. Wycena podr\u0119cznika<\/a><\/li>\n<\/ul>\n<\/li>\n<\/ul>\n","protected":false},"excerpt":{"rendered":"<p>Ustawa podr\u0119cznikowa \u201eEwidencja zbior\u00f3w w bibliotekach szkolnych\u201d Materia\u0142y do pobrania: Instrukcja Za\u0142\u0105czniki: Za\u0142\u0105cznik nr 1 \u2013 Protok\u00f3\u0142 ubytku. Inwentarz g\u0142\u00f3wny i zbior\u00f3w specjalnych Za\u0142\u0105cznik nr 2 \u2013 Rejestr. Ksi\u0119ga podr\u0119cznik\u00f3w i broszur. Ewidencja uproszczona Za\u0142\u0105cznik nr 3 \u2013 Opis faktury. Ewidencja uproszczona Za\u0142\u0105cznik nr 4 \u2013 Protok\u00f3\u0142 ubytku. Rejestr podr\u0119cznik\u00f3w i broszur. Ewidencja uproszczona. Materia\u0142y zwrotne Za\u0142\u0105cznik nr 5 \u2013 Rejestr materia\u0142\u00f3w \u0107wiczeniowych. Ewidencja uproszczona Za\u0142\u0105cznik nr 6 \u2013 Protok\u00f3\u0142<span class=\"ellipsis\">&hellip;<\/span><\/p>\n<div class=\"read-more\"><a href=\"https:\/\/pbp.womczest.edu.pl\/new\/wspomaganie\/dla-bibliotekarzy-szkolnych\/dla-bibliotekarzy-szkolnych\/\">Czytaj wi\u0119cej &#8250;<\/a><\/div>\n<p><!-- end of .read-more --><\/p>\n","protected":false},"author":3,"featured_media":0,"parent":2657,"menu_order":0,"comment_status":"closed","ping_status":"open","template":"","meta":{"footnotes":""},"jetpack_sharing_enabled":true,"jetpack_shortlink":"https:\/\/wp.me\/PgmV4H-196","_links":{"self":[{"href":"https:\/\/pbp.womczest.edu.pl\/new\/wp-json\/wp\/v2\/pages\/4408"}],"collection":[{"href":"https:\/\/pbp.womczest.edu.pl\/new\/wp-json\/wp\/v2\/pages"}],"about":[{"href":"https:\/\/pbp.womczest.edu.pl\/new\/wp-json\/wp\/v2\/types\/page"}],"author":[{"embeddable":true,"href":"https:\/\/pbp.womczest.edu.pl\/new\/wp-json\/wp\/v2\/users\/3"}],"replies":[{"embeddable":true,"href":"https:\/\/pbp.womczest.edu.pl\/new\/wp-json\/wp\/v2\/comments?post=4408"}],"version-history":[{"count":2,"href":"https:\/\/pbp.womczest.edu.pl\/new\/wp-json\/wp\/v2\/pages\/4408\/revisions"}],"predecessor-version":[{"id":4410,"href":"https:\/\/pbp.womczest.edu.pl\/new\/wp-json\/wp\/v2\/pages\/4408\/revisions\/4410"}],"up":[{"embeddable":true,"href":"https:\/\/pbp.womczest.edu.pl\/new\/wp-json\/wp\/v2\/pages\/2657"}],"wp:attachment":[{"href":"https:\/\/pbp.womczest.edu.pl\/new\/wp-json\/wp\/v2\/media?parent=4408"}],"curies":[{"name":"wp","href":"https:\/\/api.w.org\/{rel}","templated":true}]}}