


{"id":4367,"date":"2015-05-19T10:53:10","date_gmt":"2015-05-19T08:53:10","guid":{"rendered":"https:\/\/pbp.womczest.edu.pl\/new\/?page_id=4367"},"modified":"2019-05-29T10:59:25","modified_gmt":"2019-05-29T08:59:25","slug":"webowa-biblioteka-wychowanie-fizyczne","status":"publish","type":"page","link":"https:\/\/pbp.womczest.edu.pl\/new\/wspomaganie\/oferta-wspomagania\/webowa-biblioteka\/webowa-biblioteka-wychowanie-fizyczne\/","title":{"rendered":"Webowa biblioteka \u2013 Wychowanie fizyczne"},"content":{"rendered":"<hr \/>\n<ul>\n<li><a href=\"https:\/\/pbp.womczest.edu.pl\/new\/wp-content\/uploads\/2013\/09\/webowa_biblioteka_wf_cyberprzestrzen_a_aktywnosc_fizyczna_dzieci_i_mlodziezy.pdf\" target=\"_blank\" rel=\"noopener noreferrer\"><em>Cyberprzestrze\u0144 a aktywno\u015b\u0107 fizyczna dzieci i m\u0142odzie\u017cy<\/em> \u2013 CC-BY-SA<\/a><\/li>\n<li><a href=\"https:\/\/pbp.womczest.edu.pl\/new\/wp-content\/uploads\/2013\/09\/webowa_biblioteka_wf_czym_jest_orlik.pdf\" target=\"_blank\" rel=\"noopener noreferrer\"><em>Czym jest orlik dla spo\u0142eczno\u015bci lokalnej?<\/em> \u2013 CC-BY<\/a><\/li>\n<li><a href=\"https:\/\/pbp.womczest.edu.pl\/new\/wp-content\/uploads\/2013\/09\/webowa_biblioteka_wf_fair_play_w_wychowaniu_do_kulturalnego_odbioru_widowiska_sportowego.pdf\" target=\"_blank\" rel=\"noopener noreferrer\"><em>Fair play w wychowaniu do kulturalnego odbioru widowiska sportowego \u2013 <\/em>MSW<\/a><\/li>\n<li><em><a href=\"https:\/\/pbp.womczest.edu.pl\/new\/wp-content\/uploads\/2015\/05\/informacja-dla-dyrektor\u00f3w.pdf\">Informacja dla dyrektor\u00f3w szk\u00f3\u0142 i nauczycieli dotycz\u0105ca roli aktywnego udzia\u0142u uczni\u00f3w w zaj\u0119ciach wychowania fizycznego &#8211; CC-BY<\/a><\/em><\/li>\n<li><a href=\"https:\/\/pbp.womczest.edu.pl\/new\/wp-content\/uploads\/2013\/09\/webowa_biblioteka_wf_lekkoatletyka.pdf\" target=\"_blank\" rel=\"noopener noreferrer\"><em>Lekkoatletyka \u2013 forma przyjaznej edukacji<\/em> \u2013 CC BY-NC-ND<\/a><\/li>\n<li><a href=\"https:\/\/pbp.womczest.edu.pl\/new\/wp-content\/uploads\/2013\/09\/webowa_biblioteka_wf_lublin_rowerem_przewodnik_rowerzysty_miejskiego.pdf\" target=\"_blank\" rel=\"noopener noreferrer\"><em>Lublin? Rowerem! Poradnik miejskiego rowerzysty<\/em> \u2013 CC BY-NC-SA<\/a><\/li>\n<li><a href=\"https:\/\/pbp.womczest.edu.pl\/new\/wp-content\/uploads\/2019\/05\/Zawody-lekkoatletyczne_scenariusz.pdf\"><em>Projekt &#8222;Zawody lekkoatletyczne_duszk\u00f3w&#8221;<\/em> [Scratch] &#8211; CC BY-SA<\/a><\/li>\n<li><a href=\"https:\/\/pbp.womczest.edu.pl\/new\/wp-content\/uploads\/2013\/09\/webowa_biblioteka_wf_wirtualny_trojwymiarowy_model_kregos\u0142upa_ledzwiowego.pdf\" target=\"_blank\" rel=\"noopener noreferrer\"><em>Wirtualny tr\u00f3jwymiarowy model kr\u0119gos\u0142upa l\u0119d\u017awiowego<\/em> \u2013 CC BY-NC-SA<\/a><\/li>\n<li><a href=\"https:\/\/pbp.womczest.edu.pl\/new\/wp-content\/uploads\/2013\/09\/webowa_biblioteka_wf_wychowanie_fizyczne_i_sport_w_szkolach_publicznych_i_niepublicznych.pdf\" target=\"_blank\" rel=\"noopener noreferrer\"><em>Wychowanie fizyczne i sport w szko\u0142ach publicznych i niepublicznych<\/em><\/a><\/li>\n<li><a href=\"https:\/\/pbp.womczest.edu.pl\/new\/wp-content\/uploads\/2013\/09\/webowa_biblioteka_wf_wychowanie_fizyczne_i_sport_w_szkolach_w_europie.pdf\" target=\"_blank\" rel=\"noopener noreferrer\"><em>Wychowanie fizyczne i sport w szko\u0142ach w Europie \u2013 <\/em>EFS<\/a><\/li>\n<li><a href=\"https:\/\/pbp.womczest.edu.pl\/new\/wp-content\/uploads\/2019\/05\/zdrowe_od\u017cywianie.pdf\"><em>Zdrowe od\u017cywianie<\/em> [Scratch] &#8211; CC BY-SA<\/a><\/li>\n<li><a href=\"https:\/\/pbp.womczest.edu.pl\/new\/wp-content\/uploads\/2019\/05\/zdrowie-i-higiena-kazdego-ucznia.pdf\"><em>Zdrowie i higiena ka\u017cdego ucznia<\/em> [scenariusz] &#8211; CC BY<\/a><\/li>\n<\/ul>\n","protected":false},"excerpt":{"rendered":"<p>Cyberprzestrze\u0144 a aktywno\u015b\u0107 fizyczna dzieci i m\u0142odzie\u017cy \u2013 CC-BY-SA Czym jest orlik dla spo\u0142eczno\u015bci lokalnej? \u2013 CC-BY Fair play w wychowaniu do kulturalnego odbioru widowiska sportowego \u2013 MSW Informacja dla dyrektor\u00f3w szk\u00f3\u0142 i nauczycieli dotycz\u0105ca roli aktywnego udzia\u0142u uczni\u00f3w w zaj\u0119ciach wychowania fizycznego &#8211; CC-BY Lekkoatletyka \u2013 forma przyjaznej edukacji \u2013 CC BY-NC-ND Lublin? Rowerem! Poradnik miejskiego rowerzysty \u2013 CC BY-NC-SA Projekt &#8222;Zawody lekkoatletyczne_duszk\u00f3w&#8221; [Scratch] &#8211; CC BY-SA Wirtualny tr\u00f3jwymiarowy<span class=\"ellipsis\">&hellip;<\/span><\/p>\n<div class=\"read-more\"><a href=\"https:\/\/pbp.womczest.edu.pl\/new\/wspomaganie\/oferta-wspomagania\/webowa-biblioteka\/webowa-biblioteka-wychowanie-fizyczne\/\">Czytaj wi\u0119cej &#8250;<\/a><\/div>\n<p><!-- end of .read-more --><\/p>\n","protected":false},"author":3,"featured_media":0,"parent":4331,"menu_order":0,"comment_status":"closed","ping_status":"open","template":"","meta":{"footnotes":""},"jetpack_sharing_enabled":true,"jetpack_shortlink":"https:\/\/wp.me\/PgmV4H-18r","_links":{"self":[{"href":"https:\/\/pbp.womczest.edu.pl\/new\/wp-json\/wp\/v2\/pages\/4367"}],"collection":[{"href":"https:\/\/pbp.womczest.edu.pl\/new\/wp-json\/wp\/v2\/pages"}],"about":[{"href":"https:\/\/pbp.womczest.edu.pl\/new\/wp-json\/wp\/v2\/types\/page"}],"author":[{"embeddable":true,"href":"https:\/\/pbp.womczest.edu.pl\/new\/wp-json\/wp\/v2\/users\/3"}],"replies":[{"embeddable":true,"href":"https:\/\/pbp.womczest.edu.pl\/new\/wp-json\/wp\/v2\/comments?post=4367"}],"version-history":[{"count":10,"href":"https:\/\/pbp.womczest.edu.pl\/new\/wp-json\/wp\/v2\/pages\/4367\/revisions"}],"predecessor-version":[{"id":13854,"href":"https:\/\/pbp.womczest.edu.pl\/new\/wp-json\/wp\/v2\/pages\/4367\/revisions\/13854"}],"up":[{"embeddable":true,"href":"https:\/\/pbp.womczest.edu.pl\/new\/wp-json\/wp\/v2\/pages\/4331"}],"wp:attachment":[{"href":"https:\/\/pbp.womczest.edu.pl\/new\/wp-json\/wp\/v2\/media?parent=4367"}],"curies":[{"name":"wp","href":"https:\/\/api.w.org\/{rel}","templated":true}]}}