


{"id":4342,"date":"2015-05-19T10:45:41","date_gmt":"2015-05-19T08:45:41","guid":{"rendered":"https:\/\/pbp.womczest.edu.pl\/new\/?page_id=4342"},"modified":"2021-03-17T14:01:03","modified_gmt":"2021-03-17T13:01:03","slug":"webowa-biblioteka-nauki-scisle","status":"publish","type":"page","link":"https:\/\/pbp.womczest.edu.pl\/new\/wspomaganie\/oferta-wspomagania\/webowa-biblioteka\/webowa-biblioteka-nauki-scisle\/","title":{"rendered":"Webowa biblioteka \u2013 Nauki \u015bcis\u0142e"},"content":{"rendered":"<hr \/>\n<p><strong>PORTALE:<\/strong><\/p>\n<ul>\n<li><a href=\"http:\/\/www.kopernik.org.pl\/dla-nauczycieli\/\"><em>Centrum Nauki Kopernik [materia\u0142y i scenariusze zaj\u0119\u0107 dla nauczycieli]<\/em><\/a><\/li>\n<li><a href=\"https:\/\/www.geogebra.org\/\"><em>GeoGebra<\/em><\/a><\/li>\n<li><em><a href=\"http:\/\/www.pl.khanacademy.org\" target=\"_blank\" rel=\"noopener noreferrer\">Khan Akademy<\/a><\/em><\/li>\n<li><a href=\"https:\/\/www.kmo.org.pl\/pl\/scenariusze\"><em>Klub M\u0142odego Odkrywcy [scenariusze]<\/em><\/a><\/li>\n<li><a href=\"http:\/\/lokaty-obligacje.blogspot.com\/\" target=\"_blank\" rel=\"noopener noreferrer\"><em>Lokaty, obligacje&#8230; [WebQuest \u2013 szko\u0142a ponadgimnazjalna]<\/em> \u2013 CC BY-NC<\/a><\/li>\n<li><em><a href=\"http:\/\/www.nasa.gov\/audience\/foreducators\/\" target=\"_blank\" rel=\"noopener noreferrer\">NASA<\/a><\/em><\/li>\n<li><em><a href=\"http:\/\/www.spacetelescope.org\/\" target=\"_blank\" rel=\"noopener noreferrer\">Spacetelescope<\/a><\/em><\/li>\n<li><a href=\"https:\/\/pl.wikibooks.org\/w\/index.php?search=fizyka&amp;title=Specjalna%3ASzukaj&amp;go=Przejd%C5%BA&amp;ns0=1\"><em>Wikibooks<\/em><\/a><\/li>\n<li><a href=\"https:\/\/pbp.womczest.edu.pl\/new\/wp-content\/uploads\/2020\/05\/portale_matematyka.pdf\"><em>Wykaz portali i stron internetowych &#8211; matematyka<\/em><\/a><\/li>\n<\/ul>\n<p><strong>MATERIA\u0141Y:<\/strong><\/p>\n<p><strong>MATEMATYKA, EKONOMIA<\/strong><\/p>\n<ul>\n<li><a href=\"https:\/\/pbp.womczest.edu.pl\/new\/wp-content\/uploads\/2018\/05\/ABC-Ekonomii_scenariusze.pdf\">ABC &#8211; ekonomii : scenariusze zaj\u0119\u0107 dydaktyczno-wychowawczych opracowanych w oparciu o ksi\u0105\u017ck\u0119 \u201e\u015awiat Pieni\u0105dza\u201d<\/a> &#8211; CC BY-SA-ND<\/li>\n<li><a href=\"https:\/\/pbp.womczest.edu.pl\/new\/wp-content\/uploads\/2014\/02\/webowa_biblioteka_nauki_scisle_funkcja_kwadratowa.pdf\" target=\"_blank\" rel=\"noopener noreferrer\"><em>Funkcja kwadratowa<\/em> \u2013 BY-SA<\/a><\/li>\n<li><a href=\"https:\/\/pbp.womczest.edu.pl\/new\/wp-content\/uploads\/2014\/02\/webowa_biblioteka_nauki_scisle_funkcja_liniowa.pdf\" target=\"_blank\" rel=\"noopener noreferrer\"><em>Funkcja liniowa<\/em> \u2013 BY-SA<\/a><\/li>\n<li><a href=\"https:\/\/pbp.womczest.edu.pl\/new\/wp-content\/uploads\/2014\/02\/webowa_biblioteka_nauki_scisle_funkcje_trygonometryczne_kata_ostrego.pdf\" target=\"_blank\" rel=\"noopener noreferrer\"><em>Funkcje trygonometryczne k\u0105ta ostrego<\/em> \u2013 CC SA<\/a><\/li>\n<li><a href=\"https:\/\/pbp.womczest.edu.pl\/new\/wp-content\/uploads\/2014\/02\/webowa_biblioteka_nauki_scisle_liczby_zespolone.pdf\" target=\"_blank\" rel=\"noopener noreferrer\"><em>Liczby zespolone<\/em> \u2013 BY-SA<\/a><\/li>\n<li><a href=\"http:\/\/mst.mimuw.edu.pl\/\"><em>Matematyka stosowana<\/em><\/a> &#8211; CC BY-NC-ND<\/li>\n<li><a href=\"https:\/\/pbp.womczest.edu.pl\/new\/wp-content\/uploads\/2020\/02\/model-funkcjonowania-pracowni.pdf\"><em>Model funkcjonowania pracowni przedmiotowej z matematyki dla klas IV\u2013VIII szko\u0142y podstawowej<\/em> &#8211; CC BY-NC<\/a><\/li>\n<li><a href=\"https:\/\/pbp.womczest.edu.pl\/new\/wp-content\/uploads\/2014\/02\/webowa_biblioteka_nauki_scisle_mow_do_rzeczy.pdf\" target=\"_blank\" rel=\"noopener noreferrer\"><em>M\u00f3w do rzeczy. Jak korzysta\u0107 z danych w dzia\u0142aniach rzeczniczych?<\/em> \u2013 CC BY-SA<\/a><\/li>\n<li><em><a href=\"https:\/\/pbp.womczest.edu.pl\/new\/wp-content\/uploads\/2015\/05\/ekonomia-spo\u0142eczna.pdf\">Nowy standard dzia\u0142ania w zakresie wsp\u00f3\u0142pracy mi\u0119dzyinstytucjonalnej\u00a0przy wykorzystaniu narz\u0119dzi\u00a0ekonomii spo\u0142eczej &#8211; CC &#8211; BY<\/a><\/em><\/li>\n<li><a href=\"https:\/\/pbp.womczest.edu.pl\/new\/wp-content\/uploads\/2020\/08\/Jacek-Sta\u0144do-Jak-wykorzysta\u0107-techniki-gamifikacyjne-w-edukacji-matematycznej.pdf\">Jacek Sta\u0144do, Jak wykorzysta\u0107 techniki gamifikacyjne w edukacji matematycznej<\/a> &#8211; CC-BY_NC<\/li>\n<\/ul>\n<p><strong>FIZYKA, CHEMIA<\/strong><\/p>\n<ul>\n<li><em><a href=\"https:\/\/pbp.womczest.edu.pl\/new\/wp-content\/uploads\/2019\/05\/4_3.pdf\">Aktywno\u015b\u0107 badawcza uczni\u00f3w w edukacji fizycznej w szkole ponadpodstawowej<\/a> <\/em>&#8211; CC-BY-NC<\/li>\n<li><a href=\"https:\/\/pbp.womczest.edu.pl\/new\/wp-content\/uploads\/2019\/05\/03S04_scenariusz_dzien_na_marsie.pdf\"><em>Dzie\u0144 na Marsie, dzie\u0144 na Plutonie : scenariusz lekcji fizyki<\/em><\/a> &#8211; CC BY<\/li>\n<li><a href=\"https:\/\/globalna.ceo.org.pl\/materialy\/wyniki-wyszukiwania?combine=fizyka\"><em>Edukacja globalna : fizyka<\/em><\/a> &#8211; CC BY-NC-SA<\/li>\n<li><em><a href=\"http:\/\/dzieciecafizyka.pl\/stara\/eksperymenty.html\">Eksperymenty<\/a><\/em> &#8211; CC BY-SA-NC<\/li>\n<li><a href=\"https:\/\/legalnakultura.pl\/pl\/strefa-edukacji\/strefa-dla-uczniow\/strony-internetowe\/fizyka\"><em>Fizyka : Legalna Kultura<\/em> <\/a><\/li>\n<li><a href=\"https:\/\/pbp.womczest.edu.pl\/new\/wp-content\/uploads\/2019\/05\/Autorski-Program-Nauczania-Fizyki-Szko\u0142a-Podstawowa-2-1.pdf\"><em>Fizyka w szkole ponadpodstawowej : autorski program nauczania<\/em> &#8211; CC BY-SA<\/a><\/li>\n<li><a href=\"https:\/\/pbp.womczest.edu.pl\/new\/wp-content\/uploads\/2019\/05\/fizyka_pracownia.pdf\"><em>Model funkcjonowania pracowni przedmiotowej z fizyki<\/em> &#8211; CC-BY-NC<\/a><\/li>\n<li><a href=\"https:\/\/pbp.womczest.edu.pl\/new\/wp-content\/uploads\/2019\/05\/notatnik_inzyniera.pdf\"><em>Notatnik in\u017cyniera : energia i wiatr [materia\u0142 edukacyjny]<\/em> &#8211; CC SA<\/a><\/li>\n<li><a href=\"https:\/\/pbp.womczest.edu.pl\/new\/wp-content\/uploads\/2019\/05\/Scenariusze-lekcji-scenariusze-lekcji.pdf\"><em>Scenariusze lekcji przedmiot\u00f3w przyrodniczych w o\u015bmioletniej szkole podstawowej<\/em> &#8211; CC BY-NC<\/a><\/li>\n<li><a href=\"https:\/\/wmgaz.pl\/edukacja\"><em>Scenariusze zaj\u0119\u0107 lekcji zwi\u0105zanych z tematem gazownictwa [Wirtualne Muzeum Gazownictwa]<\/em><\/a><\/li>\n<li><em><a href=\"http:\/\/scholaris.pl\/resources\/zasoby\/query\/%22fizyka%22\">Scholaris : fizyka<\/a><\/em> &#8211; EFS<\/li>\n<li><a href=\"https:\/\/pbp.womczest.edu.pl\/new\/wp-content\/uploads\/2019\/05\/przyroda.pdf\"><em>Szko\u0142a \u0107wicze\u0144 dla rozwoju zawodowego nauczyciela : przedmioty przyrodnicze<\/em> &#8211; CC BY-NC<\/a><\/li>\n<li><em><a href=\"http:\/\/lesson.org.pl\/index.php?lang=pl&amp;sec=6&amp;sub=3\">\u015aci\u015ble fajna lekcja : fizyka<\/a><\/em> &#8211; CC BY<\/li>\n<li><a href=\"https:\/\/pbp.womczest.edu.pl\/new\/wp-content\/uploads\/2019\/05\/Tajemnice-Srebrnego-Globu_Nauka-dla-Kazdego_22.03.2016.pdf\"><em>Tajemnice Srebrnego Globu [zadania dla ucznia]<\/em> &#8211; CC BY<\/a><\/li>\n<li><a href=\"https:\/\/pbp.womczest.edu.pl\/new\/wp-content\/uploads\/2018\/05\/we\u017a-oddech.pdf\"><em>We\u017a oddech : scenariusze zaj\u0119\u0107 na temat niskiej emisji<\/em> &#8211; CC BY-SA<\/a><\/li>\n<li><a href=\"https:\/\/pbp.womczest.edu.pl\/new\/wp-content\/uploads\/2020\/04\/Wz\u00f3r-na-rozw\u00f3j_nauki-\u015bcis\u0142e-odpowiadaj\u0105-na-wyzwania-wsp\u00f3\u0142czesno\u015bci.pdf\"><em>Wz\u00f3r na rozw\u00f3j :_nauki \u015bcis\u0142e odpowiadaj\u0105 na wyzwania wsp\u00f3\u0142czesno\u015bci<\/em> &#8211; CC BY<\/a><\/li>\n<li><a href=\"https:\/\/pbp.womczest.edu.pl\/new\/wp-content\/uploads\/2020\/04\/Wz\u00f3r-na-rozw\u00f3j_scenariusze-zaj\u0119\u0107.pdf\"><em>Wz\u00f3r na rozw\u00f3j : nauki \u015bcis\u0142e odpowiadaj\u0105 na wyzwania wsp\u00f3\u0142czesno\u015bci [scenariusze zaj\u0119\u0107]<\/em> &#8211; CC BY<\/a><\/li>\n<\/ul>\n<p>&nbsp;<\/p>\n","protected":false},"excerpt":{"rendered":"<p>PORTALE: Centrum Nauki Kopernik [materia\u0142y i scenariusze zaj\u0119\u0107 dla nauczycieli] GeoGebra Khan Akademy Klub M\u0142odego Odkrywcy [scenariusze] Lokaty, obligacje&#8230; [WebQuest \u2013 szko\u0142a ponadgimnazjalna] \u2013 CC BY-NC NASA Spacetelescope Wikibooks Wykaz portali i stron internetowych &#8211; matematyka MATERIA\u0141Y: MATEMATYKA, EKONOMIA ABC &#8211; ekonomii : scenariusze zaj\u0119\u0107 dydaktyczno-wychowawczych opracowanych w oparciu o ksi\u0105\u017ck\u0119 \u201e\u015awiat Pieni\u0105dza\u201d &#8211; CC BY-SA-ND Funkcja kwadratowa \u2013 BY-SA Funkcja liniowa \u2013 BY-SA Funkcje trygonometryczne k\u0105ta ostrego \u2013 CC<span class=\"ellipsis\">&hellip;<\/span><\/p>\n<div class=\"read-more\"><a href=\"https:\/\/pbp.womczest.edu.pl\/new\/wspomaganie\/oferta-wspomagania\/webowa-biblioteka\/webowa-biblioteka-nauki-scisle\/\">Czytaj wi\u0119cej &#8250;<\/a><\/div>\n<p><!-- end of .read-more --><\/p>\n","protected":false},"author":3,"featured_media":0,"parent":4331,"menu_order":0,"comment_status":"closed","ping_status":"open","template":"","meta":{"footnotes":""},"jetpack_sharing_enabled":true,"jetpack_shortlink":"https:\/\/wp.me\/PgmV4H-182","_links":{"self":[{"href":"https:\/\/pbp.womczest.edu.pl\/new\/wp-json\/wp\/v2\/pages\/4342"}],"collection":[{"href":"https:\/\/pbp.womczest.edu.pl\/new\/wp-json\/wp\/v2\/pages"}],"about":[{"href":"https:\/\/pbp.womczest.edu.pl\/new\/wp-json\/wp\/v2\/types\/page"}],"author":[{"embeddable":true,"href":"https:\/\/pbp.womczest.edu.pl\/new\/wp-json\/wp\/v2\/users\/3"}],"replies":[{"embeddable":true,"href":"https:\/\/pbp.womczest.edu.pl\/new\/wp-json\/wp\/v2\/comments?post=4342"}],"version-history":[{"count":41,"href":"https:\/\/pbp.womczest.edu.pl\/new\/wp-json\/wp\/v2\/pages\/4342\/revisions"}],"predecessor-version":[{"id":17151,"href":"https:\/\/pbp.womczest.edu.pl\/new\/wp-json\/wp\/v2\/pages\/4342\/revisions\/17151"}],"up":[{"embeddable":true,"href":"https:\/\/pbp.womczest.edu.pl\/new\/wp-json\/wp\/v2\/pages\/4331"}],"wp:attachment":[{"href":"https:\/\/pbp.womczest.edu.pl\/new\/wp-json\/wp\/v2\/media?parent=4342"}],"curies":[{"name":"wp","href":"https:\/\/api.w.org\/{rel}","templated":true}]}}