


{"id":4311,"date":"2015-05-19T10:33:01","date_gmt":"2015-05-19T08:33:01","guid":{"rendered":"https:\/\/pbp.womczest.edu.pl\/new\/?page_id=4311"},"modified":"2015-05-19T10:33:01","modified_gmt":"2015-05-19T08:33:01","slug":"spotkanie-z-lektura-2010","status":"publish","type":"page","link":"https:\/\/pbp.womczest.edu.pl\/new\/edukacja\/konkursy\/spotkanie-z-lektura\/spotkanie-z-lektura-2010\/","title":{"rendered":"\u201eSpotkanie z lektur\u0105\u201d 2010"},"content":{"rendered":"<hr \/>\n<p style=\"text-align: center;\"><strong>Mi\u0119dzyszkolny Konkurs Czytelniczy i Plastyczny \u201eSpotkanie z lektur\u0105\u201d <\/strong><strong>\u2013 2010<\/strong><\/p>\n<p>27 maja 2010 roku o godzinie 10.00 w Regionalnym O\u015brodku Doskonalenia Nauczycieli \u201eWOM\u201d w Cz\u0119stochowie odby\u0142a si\u0119 VII edycja <strong>Mi\u0119dzyszkolnego Konkursu Czytelniczego i Plastycznego \u201eSpotkanie z lektur\u0105\u201d<\/strong>.<br \/>\nOrganizatorami konkursu byli: nauczyciele bibliotekarze Publicznej Biblioteki Pedagogicznej Regionalnego O\u015brodka Doskonalenia Nauczycieli \u201eWOM\u201d \u2013 Izabela Bajor, Anna Hiller, Agnieszka Chmielewska, Katarzyna Kucharzewska oraz nauczyciele Szko\u0142y Podstawowej nr 39 \u2013 Agnieszka Centkowska i Wanda Kolman.<br \/>\nW konkursie uczestniczy\u0142o trzydziestu sze\u015bciu uczni\u00f3w klas trzecich z sze\u015bciu cz\u0119stochowskich szk\u00f3\u0142 podstawowych. Konkurs czytelniczy zosta\u0142 przeprowadzony w formie turnieju trzyosobowych dru\u017cyn, natomiast podczas konkursu plastycznego dzieci<br \/>\nw trzyosobowych zespo\u0142ach malowa\u0142y plakaty. Poziom wiedzy i uzdolnie\u0144 uczni\u00f3w by\u0142 bardzo wyr\u00f3wnany.<br \/>\nRozstrzygni\u0119cie konkursu nast\u0105pi\u0142o w tym samym dniu. W czasie oczekiwania na wyniki uczniowie zwiedzili bibliotek\u0119 pedagogiczn\u0105. Zosta\u0142 r\u00f3wnie\u017c zorganizowany s\u0142odki pocz\u0119stunek.<br \/>\nOg\u0142oszenie wynik\u00f3w oraz uroczyste wr\u0119czenie dyplom\u00f3w i nagr\u00f3d odby\u0142o si\u0119 w Auli Forum RODN \u201eWOM\u201d w Cz\u0119stochowie.<\/p>\n<p>Laureatami konkursu czytelniczego zostali:<\/p>\n<p>I miejsce dla Szko\u0142y Podstawowej nr 31 z Oddzia\u0142ami Integracyjnymi w Cz\u0119stochowie<br \/>\n<strong>Karolina Kluza<br \/>\nNatalia Miara<br \/>\nMiko\u0142aj Kotusiewicz<\/strong><\/p>\n<p>R\u00f3wnorz\u0119dne I miejsce dla Szko\u0142y Podstawowej nr 39 w Cz\u0119stochowie:<br \/>\n<strong>Karolina Musia\u0142owska<br \/>\nMarta Barczak<br \/>\nKrzysztof Trojan<\/strong><\/p>\n<p>II miejsce dla Szko\u0142y Podstawowej nr 53 z Oddzia\u0142ami Integracyjnymi w Cz\u0119stochowie:<br \/>\n<strong>Julia Bednarek<br \/>\nMarcelina Nurek<br \/>\nInez Kowalczyk<\/strong><\/p>\n<p>Jury konkursu plastycznego oceni\u0142o prace i przyzna\u0142o I i dwa II miejsca oraz wyr\u00f3\u017cnienie:<\/p>\n<p>I miejsce dla Szko\u0142y Podstawowej nr 30 w Cz\u0119stochowie, kt\u00f3r\u0105 reprezentowali:<br \/>\n<strong>Dominik Gidziela<br \/>\nKrzysztof Ko\u015bcielniak<br \/>\nMateusz Szczepkowski<\/strong><\/p>\n<p>II miejsce dla Szko\u0142y Podstawowej nr 31 z Oddzia\u0142ami Integracyjnymi w Cz\u0119stochowie, kt\u00f3r\u0105 reprezentowali:<br \/>\n<strong>Aleksandra Cupriak<br \/>\nWiktoria Zygo\u0144<br \/>\nMiko\u0142aj G\u0142owacki<\/strong><\/p>\n<p>II miejsce dla Szko\u0142y Podstawowej nr 39 w Cz\u0119stochowie, kt\u00f3r\u0105 reprezentowali:<br \/>\n<strong>Julita Sobieraj<br \/>\nPatryk Kaczmarek<br \/>\nJakub Wr\u00f3bel<\/strong><\/p>\n<p>Wyr\u00f3\u017cnienie dla Szko\u0142y Podstawowej nr 53 z Oddzia\u0142ami Integracyjnymi w Cz\u0119stochowie, kt\u00f3r\u0105 reprezentowali:<br \/>\n<strong>Natalia Ksi\u0119\u017cyk<br \/>\nHanna Nowakowska<br \/>\nMagdalena Sikora<\/strong><\/p>\n<div>Zwyci\u0119zcy otrzymali dyplomy i nagrody ksi\u0105\u017ckowe oraz maskotki.<\/div>\n<div>Wszystkim uczestnikom konkursu wr\u0119czono dyplomy i drobne upominki, a nauczycielom podzi\u0119kowania.<br \/>\nUczniom gratulujemy wiedzy i zapa\u0142u. Nauczycielom dzi\u0119kujemy za przygotowanie dzieci do konkursowych zmaga\u0144.<\/div>\n<div style=\"text-align: center;\">Zapraszamy do uczestnictwa w kolejnych edycjach \u201eSpotkania z lektur\u0105\u201d.<\/div>\n<div><strong><em>Galeria<\/em><\/strong><\/div>\n<div style=\"text-align: right;\"><em>Zdj\u0119cia: Izabela Bajor<\/em><\/div>\n","protected":false},"excerpt":{"rendered":"<p>Mi\u0119dzyszkolny Konkurs Czytelniczy i Plastyczny \u201eSpotkanie z lektur\u0105\u201d \u2013 2010 27 maja 2010 roku o godzinie 10.00 w Regionalnym O\u015brodku Doskonalenia Nauczycieli \u201eWOM\u201d w Cz\u0119stochowie odby\u0142a si\u0119 VII edycja Mi\u0119dzyszkolnego Konkursu Czytelniczego i Plastycznego \u201eSpotkanie z lektur\u0105\u201d. Organizatorami konkursu byli: nauczyciele bibliotekarze Publicznej Biblioteki Pedagogicznej Regionalnego O\u015brodka Doskonalenia Nauczycieli \u201eWOM\u201d \u2013 Izabela Bajor, Anna Hiller, Agnieszka Chmielewska, Katarzyna Kucharzewska oraz nauczyciele Szko\u0142y Podstawowej nr 39 \u2013 Agnieszka Centkowska i Wanda<span class=\"ellipsis\">&hellip;<\/span><\/p>\n<div class=\"read-more\"><a href=\"https:\/\/pbp.womczest.edu.pl\/new\/edukacja\/konkursy\/spotkanie-z-lektura\/spotkanie-z-lektura-2010\/\">Czytaj wi\u0119cej &#8250;<\/a><\/div>\n<p><!-- end of .read-more --><\/p>\n","protected":false},"author":3,"featured_media":0,"parent":4293,"menu_order":0,"comment_status":"closed","ping_status":"open","template":"","meta":{"footnotes":""},"jetpack_sharing_enabled":true,"jetpack_shortlink":"https:\/\/wp.me\/PgmV4H-17x","_links":{"self":[{"href":"https:\/\/pbp.womczest.edu.pl\/new\/wp-json\/wp\/v2\/pages\/4311"}],"collection":[{"href":"https:\/\/pbp.womczest.edu.pl\/new\/wp-json\/wp\/v2\/pages"}],"about":[{"href":"https:\/\/pbp.womczest.edu.pl\/new\/wp-json\/wp\/v2\/types\/page"}],"author":[{"embeddable":true,"href":"https:\/\/pbp.womczest.edu.pl\/new\/wp-json\/wp\/v2\/users\/3"}],"replies":[{"embeddable":true,"href":"https:\/\/pbp.womczest.edu.pl\/new\/wp-json\/wp\/v2\/comments?post=4311"}],"version-history":[{"count":2,"href":"https:\/\/pbp.womczest.edu.pl\/new\/wp-json\/wp\/v2\/pages\/4311\/revisions"}],"predecessor-version":[{"id":4313,"href":"https:\/\/pbp.womczest.edu.pl\/new\/wp-json\/wp\/v2\/pages\/4311\/revisions\/4313"}],"up":[{"embeddable":true,"href":"https:\/\/pbp.womczest.edu.pl\/new\/wp-json\/wp\/v2\/pages\/4293"}],"wp:attachment":[{"href":"https:\/\/pbp.womczest.edu.pl\/new\/wp-json\/wp\/v2\/media?parent=4311"}],"curies":[{"name":"wp","href":"https:\/\/api.w.org\/{rel}","templated":true}]}}