


{"id":4299,"date":"2015-05-19T10:30:01","date_gmt":"2015-05-19T08:30:01","guid":{"rendered":"https:\/\/pbp.womczest.edu.pl\/new\/?page_id=4299"},"modified":"2015-06-23T12:19:58","modified_gmt":"2015-06-23T10:19:58","slug":"spotkanie-z-lektura-2012","status":"publish","type":"page","link":"https:\/\/pbp.womczest.edu.pl\/new\/edukacja\/konkursy\/spotkanie-z-lektura\/spotkanie-z-lektura-2012\/","title":{"rendered":"\u201eSpotkanie z lektur\u0105\u201d 2012"},"content":{"rendered":"<hr \/>\n<p style=\"text-align: center;\"><strong>Mi\u0119dzyszkolny Konkurs Czytelniczy i Plastyczny \u201eSpotkanie z lektur\u0105\u201d <\/strong><strong>\u2013 2012<\/strong><\/p>\n<p>24 maja 2012 roku o godzinie 10.00 w Regionalnym O\u015brodku Doskonalenia Nauczycieli \u201eWOM\u201d w Cz\u0119stochowie odby\u0142a si\u0119 IX edycja Mi\u0119dzyszkolnego Konkursu Czytelniczego i Plastycznego \u201eSpotkanie z lektur\u0105\u201d.<br \/>\nOrganizatorami konkursu byli: nauczyciele bibliotekarze Publicznej Biblioteki Pedagogicznej Regionalnego O\u015brodka Doskonalenia Nauczycieli \u201eWOM\u201d \u2013 Izabela Bajor, Anna Hiller, Jolanta Janicka, Anna D\u0105browska oraz nauczyciele Szko\u0142y Podstawowej nr 39 &#8211; Agnieszka Centkowska i Wanda Kolman.<br \/>\nW konkursie uczestniczy\u0142o trzydziestu sze\u015bciu uczni\u00f3w klas pierwszych z sze\u015bciu szk\u00f3\u0142 podstawowych miasta Cz\u0119stochowy i powiatu cz\u0119stochowskiego. Konkurs czytelniczy zosta\u0142 przeprowadzony w formie turnieju trzyosobowych dru\u017cyn, natomiast podczas konkursu plastycznego dzieci w trzyosobowych zespo\u0142ach malowa\u0142y plakaty.<br \/>\nPo sprawdzeniu prac pisemnych i plastycznych nast\u0105pi\u0142o og\u0142oszenie wynik\u00f3w oraz uroczyste wr\u0119czenie dyplom\u00f3w i nagr\u00f3d.<\/p>\n<p>Komisja konkursu czytelniczego w sk\u0142adzie: Barbara Witkowska \u2013 przewodnicz\u0105ca, Marta Ma\u0142ek i Anna P\u0142usa og\u0142osi\u0142a, \u017ce laureatami konkursu czytelniczego zostali:<\/p>\n<p style=\"text-align: left;\">I miejsce dla Szko\u0142y Podstawowej im. Gustawa Morcinka w R\u0119dzinach:<br \/>\n<strong>Bart\u0142omiej Rozenberg<br \/>\n<\/strong><strong>Marcelina D\u0105browska<br \/>\n<\/strong><strong>Karolina Wrzalik<\/strong><\/p>\n<p style=\"text-align: left;\">II miejsce dla Szko\u0142y Podstawowej nr 31 z Oddzia\u0142ami Integracyjnymi w Cz\u0119stochowie:<br \/>\n<strong>Wiktoria Zask\u00f3rska<\/strong><strong><br \/>\nKarolina Grochowska<br \/>\nWiktoria Malczewska<\/strong><\/p>\n<p style=\"text-align: left;\">III miejsce dla Szko\u0142y Podstawowej im. Janusza Korczaka w Ko\u015bcielcu:<br \/>\n<strong>Natalia Klimaszewska<\/strong><strong><br \/>\nArtur Jarz\u0105bek<br \/>\nKinga P\u0119zik<\/strong><\/p>\n<p style=\"text-align: left;\">Jury konkursu plastycznego w sk\u0142adzie: Agnieszka Tyrman \u2013 przewodnicz\u0105ca, Izabela Bajor i Marek Czarno\u0142\u0119ski, oceni\u0142o prace i przyzna\u0142o I, II i III miejsce oraz wyr\u00f3\u017cnienie.<\/p>\n<p style=\"text-align: left;\">I miejsce dla Szko\u0142y Podstawowej nr 31 z Oddzia\u0142ami Integracyjnymi w Cz\u0119stochowie, kt\u00f3r\u0105 reprezentowali:<br \/>\n<strong>Anastazja Cichocka,\u00a0<\/strong><strong>Katarzyna W\u0105cha\u0142a<br \/>\nNicole Kazimierska<\/strong><\/p>\n<p style=\"text-align: left;\">II miejsce dla Zespo\u0142u Szkolno-Przedszkolnego w Borownie, kt\u00f3ry reprezentowali:<strong><br \/>\nMiko\u0142aj Karo\u0144<br \/>\nKacper Mierczak<br \/>\nNatalia Leciak<\/strong><\/p>\n<p style=\"text-align: left;\">III miejsce dla Szko\u0142y Podstawowej nr 39 im. Marii Konopnickiej w Cz\u0119stochowie, kt\u00f3r\u0105 reprezentowali:<br \/>\n<strong>Piotr Polanowski<\/strong><br \/>\n<strong>Weronika Siwy<br \/>\nDagmara Sygnet<\/strong><\/p>\n<p style=\"text-align: left;\">Wyr\u00f3\u017cnienie dla Szko\u0142y Podstawowej w Jackowie, kt\u00f3r\u0105 reprezentowali:<br \/>\n<strong>Dominka \u0141apeta<br \/>\n<\/strong><strong>Paulina \u0141apeta<br \/>\nKacper Pytel<\/strong><\/p>\n<p>Zwyci\u0119zcy otrzymali dyplomy i nagrody ksi\u0105\u017ckowe oraz maskotki. Wszyscy uczniowie otrzymali dyplomy za uczestnictwo i drobne upominki, a nauczyciele podzi\u0119kowania.<\/p>\n<p>Uczniom gratulujemy wiedzy i zapa\u0142u. Nauczycielom dzi\u0119kujemy za przygotowanie dzieci do konkursowych zmaga\u0144. Serdeczne podzi\u0119kowania sk\u0142adamy r\u00f3wnie\u017c sponsorom, kt\u00f3rzy ufundowali nagrody uczestnikom konkursu panu Januszowi Kciukowi, w\u0142a\u015bcicielowi Hurtowni Zabawek <em>As <\/em>oraz Radzie Rodzic\u00f3w Szko\u0142y Podstawowej nr 39 w Cz\u0119stochowie.<\/p>\n<p style=\"text-align: center;\">Zapraszamy do uczestnictwa w kolejnych edycjach \u201eSpotkania z lektur\u0105\u201d.<\/p>\n<p style=\"text-align: left;\"><strong><em>Galeria<\/em><\/strong><\/p>\n<p style=\"text-align: right;\"><em><em>Zdj\u0119cia: Izabela Bajor<\/em><\/em><\/p>\n","protected":false},"excerpt":{"rendered":"<p>Mi\u0119dzyszkolny Konkurs Czytelniczy i Plastyczny \u201eSpotkanie z lektur\u0105\u201d \u2013 2012 24 maja 2012 roku o godzinie 10.00 w Regionalnym O\u015brodku Doskonalenia Nauczycieli \u201eWOM\u201d w Cz\u0119stochowie odby\u0142a si\u0119 IX edycja Mi\u0119dzyszkolnego Konkursu Czytelniczego i Plastycznego \u201eSpotkanie z lektur\u0105\u201d. Organizatorami konkursu byli: nauczyciele bibliotekarze Publicznej Biblioteki Pedagogicznej Regionalnego O\u015brodka Doskonalenia Nauczycieli \u201eWOM\u201d \u2013 Izabela Bajor, Anna Hiller, Jolanta Janicka, Anna D\u0105browska oraz nauczyciele Szko\u0142y Podstawowej nr 39 &#8211; Agnieszka Centkowska i Wanda<span class=\"ellipsis\">&hellip;<\/span><\/p>\n<div class=\"read-more\"><a href=\"https:\/\/pbp.womczest.edu.pl\/new\/edukacja\/konkursy\/spotkanie-z-lektura\/spotkanie-z-lektura-2012\/\">Czytaj wi\u0119cej &#8250;<\/a><\/div>\n<p><!-- end of .read-more --><\/p>\n","protected":false},"author":3,"featured_media":0,"parent":4293,"menu_order":0,"comment_status":"closed","ping_status":"open","template":"","meta":{"footnotes":""},"jetpack_sharing_enabled":true,"jetpack_shortlink":"https:\/\/wp.me\/PgmV4H-17l","_links":{"self":[{"href":"https:\/\/pbp.womczest.edu.pl\/new\/wp-json\/wp\/v2\/pages\/4299"}],"collection":[{"href":"https:\/\/pbp.womczest.edu.pl\/new\/wp-json\/wp\/v2\/pages"}],"about":[{"href":"https:\/\/pbp.womczest.edu.pl\/new\/wp-json\/wp\/v2\/types\/page"}],"author":[{"embeddable":true,"href":"https:\/\/pbp.womczest.edu.pl\/new\/wp-json\/wp\/v2\/users\/3"}],"replies":[{"embeddable":true,"href":"https:\/\/pbp.womczest.edu.pl\/new\/wp-json\/wp\/v2\/comments?post=4299"}],"version-history":[{"count":2,"href":"https:\/\/pbp.womczest.edu.pl\/new\/wp-json\/wp\/v2\/pages\/4299\/revisions"}],"predecessor-version":[{"id":5066,"href":"https:\/\/pbp.womczest.edu.pl\/new\/wp-json\/wp\/v2\/pages\/4299\/revisions\/5066"}],"up":[{"embeddable":true,"href":"https:\/\/pbp.womczest.edu.pl\/new\/wp-json\/wp\/v2\/pages\/4293"}],"wp:attachment":[{"href":"https:\/\/pbp.womczest.edu.pl\/new\/wp-json\/wp\/v2\/media?parent=4299"}],"curies":[{"name":"wp","href":"https:\/\/api.w.org\/{rel}","templated":true}]}}