


{"id":4244,"date":"2015-05-19T10:04:35","date_gmt":"2015-05-19T08:04:35","guid":{"rendered":"https:\/\/pbp.womczest.edu.pl\/new\/?page_id=4244"},"modified":"2015-05-19T10:04:35","modified_gmt":"2015-05-19T08:04:35","slug":"dyktus-2013","status":"publish","type":"page","link":"https:\/\/pbp.womczest.edu.pl\/new\/edukacja\/konkursy\/dyktus\/dyktus-2013\/","title":{"rendered":"\u201eDyktu\u015b\u201d 2013"},"content":{"rendered":"<hr \/>\n<p style=\"text-align: center;\"><strong>Miejski Konkurs Ortograficzny dla uczni\u00f3w klas trzecich<\/strong><br \/>\n<strong>cz\u0119stochowskich szk\u00f3\u0142 podstawowych pod patronatem Prezydenta Miasta Cz\u0119stochowy<\/strong><\/p>\n<p>16 maja 2013 roku w Auli Forum Regionalnego O\u015brodka Doskonalenia Nauczycieli \u201eWOM\u201d w Cz\u0119stochowie odby\u0142 si\u0119 fina\u0142 XI edycji <em>Miejskiego Konkursu Ortograficznego dla uczni\u00f3w klas trzecich cz\u0119stochowskich szk\u00f3\u0142 podstawowych Dyktu\u015b 2013<\/em>. W tegorocznych zmaganiach udzia\u0142 wzi\u0119\u0142o 42 uczni\u00f3w z 21 szk\u00f3\u0142.<\/p>\n<p>Uroczyste podsumowanie konkursu mia\u0142o miejsce 28 maja. Organizatorzy zaprosili finalist\u00f3w, rodzic\u00f3w, nauczycieli oraz go\u015bci. Po powitaniu wszystkich przez Pani\u0105 Renat\u0119 Lipniewsk\u0105 \u2013 wicedyrektora RODN \u201eWOM\u201d ds. bibliotek pedagogicznych g\u0142os zabra\u0142a Pani Magdalena D\u0119bska \u2013 inspektor Wydzia\u0142u Edukacji Urz\u0119du Miasta Cz\u0119stochowy. W imieniu Krzysztofa Matyjaszczyka \u2013 Prezydenta Miasta z\u0142o\u017cy\u0142a wszystkim uczniom serdeczne gratulacje. Na uroczysto\u015bci obecne r\u00f3wnie\u017c by\u0142y: Pani Aleksandra Orze\u0142 \u2013 dyrektor Szko\u0142y Podstawowej nr 39 oraz Pani Urszula \u017burek \u2013 wicedyrektor Szko\u0142y Podstawowej nr 11. Przed og\u0142oszeniem wynik\u00f3w dyktanda, w cz\u0119\u015bci artystycznej naszego spotkania, obejrzeli\u015bmy przedstawienie <em>Zabawa w \u015api\u0105c\u0105 Kr\u00f3lewn\u0119 <\/em>na podstawie ksi\u0105\u017cki Zofii W\u00f3jcik, w wykonaniu uczni\u00f3w klasy trzeciej Szko\u0142y Podstawowej nr 11. Uczni\u00f3w do wyst\u0119pu przygotowa\u0142a Pani Anna Janas. Po kr\u00f3tkiej prezentacji dotycz\u0105cej przebiegu tegorocznych zmaga\u0144, odczytany zosta\u0142 tekst dyktanda, z kt\u00f3rym zmierzyli si\u0119 finali\u015bci. W bardzo trudnym, jak ka\u017cdego roku, dyktandzie<em> Mistrz ortografii<\/em> pope\u0142ni\u0142 tylko dwa b\u0142\u0119dy ortograficzne.<\/p>\n<p>A oto laureaci <em>Miejskiego Konkursu Ortograficznego dla uczni\u00f3w klas trzecich cz\u0119stochowskich szk\u00f3\u0142 podstawowych Dyktu\u015b 2013:<\/em><\/p>\n<p><em>Mistrz ortografii:<\/em><br \/>\n<strong>Martyna Panek<\/strong> \u2013 Prywatna Lingwistyczna Szko\u0142a Podstawowa<\/p>\n<p><em>Wicemistrzowie ortografii:<\/em><br \/>\n<strong>Antoni Mr\u00f3z<\/strong> \u2013 Szko\u0142a Podstawowa nr 14<strong><br \/>\nMateusz Ratman<\/strong> \u2013 Szko\u0142a Podstawowa im. \u015bw. Jana de La Salle<\/p>\n<p><em>Wyr\u00f3\u017cnienia:<\/em><br \/>\n<strong>Dorota Liszewska<\/strong> \u2013 Prywatna Lingwistyczna Szko\u0142a Podstawowa<strong><br \/>\nJulia Olczyk<\/strong> \u2013 Szko\u0142a Podstawowa nr 54<strong><br \/>\nMariusz Skiba<\/strong> \u2013 Szko\u0142a Podstawowa nr 21<strong><br \/>\nMicha\u0142 Strugacz<\/strong> \u2013 Szko\u0142a Podstawowa im. \u015bw. Jana de La Salle<br \/>\n<strong>Karolina Kupczyk<\/strong> \u2013 Szko\u0142a Podstawowa nr 31<\/p>\n<p>Sponsorzy: Urz\u0105d Miasta Cz\u0119stochowy \u2013 nagrody ksi\u0105\u017ckowe, Wydawnictwo <em>Nowa Era<\/em> \u2013 drobne upominki rzeczowe, organizatorzy konkursu \u2013 s\u0142odki pocz\u0119stunek. Wszystkim sponsorom bardzo dzi\u0119kujemy za wsparcie i pomoc w organizacji ortograficznych zmaga\u0144.<\/p>\n<p>Wszystkich uczni\u00f3w zainteresowanych ortograficznymi zawi\u0142o\u015bciami zapraszamy za rok.<\/p>\n<p style=\"text-align: right;\"><em>Anna Janas<br \/>\nKatarzyna Ma\u0142asiewicz<br \/>\nMagdalena Krzemi\u0144ska<br \/>\nAnna Grabowska<br \/>\nJoanna Resakowska<br \/>\n<em>Zdj\u0119cia: Izabela Bajor<\/em><\/em><\/p>\n<p><a href=\"https:\/\/pbp.womczest.edu.pl\/new\/wp-content\/uploads\/2013\/06\/dzialalnosc_edukacyjna_dyktus_dyktus_2013_tekst.pdf\" target=\"_blank\"><em><strong>Tekst dyktanda<\/strong><\/em><\/a><br \/>\n<em><strong>Galeria<\/strong><\/em><\/p>\n","protected":false},"excerpt":{"rendered":"<p>Miejski Konkurs Ortograficzny dla uczni\u00f3w klas trzecich cz\u0119stochowskich szk\u00f3\u0142 podstawowych pod patronatem Prezydenta Miasta Cz\u0119stochowy 16 maja 2013 roku w Auli Forum Regionalnego O\u015brodka Doskonalenia Nauczycieli \u201eWOM\u201d w Cz\u0119stochowie odby\u0142 si\u0119 fina\u0142 XI edycji Miejskiego Konkursu Ortograficznego dla uczni\u00f3w klas trzecich cz\u0119stochowskich szk\u00f3\u0142 podstawowych Dyktu\u015b 2013. W tegorocznych zmaganiach udzia\u0142 wzi\u0119\u0142o 42 uczni\u00f3w z 21 szk\u00f3\u0142. Uroczyste podsumowanie konkursu mia\u0142o miejsce 28 maja. Organizatorzy zaprosili finalist\u00f3w, rodzic\u00f3w, nauczycieli oraz go\u015bci.<span class=\"ellipsis\">&hellip;<\/span><\/p>\n<div class=\"read-more\"><a href=\"https:\/\/pbp.womczest.edu.pl\/new\/edukacja\/konkursy\/dyktus\/dyktus-2013\/\">Czytaj wi\u0119cej &#8250;<\/a><\/div>\n<p><!-- end of .read-more --><\/p>\n","protected":false},"author":3,"featured_media":0,"parent":4230,"menu_order":0,"comment_status":"closed","ping_status":"open","template":"","meta":{"footnotes":""},"jetpack_sharing_enabled":true,"jetpack_shortlink":"https:\/\/wp.me\/PgmV4H-16s","_links":{"self":[{"href":"https:\/\/pbp.womczest.edu.pl\/new\/wp-json\/wp\/v2\/pages\/4244"}],"collection":[{"href":"https:\/\/pbp.womczest.edu.pl\/new\/wp-json\/wp\/v2\/pages"}],"about":[{"href":"https:\/\/pbp.womczest.edu.pl\/new\/wp-json\/wp\/v2\/types\/page"}],"author":[{"embeddable":true,"href":"https:\/\/pbp.womczest.edu.pl\/new\/wp-json\/wp\/v2\/users\/3"}],"replies":[{"embeddable":true,"href":"https:\/\/pbp.womczest.edu.pl\/new\/wp-json\/wp\/v2\/comments?post=4244"}],"version-history":[{"count":2,"href":"https:\/\/pbp.womczest.edu.pl\/new\/wp-json\/wp\/v2\/pages\/4244\/revisions"}],"predecessor-version":[{"id":4246,"href":"https:\/\/pbp.womczest.edu.pl\/new\/wp-json\/wp\/v2\/pages\/4244\/revisions\/4246"}],"up":[{"embeddable":true,"href":"https:\/\/pbp.womczest.edu.pl\/new\/wp-json\/wp\/v2\/pages\/4230"}],"wp:attachment":[{"href":"https:\/\/pbp.womczest.edu.pl\/new\/wp-json\/wp\/v2\/media?parent=4244"}],"curies":[{"name":"wp","href":"https:\/\/api.w.org\/{rel}","templated":true}]}}