


{"id":4234,"date":"2015-05-19T10:00:37","date_gmt":"2015-05-19T08:00:37","guid":{"rendered":"https:\/\/pbp.womczest.edu.pl\/new\/?page_id=4234"},"modified":"2015-07-07T13:05:48","modified_gmt":"2015-07-07T11:05:48","slug":"dyktus-2015","status":"publish","type":"page","link":"https:\/\/pbp.womczest.edu.pl\/new\/edukacja\/konkursy\/dyktus\/dyktus-2015\/","title":{"rendered":"Dyktu\u015b 2015"},"content":{"rendered":"<p style=\"text-align: left;\">14 maja 2015 roku w Auli Forum Regionalnego O\u015brodka Doskonalenia Nauczycieli \u201eWOM\u201d w Cz\u0119stochowie odby\u0142 si\u0119 fina\u0142 XIII edycji <em>Miejskiego konkursu ortograficznego dla uczni\u00f3w klas trzecich cz\u0119stochowskich szk\u00f3\u0142 podstawowych Dyktu\u015b 2015<\/em>. Organizatorami poprzednich dwunastu edycji by\u0142a Publiczna Biblioteka Pedagogiczna RODN \u201eWOM\u201d w Cz\u0119stochowie, Szko\u0142a Podstawowa nr 39 i Szko\u0142a Podstawowa nr 11 w Cz\u0119stochowie. Od tego roku wsp\u00f3\u0142organizatorem dyktanda zosta\u0142a Szko\u0142a Podstawowa nr 19 w Cz\u0119stochowie, zast\u0119puj\u0105c w tej roli Szko\u0142\u0119 Podstawow\u0105 nr 39 w Cz\u0119stochowie.<\/p>\n<p>Ze wzgl\u0119du na trzynast\u0105 edycj\u0119 konkursu tematem dyktanda by\u0142a liczba trzyna\u015bcie, czarne koty i inne atrybuty zwi\u0105zane z pechem. Jak przysta\u0142o na \u201eferalne\u201d spotkanie, podczas pisania, bardzo cz\u0119sto wymieniali\u015bmy zepsute i wypisane d\u0142ugopisy!<\/p>\n<p>W tegorocznych zmaganiach udzia\u0142 wzi\u0119\u0142o 46 uczni\u00f3w \u2013 mistrz\u00f3w i wicemistrz\u00f3w ortografii \u2013 z 23 cz\u0119stochowskich szk\u00f3\u0142 podstawowych.<\/p>\n<p>Uroczyste podsumowanie konkursu mia\u0142o miejsce 28 maja. Organizatorzy zaprosili na to spotkanie finalist\u00f3w, rodzic\u00f3w, nauczycieli oraz go\u015bci.<\/p>\n<p>Nasze zaproszenia przyj\u0119li: Ryszard Stefaniak \u2013 Zast\u0119pca Prezydenta Miasta Cz\u0119stochowy, Magdalena D\u0119bska \u2013 Naczelnik Wydzia\u0142u Edukacji Urz\u0119du Miasta Cz\u0119stochowy, Maria \u015awiniarska \u2013 Dyrektor Szko\u0142y Podstawowej nr 11 w Cz\u0119stochowie i El\u017cbieta Szaraniec \u2013 Dyrektor Szko\u0142y Podstawowej nr 19 w Cz\u0119stochowie.<\/p>\n<p>Po powitaniu wszystkich przez pani\u0105 Renat\u0119 Lipniewsk\u0105 \u2013 Wicedyrektora RODN \u201eWOM\u201d ds. Bibliotek Pedagogicznych g\u0142os pan Ryszard Stefaniak, kt\u00f3ry z\u0142o\u017cy\u0142 uczniom serdeczne gratulacje oraz zach\u0119ca\u0142 ich do systematycznej pracy nad doskonaleniem poprawnej polszczyzny \u2013 zar\u00f3wno tej m\u00f3wionej jak i pisanej. Namawia\u0142 te\u017c do cz\u0119stego kontaktu z ksi\u0105\u017ck\u0105, przyjacielem, kt\u00f3ry zawsze jest przy nas.<\/p>\n<p>W cz\u0119\u015bci artystycznej wys\u0142uchali\u015bmy piosenki i wiersza w wykonaniu uczni\u00f3w Szko\u0142y Podstawowej nr 11 w Cz\u0119stochowie, kt\u00f3rych do wyst\u0119pu przygotowa\u0142a pani Anna Janas.<\/p>\n<p>Nast\u0119pnie po kr\u00f3tkiej prezentacji dotycz\u0105cej przebiegu tegorocznych zmaga\u0144 odczytany zosta\u0142 tekst dyktanda, z kt\u00f3rym zmierzyli si\u0119 finali\u015bci.<\/p>\n<p>Najbardziej oczekiwanym punktem uroczysto\u015bci by\u0142o og\u0142oszenie wynik\u00f3w. Wr\u0119czenia dyplom\u00f3w i nagr\u00f3d dokonali Ryszard Stefaniak, Magdalena D\u0119bska i Renata Lipniewska.<\/p>\n<p>A oto tegoroczni laureaci <em>Miejskiego konkursu ortograficznego dla uczni\u00f3w klas trzecich cz\u0119stochowskich szk\u00f3\u0142 podstawowych Dyktu\u015b 2015:<\/em><\/p>\n<p><em>Mistrz ortografii:<\/em><br \/>\n<strong>Roksana Pijet<\/strong> \u2013 Szko\u0142a Podstawowa im. \u015bw. Jana de La Salle w Cz\u0119stochowie<\/p>\n<p><em>Wicemistrzowie ortografii:<\/em><br \/>\n<strong>Kamila Kwapich<\/strong> \u2013 Szko\u0142a Podstawowa nr 11 w Cz\u0119stochowie<strong><br \/>\n<strong>Mi\u0142osz Przyby\u0142<\/strong><\/strong> \u2013 Szko\u0142a Podstawowa nr 27 w Cz\u0119stochowie<\/p>\n<p><em>Wyr\u00f3\u017cnienia:<\/em><br \/>\n<strong>Wiktoria Bau\u0107<\/strong> \u2013 Szko\u0142a Podstawowa nr 24 w Cz\u0119stochowie<strong><br \/>\n<strong>Maksym Dymek <\/strong><\/strong>\u2013 Szko\u0142a Podstawowa nr 14 w Cz\u0119stochowie<strong><br \/>\n<strong>Bartosz Arendt<\/strong><\/strong> \u2013 Szko\u0142a Podstawowa nr 19 w Cz\u0119stochowie<strong><br \/>\n<strong>Maja Nowakowska<\/strong><\/strong> \u2013 Szko\u0142a Podstawowa nr 31 w Cz\u0119stochowie<br \/>\n<strong>Stanis\u0142aw Krakowian<\/strong> \u2013 Publiczna Szko\u0142a Podstawowa Si\u00f3str Zmartwychwstanek w Cz\u0119stochowie<\/p>\n<p><strong>Patryk Jo\u0144ski \u2013 <\/strong>Szko\u0142a Podstawowa nr 33 w Cz\u0119stochowie<\/p>\n<p><strong>Laura Majak \u2013 <\/strong>Szko\u0142a Podstawowa nr 54 w Cz\u0119stochowie<\/p>\n<p>Sponsorami nagr\u00f3d ksi\u0105\u017ckowych dla laureat\u00f3w by\u0142 Urz\u0105d Miasta Cz\u0119stochowy. Bardzo dzi\u0119kujemy za wsparcie i pomoc w organizacji ortograficznych zmaga\u0144 i za mo\u017cliwo\u015b\u0107 nagrodzenia najlepszych uczestnik\u00f3w dyktanda.<\/p>\n<p>Wszystkim uczniom gratulujemy du\u017cej wiedzy a laureatom zdobycia zaszczytnych tytu\u0142\u00f3w. Nauczycielom dzi\u0119kujemy za przygotowanie uczestnik\u00f3w do udzia\u0142u w konkursie. Ch\u0119tnych zapraszamy za rok.<\/p>\n<p style=\"text-align: right;\"><em>Joanna Resakowska, PBP RODN &#8222;WOM&#8221; w Cz\u0119stochowie<\/em><\/p>\n<p style=\"text-align: right;\">\n<p style=\"text-align: right;\"><em>Anna Janas,\u00a0Katarzyna Ma\u0142asiewicz,\u00a0<\/em><em>SP nr 11 w Cz\u0119stochowie<\/em><\/p>\n<p style=\"text-align: right;\"><em>Magdalena Krzemi\u0144ska,\u00a0<\/em><em>SP nr 19 w Cz\u0119stochowie<\/em><\/p>\n<p style=\"text-align: right;\"><em>Zdj\u0119cia: Mariusz Trenda<\/em><\/p>\n<p><em>\u00a0<\/em><\/p>\n<p><a href=\"https:\/\/pbp.womczest.edu.pl\/new\/wp-content\/uploads\/2015\/06\/tekst-dyktanda-2015.docx\" target=\"_blank\"><strong><em>Tekst dyktanda<\/em><\/strong><\/a><\/p>\n<p><strong><em><a href=\"https:\/\/pbp.womczest.edu.pl\/new\/galeria\/dyktus-2015\/\">Galeria<\/a><\/em><\/strong><\/p>\n","protected":false},"excerpt":{"rendered":"<p>14 maja 2015 roku w Auli Forum Regionalnego O\u015brodka Doskonalenia Nauczycieli \u201eWOM\u201d w Cz\u0119stochowie odby\u0142 si\u0119 fina\u0142 XIII edycji Miejskiego konkursu ortograficznego dla uczni\u00f3w klas trzecich cz\u0119stochowskich szk\u00f3\u0142 podstawowych Dyktu\u015b 2015. Organizatorami poprzednich dwunastu edycji by\u0142a Publiczna Biblioteka Pedagogiczna RODN \u201eWOM\u201d w Cz\u0119stochowie, Szko\u0142a Podstawowa nr 39 i Szko\u0142a Podstawowa nr 11 w Cz\u0119stochowie. Od tego roku wsp\u00f3\u0142organizatorem dyktanda zosta\u0142a Szko\u0142a Podstawowa nr 19 w Cz\u0119stochowie, zast\u0119puj\u0105c w tej roli<span class=\"ellipsis\">&hellip;<\/span><\/p>\n<div class=\"read-more\"><a href=\"https:\/\/pbp.womczest.edu.pl\/new\/edukacja\/konkursy\/dyktus\/dyktus-2015\/\">Czytaj wi\u0119cej &#8250;<\/a><\/div>\n<p><!-- end of .read-more --><\/p>\n","protected":false},"author":3,"featured_media":0,"parent":4230,"menu_order":0,"comment_status":"closed","ping_status":"open","template":"","meta":{"footnotes":""},"jetpack_sharing_enabled":true,"jetpack_shortlink":"https:\/\/wp.me\/PgmV4H-16i","_links":{"self":[{"href":"https:\/\/pbp.womczest.edu.pl\/new\/wp-json\/wp\/v2\/pages\/4234"}],"collection":[{"href":"https:\/\/pbp.womczest.edu.pl\/new\/wp-json\/wp\/v2\/pages"}],"about":[{"href":"https:\/\/pbp.womczest.edu.pl\/new\/wp-json\/wp\/v2\/types\/page"}],"author":[{"embeddable":true,"href":"https:\/\/pbp.womczest.edu.pl\/new\/wp-json\/wp\/v2\/users\/3"}],"replies":[{"embeddable":true,"href":"https:\/\/pbp.womczest.edu.pl\/new\/wp-json\/wp\/v2\/comments?post=4234"}],"version-history":[{"count":5,"href":"https:\/\/pbp.womczest.edu.pl\/new\/wp-json\/wp\/v2\/pages\/4234\/revisions"}],"predecessor-version":[{"id":5577,"href":"https:\/\/pbp.womczest.edu.pl\/new\/wp-json\/wp\/v2\/pages\/4234\/revisions\/5577"}],"up":[{"embeddable":true,"href":"https:\/\/pbp.womczest.edu.pl\/new\/wp-json\/wp\/v2\/pages\/4230"}],"wp:attachment":[{"href":"https:\/\/pbp.womczest.edu.pl\/new\/wp-json\/wp\/v2\/media?parent=4234"}],"curies":[{"name":"wp","href":"https:\/\/api.w.org\/{rel}","templated":true}]}}