


{"id":4223,"date":"2015-05-19T09:54:20","date_gmt":"2015-05-19T07:54:20","guid":{"rendered":"https:\/\/pbp.womczest.edu.pl\/new\/?page_id=4223"},"modified":"2015-06-23T12:16:00","modified_gmt":"2015-06-23T10:16:00","slug":"list-do-swietego-mikolaja","status":"publish","type":"page","link":"https:\/\/pbp.womczest.edu.pl\/new\/edukacja\/konkursy\/list-do-swietego-mikolaja\/","title":{"rendered":"List do \u015awi\u0119tego Miko\u0142aja"},"content":{"rendered":"<p>15 lutego 2012 roku odby\u0142o si\u0119 uroczyste rozstrzygni\u0119cie konkursu <em>List do \u015aw. Miko\u0142aja.<\/em><\/p>\n<p style=\"text-align: center;\"><a href=\"https:\/\/pbp.womczest.edu.pl\/new\/wp-content\/uploads\/2012\/03\/artykuly_mikolajek_miko\u0142aki.pps\"><em><img decoding=\"async\" loading=\"lazy\" class=\"  wp-image-400\" src=\"https:\/\/pbp.womczest.edu.pl\/new\/wp-content\/uploads\/2012\/03\/aktualnosci_mikolajek2012.jpg\" alt=\"\" width=\"378\" height=\"286\" border=\"0\" \/><br \/>\n<\/em><\/a><\/p>\n<p style=\"text-align: center;\"><em><a href=\"https:\/\/pbp.womczest.edu.pl\/new\/wp-content\/uploads\/2012\/03\/artykuly_mikolajek_miko\u0142aki.pps\">kliknij aby zobaczy\u0107 prezentacj\u0119<\/a><br \/>\n<\/em><\/p>\n<p>Pomys\u0142 konkursu zrodzi\u0142 si\u0119 6 grudnia 2011 roku podczas przeprowadzonego w ramach Og\u00f3lnopolskiej kampanii spo\u0142ecznej <em>Ca\u0142a Polska czyta dzieciom<\/em> spotkania czytelniczego <em>Miko\u0142ajki z Miko\u0142ajkiem<\/em>. Wzi\u0119li w nim udzia\u0142 uczniowie klas III szk\u00f3\u0142 podstawowych w Lelowie i Podlesiu. Podczas zaj\u0119\u0107 czytane by\u0142y fragmenty ksi\u0105\u017cki \u201eNowe przygody Miko\u0142ajka\u201d Ren\u00e9 Go\u015bcinnego i Jean-Jacquesa Semp\u00e9. Bohater ksi\u0105\u017cki zosta\u0142 poproszony przez rodzic\u00f3w, aby w li\u015bcie do \u015aw. Miko\u0142aja nie my\u015bla\u0142 tylko o upominkach dla siebie, lecz poprosi\u0142 o prezenty dla tych, kt\u00f3rych lubi. Miko\u0142ajek w taki spos\u00f3b sformu\u0142owa\u0142 \u017cyczenia, aby prezenty dla jego bliskich oraz przyjaci\u00f3\u0142 i jemu mog\u0142y sprawi\u0107 przyjemno\u015b\u0107.<\/p>\n<p>Uczestnicy spotkania zostali poproszeni o napisanie listu do \u015aw. Miko\u0142aja w \u201estylu Miko\u0142ajka\u201d.<\/p>\n<p>W konkursie wzi\u0119\u0142o udzia\u0142 siedmiu uczni\u00f3w. Dzieci tworzy\u0142y prace pod czujnym okiem pani Emilii Mory\u0144. Ka\u017cdy z list\u00f3w by\u0142 ciekawy i spe\u0142nia\u0142 wszystkie kryteria, dlatego jury konkursu postanowi\u0142o nagrodzi\u0107 wszystkie nades\u0142ane prace. Oto nazwiska laureat\u00f3w:<\/p>\n<p align=\"center\"><strong>Jakub Marczak<\/strong><\/p>\n<p align=\"center\"><strong>Dawid Korzeniec<\/strong><\/p>\n<p align=\"center\"><strong>Martyna Szczerba<\/strong><\/p>\n<p align=\"center\"><strong>Norbert Pa\u0142\u0119ta<\/strong><\/p>\n<p align=\"center\"><strong>Kuba Luty<\/strong><\/p>\n<p align=\"center\"><strong>Filip Janasik<\/strong><\/p>\n<p align=\"center\"><strong>Oliwia Jasion<\/strong><\/p>\n<p>&nbsp;<\/p>\n<p>Uroczyste wr\u0119czenie nagr\u00f3d odby\u0142o si\u0119 20 lutego 2012 roku w Szkole Podstawowej w Lelowie w obecno\u015bci uczni\u00f3w klas I-III, grona pedagogicznego oraz dyrektora Andrzeja B\u0105bki. Wr\u0119czenia dokona\u0142a pani Dorota Kulawiak, kierownik Filii Publicznej Biblioteki Pedagogicznej w Lelowie.<\/p>\n<p>Fundatorem nagr\u00f3d dla uczestnik\u00f3w konkursu by\u0142 pan Jan Kciuk z Hurtowni Zabawek \u201eAs\u201d, kt\u00f3ry od wielu lat ch\u0119tnie wspiera wszelkie inicjatywy biblioteki.<\/p>\n<p><strong><em>Wszystkim uczestnikom konkursu gratulujemy i \u017cyczymy rozwijania talent\u00f3w literackich.<\/em><\/strong><\/p>\n<p><em><strong>\u00a0GALERIA<\/strong><\/em><\/p>\n","protected":false},"excerpt":{"rendered":"<p>15 lutego 2012 roku odby\u0142o si\u0119 uroczyste rozstrzygni\u0119cie konkursu List do \u015aw. Miko\u0142aja. kliknij aby zobaczy\u0107 prezentacj\u0119 Pomys\u0142 konkursu zrodzi\u0142 si\u0119 6 grudnia 2011 roku podczas przeprowadzonego w ramach Og\u00f3lnopolskiej kampanii spo\u0142ecznej Ca\u0142a Polska czyta dzieciom spotkania czytelniczego Miko\u0142ajki z Miko\u0142ajkiem. Wzi\u0119li w nim udzia\u0142 uczniowie klas III szk\u00f3\u0142 podstawowych w Lelowie i Podlesiu. Podczas zaj\u0119\u0107 czytane by\u0142y fragmenty ksi\u0105\u017cki \u201eNowe przygody Miko\u0142ajka\u201d Ren\u00e9 Go\u015bcinnego i Jean-Jacquesa Semp\u00e9. Bohater ksi\u0105\u017cki<span class=\"ellipsis\">&hellip;<\/span><\/p>\n<div class=\"read-more\"><a href=\"https:\/\/pbp.womczest.edu.pl\/new\/edukacja\/konkursy\/list-do-swietego-mikolaja\/\">Czytaj wi\u0119cej &#8250;<\/a><\/div>\n<p><!-- end of .read-more --><\/p>\n","protected":false},"author":3,"featured_media":0,"parent":2649,"menu_order":0,"comment_status":"closed","ping_status":"open","template":"","meta":{"footnotes":""},"jetpack_sharing_enabled":true,"jetpack_shortlink":"https:\/\/wp.me\/PgmV4H-167","_links":{"self":[{"href":"https:\/\/pbp.womczest.edu.pl\/new\/wp-json\/wp\/v2\/pages\/4223"}],"collection":[{"href":"https:\/\/pbp.womczest.edu.pl\/new\/wp-json\/wp\/v2\/pages"}],"about":[{"href":"https:\/\/pbp.womczest.edu.pl\/new\/wp-json\/wp\/v2\/types\/page"}],"author":[{"embeddable":true,"href":"https:\/\/pbp.womczest.edu.pl\/new\/wp-json\/wp\/v2\/users\/3"}],"replies":[{"embeddable":true,"href":"https:\/\/pbp.womczest.edu.pl\/new\/wp-json\/wp\/v2\/comments?post=4223"}],"version-history":[{"count":2,"href":"https:\/\/pbp.womczest.edu.pl\/new\/wp-json\/wp\/v2\/pages\/4223\/revisions"}],"predecessor-version":[{"id":5064,"href":"https:\/\/pbp.womczest.edu.pl\/new\/wp-json\/wp\/v2\/pages\/4223\/revisions\/5064"}],"up":[{"embeddable":true,"href":"https:\/\/pbp.womczest.edu.pl\/new\/wp-json\/wp\/v2\/pages\/2649"}],"wp:attachment":[{"href":"https:\/\/pbp.womczest.edu.pl\/new\/wp-json\/wp\/v2\/media?parent=4223"}],"curies":[{"name":"wp","href":"https:\/\/api.w.org\/{rel}","templated":true}]}}