


{"id":4217,"date":"2015-05-19T09:50:56","date_gmt":"2015-05-19T07:50:56","guid":{"rendered":"https:\/\/pbp.womczest.edu.pl\/new\/?page_id=4217"},"modified":"2018-02-06T12:27:49","modified_gmt":"2018-02-06T11:27:49","slug":"mlody-polak-mlodym-europejczykiem-wyniki-konkursu","status":"publish","type":"page","link":"https:\/\/pbp.womczest.edu.pl\/new\/edukacja\/konkursy\/mlody-polak-mlodym-europejczykiem-wyniki-konkursu\/","title":{"rendered":"M\u0142ody Polak m\u0142odym Europejczykiem &#8211; wyniki konkursu"},"content":{"rendered":"<hr \/>\n<p>Dnia 15 lutego 2012 roku og\u0142oszono wyniki konkursu fotograficznego <em>M\u0142ody Polak m\u0142odym Europejczykiem,<\/em> skierowanego do gimnazjalist\u00f3w powiatu cz\u0119stochowskiego. Konkurs odbywa\u0142 si\u0119 pod patronatem Starosty Cz\u0119stochowskiego, Dyrektora Regionalnego O\u015brodka Kultury oraz Dyrektora Regionalnego Centrum Informacji Europejskiej w Cz\u0119stochowie.<\/p>\n<p>Jury po burzliwej dyskusji nad fotografiami postanowi\u0142o przyzna\u0107 dwie pierwsze nagrody oraz jedn\u0105 drug\u0105. Trzeciej nagrody nie przyznano.<\/p>\n<p>Jury w sk\u0142adzie: Ewa Otr\u0105bek, Beata Raczy\u0144ska, Bogumi\u0142 Dobosz przyzna\u0142o:<\/p>\n<p>II nagrod\u0119 za prac\u0119 zatytu\u0142owan\u0105: <em>Unia Europejska okiem dziecka- tryptyk<\/em> uczniowi z Gimnazjum nr 3 im. Armii Krajowej w Cz\u0119stochowie. Nagrod\u0119 otrzyma\u0142 Miko\u0142aj Centkowski.<\/p>\n<p>Dwie pierwsze, r\u00f3wnorz\u0119dne nagrody otrzyma\u0142y: Weronika Pruszek z I klasy gimnazjum w Zespole Szk\u00f3\u0142 im. Boles\u0142awa Prusa w Garnku za prac\u0119 <em>Europa jest OK <\/em>oraz Helena \u015awidnicka z Gimnazjum nr 3 im. Armii Krajowej w Cz\u0119stochowie za prac\u0119 <em>Przez Europ\u0119 z polskim akcentem.<\/em><\/p>\n<p><em><strong>GALERIA<\/strong><\/em><\/p>\n","protected":false},"excerpt":{"rendered":"<p>Dnia 15 lutego 2012 roku og\u0142oszono wyniki konkursu fotograficznego M\u0142ody Polak m\u0142odym Europejczykiem, skierowanego do gimnazjalist\u00f3w powiatu cz\u0119stochowskiego. Konkurs odbywa\u0142 si\u0119 pod patronatem Starosty Cz\u0119stochowskiego, Dyrektora Regionalnego O\u015brodka Kultury oraz Dyrektora Regionalnego Centrum Informacji Europejskiej w Cz\u0119stochowie. Jury po burzliwej dyskusji nad fotografiami postanowi\u0142o przyzna\u0107 dwie pierwsze nagrody oraz jedn\u0105 drug\u0105. Trzeciej nagrody nie przyznano. Jury w sk\u0142adzie: Ewa Otr\u0105bek, Beata Raczy\u0144ska, Bogumi\u0142 Dobosz przyzna\u0142o: II nagrod\u0119 za prac\u0119 zatytu\u0142owan\u0105:<span class=\"ellipsis\">&hellip;<\/span><\/p>\n<div class=\"read-more\"><a href=\"https:\/\/pbp.womczest.edu.pl\/new\/edukacja\/konkursy\/mlody-polak-mlodym-europejczykiem-wyniki-konkursu\/\">Czytaj wi\u0119cej &#8250;<\/a><\/div>\n<p><!-- end of .read-more --><\/p>\n","protected":false},"author":3,"featured_media":0,"parent":2649,"menu_order":0,"comment_status":"closed","ping_status":"open","template":"","meta":{"footnotes":""},"jetpack_sharing_enabled":true,"jetpack_shortlink":"https:\/\/wp.me\/PgmV4H-161","_links":{"self":[{"href":"https:\/\/pbp.womczest.edu.pl\/new\/wp-json\/wp\/v2\/pages\/4217"}],"collection":[{"href":"https:\/\/pbp.womczest.edu.pl\/new\/wp-json\/wp\/v2\/pages"}],"about":[{"href":"https:\/\/pbp.womczest.edu.pl\/new\/wp-json\/wp\/v2\/types\/page"}],"author":[{"embeddable":true,"href":"https:\/\/pbp.womczest.edu.pl\/new\/wp-json\/wp\/v2\/users\/3"}],"replies":[{"embeddable":true,"href":"https:\/\/pbp.womczest.edu.pl\/new\/wp-json\/wp\/v2\/comments?post=4217"}],"version-history":[{"count":4,"href":"https:\/\/pbp.womczest.edu.pl\/new\/wp-json\/wp\/v2\/pages\/4217\/revisions"}],"predecessor-version":[{"id":11381,"href":"https:\/\/pbp.womczest.edu.pl\/new\/wp-json\/wp\/v2\/pages\/4217\/revisions\/11381"}],"up":[{"embeddable":true,"href":"https:\/\/pbp.womczest.edu.pl\/new\/wp-json\/wp\/v2\/pages\/2649"}],"wp:attachment":[{"href":"https:\/\/pbp.womczest.edu.pl\/new\/wp-json\/wp\/v2\/media?parent=4217"}],"curies":[{"name":"wp","href":"https:\/\/api.w.org\/{rel}","templated":true}]}}