


{"id":4135,"date":"2015-05-19T09:12:53","date_gmt":"2015-05-19T07:12:53","guid":{"rendered":"https:\/\/pbp.womczest.edu.pl\/new\/?page_id=4135"},"modified":"2015-05-19T09:12:53","modified_gmt":"2015-05-19T07:12:53","slug":"vi-bajkowe-spotkania-2013","status":"publish","type":"page","link":"https:\/\/pbp.womczest.edu.pl\/new\/edukacja\/cala-polska-czyta-dzieciom\/cpcd-relacje-z-przeprowadzonych-spotkan-i-imprez-czytelniczych\/vi-bajkowe-spotkania-2013\/","title":{"rendered":"VI Bajkowe Spotkania \u2013 2013"},"content":{"rendered":"<hr \/>\n<div id=\"attachment_1104\" style=\"width: 210px\" class=\"wp-caption alignleft\"><a href=\"https:\/\/pbp.womczest.edu.pl\/new\/wp-content\/uploads\/2013\/04\/dzialalnosc_edukacyjna_cala_polska_czyta_dzieciom_vi_bajkowe_spotkania_IMG_7332.JPG\" target=\"_blank\"><img aria-describedby=\"caption-attachment-1104\" decoding=\"async\" class=\"caption alignleft size-full wp-image-1104\" style=\"float: left;\" title=\"Studentki w\u0142\u0105czaj\u0105 si\u0119 w zabaw\u0119 z dzie\u0107mi\" src=\"https:\/\/pbp.womczest.edu.pl\/new\/wp-content\/uploads\/2013\/04\/dzialalnosc_edukacyjna_cala_polska_czyta_dzieciom_vi_bajkowe_spotkania_IMG_7332.JPG\" alt=\"\" width=\"200\" border=\"0\" srcset=\"https:\/\/pbp.womczest.edu.pl\/new\/wp-content\/uploads\/2013\/04\/dzialalnosc_edukacyjna_cala_polska_czyta_dzieciom_vi_bajkowe_spotkania_IMG_7332.JPG 1024w, https:\/\/pbp.womczest.edu.pl\/new\/wp-content\/uploads\/2013\/04\/dzialalnosc_edukacyjna_cala_polska_czyta_dzieciom_vi_bajkowe_spotkania_IMG_7332-300x200.jpg 300w, https:\/\/pbp.womczest.edu.pl\/new\/wp-content\/uploads\/2013\/04\/dzialalnosc_edukacyjna_cala_polska_czyta_dzieciom_vi_bajkowe_spotkania_IMG_7332-100x67.jpg 100w, https:\/\/pbp.womczest.edu.pl\/new\/wp-content\/uploads\/2013\/04\/dzialalnosc_edukacyjna_cala_polska_czyta_dzieciom_vi_bajkowe_spotkania_IMG_7332-150x100.jpg 150w, https:\/\/pbp.womczest.edu.pl\/new\/wp-content\/uploads\/2013\/04\/dzialalnosc_edukacyjna_cala_polska_czyta_dzieciom_vi_bajkowe_spotkania_IMG_7332-200x133.jpg 200w, https:\/\/pbp.womczest.edu.pl\/new\/wp-content\/uploads\/2013\/04\/dzialalnosc_edukacyjna_cala_polska_czyta_dzieciom_vi_bajkowe_spotkania_IMG_7332-450x300.jpg 450w, https:\/\/pbp.womczest.edu.pl\/new\/wp-content\/uploads\/2013\/04\/dzialalnosc_edukacyjna_cala_polska_czyta_dzieciom_vi_bajkowe_spotkania_IMG_7332-600x400.jpg 600w, https:\/\/pbp.womczest.edu.pl\/new\/wp-content\/uploads\/2013\/04\/dzialalnosc_edukacyjna_cala_polska_czyta_dzieciom_vi_bajkowe_spotkania_IMG_7332-900x600.jpg 900w\" sizes=\"(max-width: 1024px) 100vw, 1024px\" \/><\/a><p id=\"caption-attachment-1104\" class=\"wp-caption-text\">Studentki w\u0142\u0105czaj\u0105 si\u0119 w zabaw\u0119 z dzie\u0107mi<\/p><\/div>\n<p><strong>Tegoroczne <\/strong><strong><em>Bajkowe Spotkania<\/em><\/strong>, organizowane w ramach<em> og\u00f3lnopolskiej kampanii Ca\u0142a Polska czyta dzieciom, <\/em>odby\u0142y si\u0119 w dniach 16, 18, 22 kwietnia. Udzia\u0142 w nich wzi\u0119\u0142o 377 uczni\u00f3w klas \u201e0\u201d cz\u0119stochowskich szk\u00f3\u0142 i przedszkoli oraz 81 opiekun\u00f3w. W tym roku zaproszenie do czytania dzieciom bajek przyj\u0119li: Pani Beata Brodowicz-Szymanek \u2013 poetka, nauczyciel, juror Wojew\u00f3dzkiego Konkursu Poetyckiego \u201ePami\u0119ci Haliny Po\u015bwiatowskiej\u201d, autorka wierszy dla dzieci, przedstawiciele Centralnej Szko\u0142y Pa\u0144stwowej Stra\u017cy Po\u017carnej w Cz\u0119stochowie \u2013 stra\u017cak mgr in\u017c. Adrian Barasi\u0144ski i\u00a0kadet Damian Stach\u00f3w oraz Panie Dominika Kempa, Monika Ksi\u0105\u017cczyk, Teresa Pietrzyk, Katarzyna Piotrowska, Aleksandra Pluta i Danuta Sikora \u2013 studentki Instytutu Pedagogiki Przedszkolnej i Szkolnej AJD w Cz\u0119stochowie. Spotkanie dzieci ze studentkami przebranymi w pi\u0119kne, bajkowe stroje przygotowane zosta\u0142o pod kierunkiem Pani dr Edyty Skoczylas-Krotli.<\/p>\n<div id=\"attachment_1105\" style=\"width: 210px\" class=\"wp-caption alignright\"><a href=\"https:\/\/pbp.womczest.edu.pl\/new\/wp-content\/uploads\/2013\/04\/dzialalnosc_edukacyjna_cala_polska_czyta_dzieciom_vi_bajkowe_spotkania_IMG_7408.JPG\" target=\"_blank\"><img aria-describedby=\"caption-attachment-1105\" decoding=\"async\" class=\"caption alignright size-full wp-image-1105\" style=\"float: right;\" title=\"Pami\u0105tkowe zdj\u0119cie\" src=\"https:\/\/pbp.womczest.edu.pl\/new\/wp-content\/uploads\/2013\/04\/dzialalnosc_edukacyjna_cala_polska_czyta_dzieciom_vi_bajkowe_spotkania_IMG_7408.JPG\" alt=\"\" width=\"200\" border=\"0\" srcset=\"https:\/\/pbp.womczest.edu.pl\/new\/wp-content\/uploads\/2013\/04\/dzialalnosc_edukacyjna_cala_polska_czyta_dzieciom_vi_bajkowe_spotkania_IMG_7408.JPG 1024w, https:\/\/pbp.womczest.edu.pl\/new\/wp-content\/uploads\/2013\/04\/dzialalnosc_edukacyjna_cala_polska_czyta_dzieciom_vi_bajkowe_spotkania_IMG_7408-300x200.jpg 300w, https:\/\/pbp.womczest.edu.pl\/new\/wp-content\/uploads\/2013\/04\/dzialalnosc_edukacyjna_cala_polska_czyta_dzieciom_vi_bajkowe_spotkania_IMG_7408-100x67.jpg 100w, https:\/\/pbp.womczest.edu.pl\/new\/wp-content\/uploads\/2013\/04\/dzialalnosc_edukacyjna_cala_polska_czyta_dzieciom_vi_bajkowe_spotkania_IMG_7408-150x100.jpg 150w, https:\/\/pbp.womczest.edu.pl\/new\/wp-content\/uploads\/2013\/04\/dzialalnosc_edukacyjna_cala_polska_czyta_dzieciom_vi_bajkowe_spotkania_IMG_7408-200x133.jpg 200w, https:\/\/pbp.womczest.edu.pl\/new\/wp-content\/uploads\/2013\/04\/dzialalnosc_edukacyjna_cala_polska_czyta_dzieciom_vi_bajkowe_spotkania_IMG_7408-450x300.jpg 450w, https:\/\/pbp.womczest.edu.pl\/new\/wp-content\/uploads\/2013\/04\/dzialalnosc_edukacyjna_cala_polska_czyta_dzieciom_vi_bajkowe_spotkania_IMG_7408-600x400.jpg 600w, https:\/\/pbp.womczest.edu.pl\/new\/wp-content\/uploads\/2013\/04\/dzialalnosc_edukacyjna_cala_polska_czyta_dzieciom_vi_bajkowe_spotkania_IMG_7408-900x600.jpg 900w\" sizes=\"(max-width: 1024px) 100vw, 1024px\" \/><\/a><p id=\"caption-attachment-1105\" class=\"wp-caption-text\">Pami\u0105tkowe zdj\u0119cie<\/p><\/div>\n<p>W\u015br\u00f3d prezentowanych dzieciom utwor\u00f3w znalaz\u0142y si\u0119: <em>Zaczarowana w\u00a0\u017cabk\u0119, Ondraszek, Stoliczku nakryj si\u0119, O kr\u00f3lewnie czarodziejce, <\/em><em>Zatopione dz<\/em><em>wony, Kr\u00f3lewna g\u0142ogu.<\/em><\/p>\n<div id=\"attachment_1106\" style=\"width: 210px\" class=\"wp-caption alignleft\"><a href=\"https:\/\/pbp.womczest.edu.pl\/new\/wp-content\/uploads\/2013\/04\/dzialalnosc_edukacyjna_cala_polska_czyta_dzieciom_vi_bajkowe_spotkania_IMG_7418.JPG\" target=\"_blank\"><img aria-describedby=\"caption-attachment-1106\" decoding=\"async\" class=\"caption alignleft size-full wp-image-1106\" style=\"float: left;\" title=\"Wicedyrektor RODN \u201eWOM\u201d Renata Lipniewska wita go\u015bci\" src=\"https:\/\/pbp.womczest.edu.pl\/new\/wp-content\/uploads\/2013\/04\/dzialalnosc_edukacyjna_cala_polska_czyta_dzieciom_vi_bajkowe_spotkania_IMG_7418.JPG\" alt=\"\" width=\"200\" border=\"0\" srcset=\"https:\/\/pbp.womczest.edu.pl\/new\/wp-content\/uploads\/2013\/04\/dzialalnosc_edukacyjna_cala_polska_czyta_dzieciom_vi_bajkowe_spotkania_IMG_7418.JPG 1024w, https:\/\/pbp.womczest.edu.pl\/new\/wp-content\/uploads\/2013\/04\/dzialalnosc_edukacyjna_cala_polska_czyta_dzieciom_vi_bajkowe_spotkania_IMG_7418-300x200.jpg 300w, https:\/\/pbp.womczest.edu.pl\/new\/wp-content\/uploads\/2013\/04\/dzialalnosc_edukacyjna_cala_polska_czyta_dzieciom_vi_bajkowe_spotkania_IMG_7418-100x67.jpg 100w, https:\/\/pbp.womczest.edu.pl\/new\/wp-content\/uploads\/2013\/04\/dzialalnosc_edukacyjna_cala_polska_czyta_dzieciom_vi_bajkowe_spotkania_IMG_7418-150x100.jpg 150w, https:\/\/pbp.womczest.edu.pl\/new\/wp-content\/uploads\/2013\/04\/dzialalnosc_edukacyjna_cala_polska_czyta_dzieciom_vi_bajkowe_spotkania_IMG_7418-200x133.jpg 200w, https:\/\/pbp.womczest.edu.pl\/new\/wp-content\/uploads\/2013\/04\/dzialalnosc_edukacyjna_cala_polska_czyta_dzieciom_vi_bajkowe_spotkania_IMG_7418-450x300.jpg 450w, https:\/\/pbp.womczest.edu.pl\/new\/wp-content\/uploads\/2013\/04\/dzialalnosc_edukacyjna_cala_polska_czyta_dzieciom_vi_bajkowe_spotkania_IMG_7418-600x400.jpg 600w, https:\/\/pbp.womczest.edu.pl\/new\/wp-content\/uploads\/2013\/04\/dzialalnosc_edukacyjna_cala_polska_czyta_dzieciom_vi_bajkowe_spotkania_IMG_7418-900x600.jpg 900w\" sizes=\"(max-width: 1024px) 100vw, 1024px\" \/><\/a><p id=\"caption-attachment-1106\" class=\"wp-caption-text\">Wicedyrektor RODN \u201eWOM\u201d Renata Lipniewska wita go\u015bci<\/p><\/div>\n<p>Podczas swojego spotkania z dzie\u0107mi Pani Beata Brodowicz-Szymanek zaprezentowa\u0142a tak\u017ce swoje wiersze: <em>Okularnica, Dom jask\u00f3\u0142ek, Teatr cieni,<\/em><em> Noc, Dzieci nie chc\u0105 spa\u0107, Waka<\/em><em>cje na drzewie, Sk\u0105d na niebie gwiazdy?<\/em><\/p>\n<div id=\"attachment_1107\" style=\"width: 210px\" class=\"wp-caption alignright\"><a href=\"https:\/\/pbp.womczest.edu.pl\/new\/wp-content\/uploads\/2013\/04\/dzialalnosc_edukacyjna_cala_polska_czyta_dzieciom_vi_bajkowe_spotkania_IMG_7444.JPG\" target=\"_blank\"><img aria-describedby=\"caption-attachment-1107\" decoding=\"async\" class=\"caption alignright size-full wp-image-1107\" style=\"float: right;\" title=\"Pogadanka na temat bezpiecze\u0144stwa\" src=\"https:\/\/pbp.womczest.edu.pl\/new\/wp-content\/uploads\/2013\/04\/dzialalnosc_edukacyjna_cala_polska_czyta_dzieciom_vi_bajkowe_spotkania_IMG_7444.JPG\" alt=\"\" width=\"200\" border=\"0\" srcset=\"https:\/\/pbp.womczest.edu.pl\/new\/wp-content\/uploads\/2013\/04\/dzialalnosc_edukacyjna_cala_polska_czyta_dzieciom_vi_bajkowe_spotkania_IMG_7444.JPG 1024w, https:\/\/pbp.womczest.edu.pl\/new\/wp-content\/uploads\/2013\/04\/dzialalnosc_edukacyjna_cala_polska_czyta_dzieciom_vi_bajkowe_spotkania_IMG_7444-300x200.jpg 300w, https:\/\/pbp.womczest.edu.pl\/new\/wp-content\/uploads\/2013\/04\/dzialalnosc_edukacyjna_cala_polska_czyta_dzieciom_vi_bajkowe_spotkania_IMG_7444-100x67.jpg 100w, https:\/\/pbp.womczest.edu.pl\/new\/wp-content\/uploads\/2013\/04\/dzialalnosc_edukacyjna_cala_polska_czyta_dzieciom_vi_bajkowe_spotkania_IMG_7444-150x100.jpg 150w, https:\/\/pbp.womczest.edu.pl\/new\/wp-content\/uploads\/2013\/04\/dzialalnosc_edukacyjna_cala_polska_czyta_dzieciom_vi_bajkowe_spotkania_IMG_7444-200x133.jpg 200w, https:\/\/pbp.womczest.edu.pl\/new\/wp-content\/uploads\/2013\/04\/dzialalnosc_edukacyjna_cala_polska_czyta_dzieciom_vi_bajkowe_spotkania_IMG_7444-450x300.jpg 450w, https:\/\/pbp.womczest.edu.pl\/new\/wp-content\/uploads\/2013\/04\/dzialalnosc_edukacyjna_cala_polska_czyta_dzieciom_vi_bajkowe_spotkania_IMG_7444-600x400.jpg 600w, https:\/\/pbp.womczest.edu.pl\/new\/wp-content\/uploads\/2013\/04\/dzialalnosc_edukacyjna_cala_polska_czyta_dzieciom_vi_bajkowe_spotkania_IMG_7444-900x600.jpg 900w\" sizes=\"(max-width: 1024px) 100vw, 1024px\" \/><\/a><p id=\"caption-attachment-1107\" class=\"wp-caption-text\">Pogadanka na temat bezpiecze\u0144stwa<\/p><\/div>\n<p>W trakcie spotkania ze stra\u017cakami przeczytane zosta\u0142y dzieciom utwory literackie \u2013 <em>Jak Wojtek zosta\u0142 <\/em><em>s<\/em><em>tr<\/em><em>a<\/em><em>\u017c<\/em><em>ak<\/em><em>iem<\/em> Czes\u0142awa Janczarskiego i <em>Pali si\u0119<\/em> Jana Brzechwy. Dzieci mia\u0142y r\u00f3wnie\u017c okazj\u0119 wys\u0142ucha\u0107 wielu cennych uwag dotycz\u0105cych bezpiecze\u0144stwa, pozna\u0142y specyfik\u0119 pracy stra\u017cak\u00f3w oraz nazwy poszczeg\u00f3lnych element\u00f3w umundurowania stra\u017caka. Mog\u0142y te\u017c same wypr\u00f3bowa\u0107, jak dzia\u0142a sprz\u0119t ga\u015bniczy.<\/p>\n<p>Wszystkie czytane teksty ilustrowane by\u0142y pokazem slajd\u00f3w oraz wzbogacone utworami muzycznymi dopasowanymi tematycznie do prezentowanych tekst\u00f3w literackich. Dzieci bardzo ch\u0119tnie bra\u0142y r\u00f3wnie\u017c udzia\u0142 w licznych zabawach ruchowych.<\/p>\n<div id=\"attachment_1108\" style=\"width: 210px\" class=\"wp-caption alignleft\"><a href=\"https:\/\/pbp.womczest.edu.pl\/new\/wp-content\/uploads\/2013\/04\/dzialalnosc_edukacyjna_cala_polska_czyta_dzieciom_vi_bajkowe_spotkania_IMG_7688.JPG\" target=\"_blank\"><img aria-describedby=\"caption-attachment-1108\" decoding=\"async\" class=\"caption alignleft size-full wp-image-1108\" style=\"float: left;\" title=\"Pami\u0105tkowe zdj\u0119cie z p. Beat\u0105 Brodowicz-Szymanek\" src=\"https:\/\/pbp.womczest.edu.pl\/new\/wp-content\/uploads\/2013\/04\/dzialalnosc_edukacyjna_cala_polska_czyta_dzieciom_vi_bajkowe_spotkania_IMG_7688.JPG\" alt=\"\" width=\"200\" border=\"0\" srcset=\"https:\/\/pbp.womczest.edu.pl\/new\/wp-content\/uploads\/2013\/04\/dzialalnosc_edukacyjna_cala_polska_czyta_dzieciom_vi_bajkowe_spotkania_IMG_7688.JPG 1024w, https:\/\/pbp.womczest.edu.pl\/new\/wp-content\/uploads\/2013\/04\/dzialalnosc_edukacyjna_cala_polska_czyta_dzieciom_vi_bajkowe_spotkania_IMG_7688-300x200.jpg 300w, https:\/\/pbp.womczest.edu.pl\/new\/wp-content\/uploads\/2013\/04\/dzialalnosc_edukacyjna_cala_polska_czyta_dzieciom_vi_bajkowe_spotkania_IMG_7688-100x67.jpg 100w, https:\/\/pbp.womczest.edu.pl\/new\/wp-content\/uploads\/2013\/04\/dzialalnosc_edukacyjna_cala_polska_czyta_dzieciom_vi_bajkowe_spotkania_IMG_7688-150x100.jpg 150w, https:\/\/pbp.womczest.edu.pl\/new\/wp-content\/uploads\/2013\/04\/dzialalnosc_edukacyjna_cala_polska_czyta_dzieciom_vi_bajkowe_spotkania_IMG_7688-200x133.jpg 200w, https:\/\/pbp.womczest.edu.pl\/new\/wp-content\/uploads\/2013\/04\/dzialalnosc_edukacyjna_cala_polska_czyta_dzieciom_vi_bajkowe_spotkania_IMG_7688-450x300.jpg 450w, https:\/\/pbp.womczest.edu.pl\/new\/wp-content\/uploads\/2013\/04\/dzialalnosc_edukacyjna_cala_polska_czyta_dzieciom_vi_bajkowe_spotkania_IMG_7688-600x400.jpg 600w, https:\/\/pbp.womczest.edu.pl\/new\/wp-content\/uploads\/2013\/04\/dzialalnosc_edukacyjna_cala_polska_czyta_dzieciom_vi_bajkowe_spotkania_IMG_7688-900x600.jpg 900w\" sizes=\"(max-width: 1024px) 100vw, 1024px\" \/><\/a><p id=\"caption-attachment-1108\" class=\"wp-caption-text\">Pami\u0105tkowe zdj\u0119cie z p. Beat\u0105 Brodowicz-Szymanek<\/p><\/div>\n<p>Uczestnicy <em>Bajkowyc<\/em><em>h Spotka\u0144<\/em> otrzymali pami\u0105tkowe dyplomy oraz mieli mo\u017cliwo\u015b\u0107 zrobienia zdj\u0119\u0107 z zaproszonymi Go\u015b\u0107mi.<\/p>\n<p>Serdecznie dzi\u0119kujemy Go\u015bciom za przyj\u0119cie zaproszenia, zaanga\u017cowanie i\u00a0po\u015bwi\u0119cony czas.<\/p>\n<p style=\"text-align: right;\"><em>Jolanta Janicka<br \/>\nMarta Ma\u0142ek<\/em><\/p>\n<p style=\"text-align: right;\"><em>Zdj\u0119cia: <em>Izabela Bajor<br \/>\n<\/em>Anna D\u0105browska<br \/>\n<\/em><\/p>\n<p><strong><em>Galeria 1 \u2013 16.04.2013 r.<br \/>\nGaleria 2 \u2013 18.04.2013 r.<\/em><\/strong><br \/>\n<em><strong>Galeria 3 \u2013 22.04.2013 r.<\/strong><\/em><\/p>\n","protected":false},"excerpt":{"rendered":"<p>Tegoroczne Bajkowe Spotkania, organizowane w ramach og\u00f3lnopolskiej kampanii Ca\u0142a Polska czyta dzieciom, odby\u0142y si\u0119 w dniach 16, 18, 22 kwietnia. Udzia\u0142 w nich wzi\u0119\u0142o 377 uczni\u00f3w klas \u201e0\u201d cz\u0119stochowskich szk\u00f3\u0142 i przedszkoli oraz 81 opiekun\u00f3w. W tym roku zaproszenie do czytania dzieciom bajek przyj\u0119li: Pani Beata Brodowicz-Szymanek \u2013 poetka, nauczyciel, juror Wojew\u00f3dzkiego Konkursu Poetyckiego \u201ePami\u0119ci Haliny Po\u015bwiatowskiej\u201d, autorka wierszy dla dzieci, przedstawiciele Centralnej Szko\u0142y Pa\u0144stwowej Stra\u017cy Po\u017carnej w Cz\u0119stochowie \u2013<span class=\"ellipsis\">&hellip;<\/span><\/p>\n<div class=\"read-more\"><a href=\"https:\/\/pbp.womczest.edu.pl\/new\/edukacja\/cala-polska-czyta-dzieciom\/cpcd-relacje-z-przeprowadzonych-spotkan-i-imprez-czytelniczych\/vi-bajkowe-spotkania-2013\/\">Czytaj wi\u0119cej &#8250;<\/a><\/div>\n<p><!-- end of .read-more --><\/p>\n","protected":false},"author":3,"featured_media":0,"parent":3994,"menu_order":0,"comment_status":"closed","ping_status":"open","template":"","meta":{"footnotes":""},"jetpack_sharing_enabled":true,"jetpack_shortlink":"https:\/\/wp.me\/PgmV4H-14H","_links":{"self":[{"href":"https:\/\/pbp.womczest.edu.pl\/new\/wp-json\/wp\/v2\/pages\/4135"}],"collection":[{"href":"https:\/\/pbp.womczest.edu.pl\/new\/wp-json\/wp\/v2\/pages"}],"about":[{"href":"https:\/\/pbp.womczest.edu.pl\/new\/wp-json\/wp\/v2\/types\/page"}],"author":[{"embeddable":true,"href":"https:\/\/pbp.womczest.edu.pl\/new\/wp-json\/wp\/v2\/users\/3"}],"replies":[{"embeddable":true,"href":"https:\/\/pbp.womczest.edu.pl\/new\/wp-json\/wp\/v2\/comments?post=4135"}],"version-history":[{"count":2,"href":"https:\/\/pbp.womczest.edu.pl\/new\/wp-json\/wp\/v2\/pages\/4135\/revisions"}],"predecessor-version":[{"id":4137,"href":"https:\/\/pbp.womczest.edu.pl\/new\/wp-json\/wp\/v2\/pages\/4135\/revisions\/4137"}],"up":[{"embeddable":true,"href":"https:\/\/pbp.womczest.edu.pl\/new\/wp-json\/wp\/v2\/pages\/3994"}],"wp:attachment":[{"href":"https:\/\/pbp.womczest.edu.pl\/new\/wp-json\/wp\/v2\/media?parent=4135"}],"curies":[{"name":"wp","href":"https:\/\/api.w.org\/{rel}","templated":true}]}}