


{"id":4033,"date":"2015-05-18T15:15:59","date_gmt":"2015-05-18T13:15:59","guid":{"rendered":"https:\/\/pbp.womczest.edu.pl\/new\/?page_id=4033"},"modified":"2019-01-15T11:27:37","modified_gmt":"2019-01-15T10:27:37","slug":"cpcd-konferencje","status":"publish","type":"page","link":"https:\/\/pbp.womczest.edu.pl\/new\/edukacja\/cala-polska-czyta-dzieciom\/cpcd-konferencje\/","title":{"rendered":"CPCD \u2013 Konferencje"},"content":{"rendered":"<hr \/>\n<ul>\n<li><a href=\"https:\/\/pbp.womczest.edu.pl\/new\/konferencja-akademia-szczesliwego-dziecinstwa-dziecko-w-cyfrowym-swiecie\/\">Akademia Szcz\u0119\u015bliwego Dzieci\u0144stwa &#8211; dziecko w cyfrowym \u015bwiecie<\/a><\/li>\n<li><a href=\"https:\/\/pbp.womczest.edu.pl\/new\/akademia-szczesliwego-dziecinstwa-w-kregu-wartosci-patriotycznych\/\" target=\"_blank\" rel=\"noopener noreferrer\">Akademia Szcz\u0119\u015bliwego Dzieci\u0144stwa &#8211; w kr\u0119gu warto\u015bci patriotycznych<\/a><\/li>\n<li><a href=\"https:\/\/pbp.womczest.edu.pl\/new\/akademia-szczesliwego-dziecinstwa-w-kregu-nowoczesnych-technologii-informacyjno-komunikacyjnych\/\">Akademia Szcz\u0119\u015bliwego Dzieci\u0144stwa \u2013 w\u00a0kr\u0119gu nowoczesnych technologii informacyjno-komunikacyjnych<\/a><\/li>\n<li><a href=\"https:\/\/pbp.womczest.edu.pl\/new\/edukacja\/cala-polska-czyta-dzieciom\/cpcd-konferencje\/akademia-szczesliwego-dziecinstwa-w-kregu-zmyslow\/\" target=\"_blank\" rel=\"noopener noreferrer\">Akademia Szcz\u0119\u015bliwego Dzieci\u0144stwa \u2013 w\u00a0kr\u0119gu zmys\u0142\u00f3w<\/a><\/li>\n<li><a href=\"https:\/\/pbp.womczest.edu.pl\/new\/edukacja\/cala-polska-czyta-dzieciom\/cpcd-konferencje\/akademia-szczesliwego-dziecinstwa-dziecko-w-swiecie-mediow\/\" target=\"_blank\" rel=\"noopener noreferrer\">Akademia Szcz\u0119\u015bliwego Dzieci\u0144stwa \u2013 Dziecko w \u015bwiecie medi\u00f3w<\/a><\/li>\n<li><a href=\"https:\/\/pbp.womczest.edu.pl\/new\/edukacja\/cala-polska-czyta-dzieciom\/cpcd-konferencje\/akademia-szczesliwego-dziecinstwa-w-kregu-slowa-barwy-i-wyobrazni\/?\" target=\"_blank\" rel=\"noopener noreferrer\">Akademia Szcz\u0119\u015bliwego Dzieci\u0144stwa \u2013 w\u00a0kr\u0119gu s\u0142owa, barwy i wyobra\u017ani<\/a><\/li>\n<li><a href=\"https:\/\/pbp.womczest.edu.pl\/new\/edukacja\/cala-polska-czyta-dzieciom\/cpcd-konferencje\/akademia-szczesliwego-dziecinstwa-w-kregu-emocji\/\" target=\"_blank\" rel=\"noopener noreferrer\">Akademia Szcz\u0119\u015bliwego Dzieci\u0144stwa \u2013 w\u00a0kr\u0119gu emocji<\/a><\/li>\n<li><a href=\"https:\/\/pbp.womczest.edu.pl\/new\/edukacja\/cala-polska-czyta-dzieciom\/cpcd-konferencje\/akademia-szczesliwego-dziecinstwa-w-kregu-bezpieczenstwa\/\" target=\"_blank\" rel=\"noopener noreferrer\">Akademia Szcz\u0119\u015bliwego Dzieci\u0144stwa \u2013 w\u00a0kr\u0119gu bezpiecze\u0144stwa<\/a><\/li>\n<\/ul>\n","protected":false},"excerpt":{"rendered":"<p>Akademia Szcz\u0119\u015bliwego Dzieci\u0144stwa &#8211; dziecko w cyfrowym \u015bwiecie Akademia Szcz\u0119\u015bliwego Dzieci\u0144stwa &#8211; w kr\u0119gu warto\u015bci patriotycznych Akademia Szcz\u0119\u015bliwego Dzieci\u0144stwa \u2013 w\u00a0kr\u0119gu nowoczesnych technologii informacyjno-komunikacyjnych Akademia Szcz\u0119\u015bliwego Dzieci\u0144stwa \u2013 w\u00a0kr\u0119gu zmys\u0142\u00f3w Akademia Szcz\u0119\u015bliwego Dzieci\u0144stwa \u2013 Dziecko w \u015bwiecie medi\u00f3w Akademia Szcz\u0119\u015bliwego Dzieci\u0144stwa \u2013 w\u00a0kr\u0119gu s\u0142owa, barwy i wyobra\u017ani Akademia Szcz\u0119\u015bliwego Dzieci\u0144stwa \u2013 w\u00a0kr\u0119gu emocji Akademia Szcz\u0119\u015bliwego Dzieci\u0144stwa \u2013 w\u00a0kr\u0119gu bezpiecze\u0144stwa<\/p>\n","protected":false},"author":3,"featured_media":0,"parent":2647,"menu_order":0,"comment_status":"closed","ping_status":"open","template":"","meta":{"footnotes":""},"jetpack_sharing_enabled":true,"jetpack_shortlink":"https:\/\/wp.me\/PgmV4H-133","_links":{"self":[{"href":"https:\/\/pbp.womczest.edu.pl\/new\/wp-json\/wp\/v2\/pages\/4033"}],"collection":[{"href":"https:\/\/pbp.womczest.edu.pl\/new\/wp-json\/wp\/v2\/pages"}],"about":[{"href":"https:\/\/pbp.womczest.edu.pl\/new\/wp-json\/wp\/v2\/types\/page"}],"author":[{"embeddable":true,"href":"https:\/\/pbp.womczest.edu.pl\/new\/wp-json\/wp\/v2\/users\/3"}],"replies":[{"embeddable":true,"href":"https:\/\/pbp.womczest.edu.pl\/new\/wp-json\/wp\/v2\/comments?post=4033"}],"version-history":[{"count":10,"href":"https:\/\/pbp.womczest.edu.pl\/new\/wp-json\/wp\/v2\/pages\/4033\/revisions"}],"predecessor-version":[{"id":13081,"href":"https:\/\/pbp.womczest.edu.pl\/new\/wp-json\/wp\/v2\/pages\/4033\/revisions\/13081"}],"up":[{"embeddable":true,"href":"https:\/\/pbp.womczest.edu.pl\/new\/wp-json\/wp\/v2\/pages\/2647"}],"wp:attachment":[{"href":"https:\/\/pbp.womczest.edu.pl\/new\/wp-json\/wp\/v2\/media?parent=4033"}],"curies":[{"name":"wp","href":"https:\/\/api.w.org\/{rel}","templated":true}]}}