


{"id":3953,"date":"2015-05-18T14:30:40","date_gmt":"2015-05-18T12:30:40","guid":{"rendered":"https:\/\/pbp.womczest.edu.pl\/new\/?page_id=3953"},"modified":"2015-06-26T14:55:14","modified_gmt":"2015-06-26T12:55:14","slug":"projekt-edukacyjny-historia-ksiazki-od-starozytnosci-do-wspolczesnosci","status":"publish","type":"page","link":"https:\/\/pbp.womczest.edu.pl\/new\/edukacja\/projekty-edukacyjne\/projekt-edukacyjny-historia-ksiazki-od-starozytnosci-do-wspolczesnosci\/","title":{"rendered":"Projekt edukacyjny \u201eHistoria ksi\u0105\u017cki od staro\u017cytno\u015bci do wsp\u00f3\u0142czesno\u015bci\u201d"},"content":{"rendered":"<p>&nbsp;<\/p>\n<p><span style=\"color: #5f9ea0;\"><em><a href=\"https:\/\/pbp.womczest.edu.pl\/new\/wp-content\/uploads\/2011\/11\/aktualnosci_historia_ksiazki_IMG_9366.JPG\" target=\"_blank\"><img decoding=\"async\" class=\" alignright size-full wp-image-752\" style=\"float: right;\" src=\"https:\/\/pbp.womczest.edu.pl\/new\/wp-content\/uploads\/2011\/11\/aktualnosci_historia_ksiazki_IMG_9366.JPG\" alt=\"\" width=\"150\" border=\"0\" \/><\/a><\/em><\/span>Gimnazjum nr 5 im. Miko\u0142aja Reja w Cz\u0119stochowie we wsp\u00f3\u0142pracy z Publiczn\u0105 Bibliotek\u0105 Pedagogiczn\u0105 RODN \u201eWOM\u201d w Cz\u0119stochowie przygotowa\u0142o projekt edukacyjny pt. <em>\u201eHistoria ksi\u0105\u017cki od staro\u017cytno\u015bci do wsp\u00f3\u0142czesno\u015bci\u201d.<\/em><\/p>\n<p>Opiekunem projektu by\u0142a Pani Alina Grabna \u2013 nauczyciel bibliotekarz Gimnazjum nr 5.<\/p>\n<p>Do wsp\u00f3\u0142pracy przy realizacji projektu w\u0142\u0105czyli si\u0119 tak\u017ce nauczyciele bibliotekarze z Publicznej Biblioteki Pedagogicznej RODN \u201eWOM\u201d w Cz\u0119stochowie: Katarzyna Kucharzewska, Agata Arkabus i\u00a0Anna P\u0142usa.<\/p>\n<p>G\u0142\u00f3wnymi uczestnikami projektu by\u0142y uczennice klasy II b: Patrycja Janicka, Kamila \u0141ukasik, Sara Leszczy\u0144ska i Weronika Rajczyk. Przygotowa\u0142y one prezentacj\u0119 multimedialn\u0105 w programie Power Point oraz przy pomocy programu Photo Story 3 dla Windows, filmik dotycz\u0105cy historii ksi\u0105\u017cki. W\u00a0oparciu o wykonan\u0105 prezentacj\u0119 uczennice zorganizowa\u0142y r\u00f3wnie\u017c w Czytelni Naukowej Publicznej Biblioteki Pedagogicznej RODN \u201eWOM\u201d w Cz\u0119stochowie wystawk\u0119 obrazuj\u0105c\u0105 rozw\u00f3j formy ksi\u0105\u017cki na przestrzeni wiek\u00f3w \u2013 od papirusu a\u017c do ksi\u0105\u017cki elektronicznej.<\/p>\n<p>Du\u017cym wsparciem dla uczennic bior\u0105cych udzia\u0142 w projekcie byli pracownicy biblioteki, kt\u00f3rzy pomagali w wyszukiwaniu praktycznych informacji i dokument\u00f3w oraz nauczyli, w jaki spos\u00f3b wykorzysta\u0107 program Photo Story 3 dla Windows.<\/p>\n<p>Efekty wsp\u00f3lnego projektu edukacyjnego mo\u017cna obejrze\u0107 w Czytelni Naukowej Publicznej Biblioteki Pedagogicznej RODN \u201eWOM\u201d w\u00a0Cz\u0119stochowie. Na wystaw\u0119 prac zapraszamy do ko\u0144ca wrze\u015bnia 2013 roku.<\/p>\n<p style=\"text-align: right;\"><em>Katarzyna Kucharzewska<br \/>\nZdj\u0119cia: Izabela Bajor<\/em><\/p>\n<p><a href=\"https:\/\/pbp.womczest.edu.pl\/new\/wp-content\/uploads\/2011\/11\/aktualnosci_historia_ksiazki_IMG_9369.JPG\" target=\"_blank\"><img decoding=\"async\" class=\" size-full wp-image-753 alignleft\" style=\"border: 0px none;\" src=\"https:\/\/pbp.womczest.edu.pl\/new\/wp-content\/uploads\/2011\/11\/aktualnosci_historia_ksiazki_IMG_9369.JPG\" alt=\"\" width=\"160\" border=\"0\" \/><\/a><a href=\"https:\/\/pbp.womczest.edu.pl\/new\/wp-content\/uploads\/2011\/11\/aktualnosci_historia_ksiazki_IMG_9370.JPG\" target=\"_blank\"><img decoding=\"async\" class=\" size-full wp-image-754 alignleft\" style=\"border: 0px none;\" src=\"https:\/\/pbp.womczest.edu.pl\/new\/wp-content\/uploads\/2011\/11\/aktualnosci_historia_ksiazki_IMG_9370.JPG\" alt=\"\" width=\"160\" border=\"0\" \/><\/a><\/p>\n<p><a href=\"https:\/\/pbp.womczest.edu.pl\/new\/wp-content\/uploads\/2011\/11\/aktualnosci_historia_ksiazki_IMG_9375.JPG\" target=\"_blank\"><img decoding=\"async\" class=\" size-full wp-image-756 alignleft\" style=\"border: 0px none;\" src=\"https:\/\/pbp.womczest.edu.pl\/new\/wp-content\/uploads\/2011\/11\/aktualnosci_historia_ksiazki_IMG_9375.JPG\" alt=\"\" width=\"160\" border=\"0\" \/><\/a><\/p>\n<p>&nbsp;<\/p>\n","protected":false},"excerpt":{"rendered":"<p>&nbsp; Gimnazjum nr 5 im. Miko\u0142aja Reja w Cz\u0119stochowie we wsp\u00f3\u0142pracy z Publiczn\u0105 Bibliotek\u0105 Pedagogiczn\u0105 RODN \u201eWOM\u201d w Cz\u0119stochowie przygotowa\u0142o projekt edukacyjny pt. \u201eHistoria ksi\u0105\u017cki od staro\u017cytno\u015bci do wsp\u00f3\u0142czesno\u015bci\u201d. Opiekunem projektu by\u0142a Pani Alina Grabna \u2013 nauczyciel bibliotekarz Gimnazjum nr 5. Do wsp\u00f3\u0142pracy przy realizacji projektu w\u0142\u0105czyli si\u0119 tak\u017ce nauczyciele bibliotekarze z Publicznej Biblioteki Pedagogicznej RODN \u201eWOM\u201d w Cz\u0119stochowie: Katarzyna Kucharzewska, Agata Arkabus i\u00a0Anna P\u0142usa. G\u0142\u00f3wnymi uczestnikami projektu by\u0142y uczennice<span class=\"ellipsis\">&hellip;<\/span><\/p>\n<div class=\"read-more\"><a href=\"https:\/\/pbp.womczest.edu.pl\/new\/edukacja\/projekty-edukacyjne\/projekt-edukacyjny-historia-ksiazki-od-starozytnosci-do-wspolczesnosci\/\">Czytaj wi\u0119cej &#8250;<\/a><\/div>\n<p><!-- end of .read-more --><\/p>\n","protected":false},"author":3,"featured_media":0,"parent":2637,"menu_order":0,"comment_status":"closed","ping_status":"open","template":"","meta":{"footnotes":""},"jetpack_sharing_enabled":true,"jetpack_shortlink":"https:\/\/wp.me\/PgmV4H-11L","_links":{"self":[{"href":"https:\/\/pbp.womczest.edu.pl\/new\/wp-json\/wp\/v2\/pages\/3953"}],"collection":[{"href":"https:\/\/pbp.womczest.edu.pl\/new\/wp-json\/wp\/v2\/pages"}],"about":[{"href":"https:\/\/pbp.womczest.edu.pl\/new\/wp-json\/wp\/v2\/types\/page"}],"author":[{"embeddable":true,"href":"https:\/\/pbp.womczest.edu.pl\/new\/wp-json\/wp\/v2\/users\/3"}],"replies":[{"embeddable":true,"href":"https:\/\/pbp.womczest.edu.pl\/new\/wp-json\/wp\/v2\/comments?post=3953"}],"version-history":[{"count":2,"href":"https:\/\/pbp.womczest.edu.pl\/new\/wp-json\/wp\/v2\/pages\/3953\/revisions"}],"predecessor-version":[{"id":5200,"href":"https:\/\/pbp.womczest.edu.pl\/new\/wp-json\/wp\/v2\/pages\/3953\/revisions\/5200"}],"up":[{"embeddable":true,"href":"https:\/\/pbp.womczest.edu.pl\/new\/wp-json\/wp\/v2\/pages\/2637"}],"wp:attachment":[{"href":"https:\/\/pbp.womczest.edu.pl\/new\/wp-json\/wp\/v2\/media?parent=3953"}],"curies":[{"name":"wp","href":"https:\/\/api.w.org\/{rel}","templated":true}]}}