


{"id":3945,"date":"2015-05-18T14:26:02","date_gmt":"2015-05-18T12:26:02","guid":{"rendered":"https:\/\/pbp.womczest.edu.pl\/new\/?page_id=3945"},"modified":"2015-06-26T14:54:26","modified_gmt":"2015-06-26T12:54:26","slug":"projekt-edukacyjny-cztery-pory-roku-w-naszym-miescie","status":"publish","type":"page","link":"https:\/\/pbp.womczest.edu.pl\/new\/edukacja\/projekty-edukacyjne\/projekt-edukacyjny-cztery-pory-roku-w-naszym-miescie\/","title":{"rendered":"Projekt edukacyjny \u201eCztery pory roku w naszym mie\u015bcie\u201d"},"content":{"rendered":"<hr \/>\n<p>2 czerwca 2014 roku w Publicznej Bibliotece Pedagogicznej RODN \u201eWOM\u201d odby\u0142o si\u0119 spotkanie podsumowuj\u0105ce projekt edukacyjny z zakresu edukacji regionalnej \u201eCztery pory roku w naszym mie\u015bcie\u201d. Uczestnikami projektu by\u0142y dzieci z Niepublicznego Przedszkola J\u0119zykowego Zgromadzenia Si\u00f3str C\u00f3rek Maryi z Pesche w Cz\u0119stochowie. Celem projektu by\u0142o zapoznanie dzieci z histori\u0105 Cz\u0119stochowy, najciekawszymi zabytkami miasta oraz legendami zwi\u0105zanymi z miejscowo\u015bci\u0105. Przedszkolaki zdoby\u0142y tak\u017ce informacje na temat walor\u00f3w przyrodniczo-turystycznych Jury Krakowsko-Cz\u0119stochowskiej.<\/p>\n<p><a href=\"https:\/\/pbp.womczest.edu.pl\/new\/wp-content\/uploads\/2014\/06\/dzialalnosc_edukacyjna_projekty_edukacyjne_projekt_cztery_pory_roku_2014_cztery_pory_roku.jpg\" target=\"_blank\"><img decoding=\"async\" class=\" alignright size-full wp-image-1861\" style=\"float: right;\" src=\"https:\/\/pbp.womczest.edu.pl\/new\/wp-content\/uploads\/2014\/06\/dzialalnosc_edukacyjna_projekty_edukacyjne_projekt_cztery_pory_roku_2014_cztery_pory_roku_male.jpg\" alt=\"\" width=\"150\" srcset=\"https:\/\/pbp.womczest.edu.pl\/new\/wp-content\/uploads\/2014\/06\/dzialalnosc_edukacyjna_projekty_edukacyjne_projekt_cztery_pory_roku_2014_cztery_pory_roku_male.jpg 425w, https:\/\/pbp.womczest.edu.pl\/new\/wp-content\/uploads\/2014\/06\/dzialalnosc_edukacyjna_projekty_edukacyjne_projekt_cztery_pory_roku_2014_cztery_pory_roku_male-300x200.jpg 300w, https:\/\/pbp.womczest.edu.pl\/new\/wp-content\/uploads\/2014\/06\/dzialalnosc_edukacyjna_projekty_edukacyjne_projekt_cztery_pory_roku_2014_cztery_pory_roku_male-100x67.jpg 100w, https:\/\/pbp.womczest.edu.pl\/new\/wp-content\/uploads\/2014\/06\/dzialalnosc_edukacyjna_projekty_edukacyjne_projekt_cztery_pory_roku_2014_cztery_pory_roku_male-150x100.jpg 150w, https:\/\/pbp.womczest.edu.pl\/new\/wp-content\/uploads\/2014\/06\/dzialalnosc_edukacyjna_projekty_edukacyjne_projekt_cztery_pory_roku_2014_cztery_pory_roku_male-200x133.jpg 200w\" sizes=\"(max-width: 425px) 100vw, 425px\" \/><\/a><\/p>\n<p>Projekt by\u0142 realizowany w roku szkolnym 2013\/2014 i w jego organizacj\u0119 i prowadzenie zaj\u0119\u0107 edukacyjnych zaanga\u017cowali si\u0119 nauczyciele z cz\u0119stochowskich plac\u00f3wek o\u015bwiatowych: Niepublicznego Przedszkola J\u0119zykowego Zgromadzenia Si\u00f3str C\u00f3rek Maryi z Pesche, Publicznej Biblioteki Pedagogicznej RODN \u201eWOM\u201d oraz Jasnog\u00f3rskiej Publicznej Og\u00f3lnokszta\u0142c\u0105cej Szko\u0142y Muzycznej I\u00a0Stopnia.<\/p>\n<p>Zaj\u0119cia zosta\u0142y zorganizowane w trzech obszarach: poznawczym, plastycznym i muzycznym. Ka\u017cda z\u00a0instytucji podj\u0119\u0142a si\u0119 zadania pracy z dzie\u0107mi w jednym z obszar\u00f3w. Projekt podzielono na cztery cz\u0119\u015bci odpowiadaj\u0105ce poszczeg\u00f3lnym porom roku: Jesie\u0144, Zima, Wiosna, Lato. Nauczyciele podczas realizacji ka\u017cdej z nich przeprowadzili zaj\u0119cia wprowadzaj\u0105ce w tematyk\u0119, koncert muzyczny nauczycieli i uczni\u00f3w Jasnog\u00f3rskiej Szko\u0142y Muzycznej oraz konkurs plastyczny inspirowany muzyk\u0105 A.L. Vivaldiego.<\/p>\n<p>W okresie dziewi\u0119ciu miesi\u0119cy wsp\u00f3\u0142pracy przeprowadzono zaj\u0119cia:<\/p>\n<ul>\n<li>Jesie\u0144<\/li>\n<\/ul>\n<p style=\"padding-left: 60px;\"><em>Jesie\u0144 w naszym mie\u015bcie<\/em> (5\u20136 \u2013 latki)<br \/>\n<em>Jesie\u0144 w parku<\/em> (3\u20134 \u2013 latki)<\/p>\n<ul>\n<li>Zima<\/li>\n<\/ul>\n<p style=\"padding-left: 60px;\"><em>Czytamy legendy w zimowe wieczory<\/em> (5\u20136 \u2013 latki)<br \/>\n<em>Jasna G\u00f3ra zimow\u0105 por\u0105<\/em> (3\u20134 \u2013 latki)<\/p>\n<ul>\n<li>Wiosna<\/li>\n<\/ul>\n<p style=\"padding-left: 60px;\"><em>Spacerkiem po Cz\u0119stochowie<\/em> (5\u20136 \u2013 latki)<br \/>\n<em>Wiosenny spacer po mie\u015bcie<\/em> (3\u20134 \u2013 latki)<\/p>\n<ul>\n<li>Lato<\/li>\n<\/ul>\n<p style=\"padding-left: 60px;\"><em>Poznajemy pi\u0119kno Jury Krakowsko-Cz\u0119stochowskiej<\/em> (5\u20136 \u2013 latki)<br \/>\n<em>Letnie w\u0119dr\u00f3wki po Jurze Krakowsko-Cz\u0119stochowskiej<\/em> (3\u20134 \u2013 latki)<\/p>\n<p>Tematyka zaj\u0119\u0107 skupiona by\u0142a przede wszystkim na:<\/p>\n<ul>\n<li style=\"text-align: justify;\">poszerzeniu wiedzy na temat zmian nast\u0119puj\u0105cych w przyrodzie i \u017cyciu codziennym cz\u0142owieka na skutek zamieniaj\u0105cych si\u0119 p\u00f3r roku,<\/li>\n<li style=\"text-align: justify;\">poznaniu historii miasta oraz legend zwi\u0105zanych z rodzinn\u0105 miejscowo\u015bci\u0105,<\/li>\n<li style=\"text-align: justify;\">wykorzystaniem r\u00f3\u017cnorodnych \u017ar\u00f3de\u0142 informacji o Cz\u0119stochowie i regionie tj. encyklopedii, album\u00f3w, przewodnik\u00f3w i\u00a0informator\u00f3w turystycznych,<\/li>\n<li style=\"text-align: justify;\">rozwijaniu uzdolnie\u0144 artystycznych poprzez wykorzystanie r\u00f3\u017cnorodnych technik plastycznych,<\/li>\n<li style=\"text-align: justify;\">kszta\u0142towaniu wra\u017cliwo\u015bci muzycznej przez bezpo\u015brednie obcowanie z muzyk\u0105 klasyczn\u0105.<\/li>\n<\/ul>\n<p>Podsumowanie projektu zako\u0144czy\u0142o si\u0119 uroczystym spotkaniem dzieci oraz nauczycieli zaanga\u017cowanym w realizacj\u0119 projektu. Obecni byli nauczyciele bibliotekarze: Agata Arkabus, Anna P\u0142usa, nauczyciele wychowania przedszkolnego: Agnieszka Rabenda-Luto, Ewa Bednarek, Daria D\u0119bska, Aneta Podsiedlik oraz nauczyciel klasy skrzypiec Katarzyna Cicho\u0144ska. Przedszkolaki wys\u0142ucha\u0142y koncertu uczni\u00f3w z Jasnog\u00f3rskiej Szko\u0142y Muzycznej, obejrza\u0142y wyst\u0119p zespo\u0142u folklorystycznego \u201eGrodzianki\u201d z Grodziska oraz uczestniczy\u0142y w\u00a0quizie \u201eCo ju\u017c wiem o Cz\u0119stochowie\u201d.<\/p>\n<p>Edukacja regionalna stanowi bardzo ciekawy obszar poszerzenia wiedzy na temat ma\u0142ej ojczyzny w ka\u017cdym wieku i na ka\u017cdym etapie kszta\u0142cenia i nauczania. Dzieci w wieku przedszkolnym ch\u0119tnie uczestnicz\u0105 w zaj\u0119ciach regionalnych oraz dziel\u0105 si\u0119 swoimi do\u015bwiadczeniami i wiadomo\u015bciami z tego zakresu. Rol\u0105 edukacji regionalnej jest przekazywanie warto\u015bci przywi\u0105zania i poczucia przynale\u017cno\u015bci do spo\u0142eczno\u015bci lokalnej. Patriotyzm i warto\u015bci spo\u0142eczne nale\u017cy wi\u0119c kszta\u0142towa\u0107 od najm\u0142odszych lat, aby ka\u017cde z\u00a0dzieci wyros\u0142o w przysz\u0142o\u015bci na odpowiedzialnego obywatela i Polaka.<\/p>\n<p style=\"text-align: right;\"><em>Agata Arkabus<\/em><\/p>\n<ul>\n<li><strong><em><a href=\"http:\/\/www.youtube.com\/watch?v=tkWln1fQkoI\" target=\"_blank\">Dzia\u0142ania edukacyjne z realizacji projektu \u2013 relacja filmowa<\/a><\/em><\/strong><\/li>\n<li><em><strong><a href=\"http:\/\/www.youtube.com\/watch?v=ew04P5yfwTs\" target=\"_blank\">Zako\u0144czenie projektu edukacyjnego \u2013 relacja filmowa<\/a><\/strong><\/em><\/li>\n<\/ul>\n","protected":false},"excerpt":{"rendered":"<p>2 czerwca 2014 roku w Publicznej Bibliotece Pedagogicznej RODN \u201eWOM\u201d odby\u0142o si\u0119 spotkanie podsumowuj\u0105ce projekt edukacyjny z zakresu edukacji regionalnej \u201eCztery pory roku w naszym mie\u015bcie\u201d. Uczestnikami projektu by\u0142y dzieci z Niepublicznego Przedszkola J\u0119zykowego Zgromadzenia Si\u00f3str C\u00f3rek Maryi z Pesche w Cz\u0119stochowie. Celem projektu by\u0142o zapoznanie dzieci z histori\u0105 Cz\u0119stochowy, najciekawszymi zabytkami miasta oraz legendami zwi\u0105zanymi z miejscowo\u015bci\u0105. Przedszkolaki zdoby\u0142y tak\u017ce informacje na temat walor\u00f3w przyrodniczo-turystycznych Jury Krakowsko-Cz\u0119stochowskiej. Projekt by\u0142<span class=\"ellipsis\">&hellip;<\/span><\/p>\n<div class=\"read-more\"><a href=\"https:\/\/pbp.womczest.edu.pl\/new\/edukacja\/projekty-edukacyjne\/projekt-edukacyjny-cztery-pory-roku-w-naszym-miescie\/\">Czytaj wi\u0119cej &#8250;<\/a><\/div>\n<p><!-- end of .read-more --><\/p>\n","protected":false},"author":3,"featured_media":0,"parent":2637,"menu_order":0,"comment_status":"closed","ping_status":"open","template":"","meta":{"footnotes":""},"jetpack_sharing_enabled":true,"jetpack_shortlink":"https:\/\/wp.me\/PgmV4H-11D","_links":{"self":[{"href":"https:\/\/pbp.womczest.edu.pl\/new\/wp-json\/wp\/v2\/pages\/3945"}],"collection":[{"href":"https:\/\/pbp.womczest.edu.pl\/new\/wp-json\/wp\/v2\/pages"}],"about":[{"href":"https:\/\/pbp.womczest.edu.pl\/new\/wp-json\/wp\/v2\/types\/page"}],"author":[{"embeddable":true,"href":"https:\/\/pbp.womczest.edu.pl\/new\/wp-json\/wp\/v2\/users\/3"}],"replies":[{"embeddable":true,"href":"https:\/\/pbp.womczest.edu.pl\/new\/wp-json\/wp\/v2\/comments?post=3945"}],"version-history":[{"count":2,"href":"https:\/\/pbp.womczest.edu.pl\/new\/wp-json\/wp\/v2\/pages\/3945\/revisions"}],"predecessor-version":[{"id":5199,"href":"https:\/\/pbp.womczest.edu.pl\/new\/wp-json\/wp\/v2\/pages\/3945\/revisions\/5199"}],"up":[{"embeddable":true,"href":"https:\/\/pbp.womczest.edu.pl\/new\/wp-json\/wp\/v2\/pages\/2637"}],"wp:attachment":[{"href":"https:\/\/pbp.womczest.edu.pl\/new\/wp-json\/wp\/v2\/media?parent=3945"}],"curies":[{"name":"wp","href":"https:\/\/api.w.org\/{rel}","templated":true}]}}

Projekt edukacyjny „Cztery pory roku w naszym mieście”

<hr />
<p>2 czerwca 2014 roku w Publicznej Bibliotece Pedagogicznej RODN „WOM” odbyło się spotkanie podsumowujące projekt edukacyjny z zakresu edukacji regionalnej „Cztery pory roku w naszym mieście”. Uczestnikami projektu były dzieci z Niepublicznego Przedszkola Językowego Zgromadzenia Sióstr Córek Maryi z Pesche w Częstochowie. Celem projektu było zapoznanie dzieci z historią Częstochowy, najciekawszymi zabytkami miasta oraz legendami związanymi z miejscowością. Przedszkolaki zdobyły także informacje na temat walorów przyrodniczo-turystycznych Jury Krakowsko-Częstochowskiej.</p>
<p><a href="https://pbp.womczest.edu.pl/new/wp-content/uploads/2014/06/dzialalnosc_edukacyjna_projekty_edukacyjne_projekt_cztery_pory_roku_2014_cztery_pory_roku.jpg" target="_blank"><img decoding="async" class=" alignright size-full wp-image-1861" style="float: right;" src="https://pbp.womczest.edu.pl/new/wp-content/uploads/2014/06/dzialalnosc_edukacyjna_projekty_edukacyjne_projekt_cztery_pory_roku_2014_cztery_pory_roku_male.jpg" alt="" width="150" srcset="https://pbp.womczest.edu.pl/new/wp-content/uploads/2014/06/dzialalnosc_edukacyjna_projekty_edukacyjne_projekt_cztery_pory_roku_2014_cztery_pory_roku_male.jpg 425w, https://pbp.womczest.edu.pl/new/wp-content/uploads/2014/06/dzialalnosc_edukacyjna_projekty_edukacyjne_projekt_cztery_pory_roku_2014_cztery_pory_roku_male-300x200.jpg 300w, https://pbp.womczest.edu.pl/new/wp-content/uploads/2014/06/dzialalnosc_edukacyjna_projekty_edukacyjne_projekt_cztery_pory_roku_2014_cztery_pory_roku_male-100x67.jpg 100w, https://pbp.womczest.edu.pl/new/wp-content/uploads/2014/06/dzialalnosc_edukacyjna_projekty_edukacyjne_projekt_cztery_pory_roku_2014_cztery_pory_roku_male-150x100.jpg 150w, https://pbp.womczest.edu.pl/new/wp-content/uploads/2014/06/dzialalnosc_edukacyjna_projekty_edukacyjne_projekt_cztery_pory_roku_2014_cztery_pory_roku_male-200x133.jpg 200w" sizes="(max-width: 425px) 100vw, 425px" /></a></p>
<p>Projekt był realizowany w roku szkolnym 2013/2014 i w jego organizację i prowadzenie zajęć edukacyjnych zaangażowali się nauczyciele z częstochowskich placówek oświatowych: Niepublicznego Przedszkola Językowego Zgromadzenia Sióstr Córek Maryi z Pesche, Publicznej Biblioteki Pedagogicznej RODN „WOM” oraz Jasnogórskiej Publicznej Ogólnokształcącej Szkoły Muzycznej I Stopnia.</p>
<p>Zajęcia zostały zorganizowane w trzech obszarach: poznawczym, plastycznym i muzycznym. Każda z instytucji podjęła się zadania pracy z dziećmi w jednym z obszarów. Projekt podzielono na cztery części odpowiadające poszczególnym porom roku: Jesień, Zima, Wiosna, Lato. Nauczyciele podczas realizacji każdej z nich przeprowadzili zajęcia wprowadzające w tematykę, koncert muzyczny nauczycieli i uczniów Jasnogórskiej Szkoły Muzycznej oraz konkurs plastyczny inspirowany muzyką A.L. Vivaldiego.</p>
<p>W okresie dziewięciu miesięcy współpracy przeprowadzono zajęcia:</p>
<ul>
<li>Jesień</li>
</ul>
<p style="padding-left: 60px;"><em>Jesień w naszym mieście</em> (5–6 – latki)<br />
<em>Jesień w parku</em> (3–4 – latki)</p>
<ul>
<li>Zima</li>
</ul>
<p style="padding-left: 60px;"><em>Czytamy legendy w zimowe wieczory</em> (5–6 – latki)<br />
<em>Jasna Góra zimową porą</em> (3–4 – latki)</p>
<ul>
<li>Wiosna</li>
</ul>
<p style="padding-left: 60px;"><em>Spacerkiem po Częstochowie</em> (5–6 – latki)<br />
<em>Wiosenny spacer po mieście</em> (3–4 – latki)</p>
<ul>
<li>Lato</li>
</ul>
<p style="padding-left: 60px;"><em>Poznajemy piękno Jury Krakowsko-Częstochowskiej</em> (5–6 – latki)<br />
<em>Letnie wędrówki po Jurze Krakowsko-Częstochowskiej</em> (3–4 – latki)</p>
<p>Tematyka zajęć skupiona była przede wszystkim na:</p>
<ul>
<li style="text-align: justify;">poszerzeniu wiedzy na temat zmian następujących w przyrodzie i życiu codziennym człowieka na skutek zamieniających się pór roku,</li>
<li style="text-align: justify;">poznaniu historii miasta oraz legend związanych z rodzinną miejscowością,</li>
<li style="text-align: justify;">wykorzystaniem różnorodnych źródeł informacji o Częstochowie i regionie tj. encyklopedii, albumów, przewodników i informatorów turystycznych,</li>
<li style="text-align: justify;">rozwijaniu uzdolnień artystycznych poprzez wykorzystanie różnorodnych technik plastycznych,</li>
<li style="text-align: justify;">kształtowaniu wrażliwości muzycznej przez bezpośrednie obcowanie z muzyką klasyczną.</li>
</ul>
<p>Podsumowanie projektu zakończyło się uroczystym spotkaniem dzieci oraz nauczycieli zaangażowanym w realizację projektu. Obecni byli nauczyciele bibliotekarze: Agata Arkabus, Anna Płusa, nauczyciele wychowania przedszkolnego: Agnieszka Rabenda-Luto, Ewa Bednarek, Daria Dębska, Aneta Podsiedlik oraz nauczyciel klasy skrzypiec Katarzyna Cichońska. Przedszkolaki wysłuchały koncertu uczniów z Jasnogórskiej Szkoły Muzycznej, obejrzały występ zespołu folklorystycznego „Grodzianki” z Grodziska oraz uczestniczyły w quizie „Co już wiem o Częstochowie”.</p>
<p>Edukacja regionalna stanowi bardzo ciekawy obszar poszerzenia wiedzy na temat małej ojczyzny w każdym wieku i na każdym etapie kształcenia i nauczania. Dzieci w wieku przedszkolnym chętnie uczestniczą w zajęciach regionalnych oraz dzielą się swoimi doświadczeniami i wiadomościami z tego zakresu. Rolą edukacji regionalnej jest przekazywanie wartości przywiązania i poczucia przynależności do społeczności lokalnej. Patriotyzm i wartości społeczne należy więc kształtować od najmłodszych lat, aby każde z dzieci wyrosło w przyszłości na odpowiedzialnego obywatela i Polaka.</p>
<p style="text-align: right;"><em>Agata Arkabus</em></p>
<ul>
<li><strong><em><a href="http://www.youtube.com/watch?v=tkWln1fQkoI" target="_blank">Działania edukacyjne z realizacji projektu – relacja filmowa</a></em></strong></li>
<li><em><strong><a href="http://www.youtube.com/watch?v=ew04P5yfwTs" target="_blank">Zakończenie projektu edukacyjnego – relacja filmowa</a></strong></em></li>
</ul>

<p>2 czerwca 2014 roku w Publicznej Bibliotece Pedagogicznej RODN „WOM” odbyło się spotkanie podsumowujące projekt edukacyjny z zakresu edukacji regionalnej „Cztery pory roku w naszym mieście”. Uczestnikami projektu były dzieci z Niepublicznego Przedszkola Językowego Zgromadzenia Sióstr Córek Maryi z Pesche w Częstochowie. Celem projektu było zapoznanie dzieci z historią Częstochowy, najciekawszymi zabytkami miasta oraz legendami związanymi z miejscowością. Przedszkolaki zdobyły także informacje na temat walorów przyrodniczo-turystycznych Jury Krakowsko-Częstochowskiej. Projekt był<span class="ellipsis">&hellip;</span></p>
<div class="read-more"><a href="https://pbp.womczest.edu.pl/new/edukacja/projekty-edukacyjne/projekt-edukacyjny-cztery-pory-roku-w-naszym-miescie/">Czytaj więcej &#8250;</a></div>
<p><!-- end of .read-more --></p>
