


{"id":3689,"date":"2015-05-18T10:25:32","date_gmt":"2015-05-18T08:25:32","guid":{"rendered":"https:\/\/pbp.womczest.edu.pl\/new\/?page_id=3689"},"modified":"2023-03-07T13:33:20","modified_gmt":"2023-03-07T12:33:20","slug":"basnie-legendy-i-podania-gornego-slaska-iii-edycja","status":"publish","type":"page","link":"https:\/\/pbp.womczest.edu.pl\/new\/kontakt\/lubliniec\/konkursy-filia-lubliniec\/basnie-legendy-i-podania-gornego-slaska-iii-edycja\/","title":{"rendered":"Ba\u015bnie, legendy i podania G\u00f3rnego \u015al\u0105ska \u2013 III edycja"},"content":{"rendered":"<hr \/>\n<p style=\"text-align: justify;\" align=\"center\">12 grudnia 2011 roku w Szkole Podstawowej nr 1 w Lubli\u0144cu odby\u0142 si\u0119 fina\u0142 III edycji mi\u0119dzyszkolnego konkursu pt.: <strong><em>Ba\u015bnie, legendy i podania G\u00f3rnego \u015al\u0105ska<\/em><\/strong>, kt\u00f3rego organizatorem by\u0142y: <strong>Publiczna Biblioteka Pedagogiczna Regionalnego O\u015brodka Doskonalenia Nauczycieli \u201eWOM\u201d w Cz\u0119stochowie Filia w Lubli\u0144cu<\/strong> oraz <strong>biblioteka Szko\u0142y Podstawowej nr 1 w Lubli\u0144cu<\/strong>.<\/p>\n<p style=\"text-align: justify;\" align=\"center\">Celem konkursu by\u0142o uwra\u017cliwienie dzieci na warto\u015b\u0107 dziedzictwa kulturowego w\u0142asnego regionu. Jego adresatami byli uczniowie V klas szk\u00f3\u0142 podstawowych z terenu powiatu lublinieckiego. Konkurs sk\u0142ada\u0142 si\u0119 z dw\u00f3ch cz\u0119\u015bci: pisemnej i plastycznej. Spisanie lub\u00a0zilustrowanie us\u0142yszanej ba\u015bni, legendy, podania zwi\u0105zanego z G\u00f3rnym \u015al\u0105skiem to\u00a0zadania przygotowane dla uczestnik\u00f3w.<\/p>\n<p style=\"text-align: justify;\" align=\"center\">W konkursie wzi\u0119li udzia\u0142 uczniowie reprezentuj\u0105cy nast\u0119puj\u0105ce szko\u0142y: Zesp\u00f3\u0142 Plac\u00f3wek O\u015bwiatowych w Boronowie, Zesp\u00f3\u0142 Szk\u00f3\u0142 w Kochanowicach, Szko\u0142a Podstawowa nr\u00a01w\u00a0Lubli\u0144cu, Szko\u0142a Podstawowa w Rusinowicach, Publiczna Szko\u0142a Podstawowa w\u00a0Pawonkowie. Zebrano 38 prac plastycznych oraz 8 prac pisemnych.<\/p>\n<p style=\"text-align: justify;\" align=\"center\"><span style=\"text-decoration: underline;\">W cz\u0119\u015bci plastycznej jury przyzna\u0142o nast\u0119puj\u0105ce miejsca:<\/span><\/p>\n<p style=\"text-align: justify;\" align=\"center\"><strong>I miejsce: Justynie Skibie \u2013 Zesp\u00f3\u0142 Plac\u00f3wek O\u015bwiatowych w Boronowie<\/strong><\/p>\n<p style=\"text-align: justify;\" align=\"center\"><strong>II miejsce:\u00a0 Sandrze Koszarek &#8211; Szko\u0142a Podstawowa nr 1 w\u00a0Lubli\u0144cu<\/strong><\/p>\n<p style=\"text-align: justify;\" align=\"center\"><strong>III miejsce: Miko\u0142ajowi Pawe\u0142czykowi &#8211; Zesp\u00f3\u0142 Szk\u00f3\u0142 w Kochanowicach<\/strong><\/p>\n<p style=\"text-align: justify;\" align=\"center\"><span style=\"text-decoration: underline;\">W cz\u0119\u015bci pisemnej jury przyzna\u0142o nast\u0119puj\u0105ce miejsca:<\/span><\/p>\n<p style=\"text-align: justify;\" align=\"center\"><strong>I miejsce: Marcinowi Puchalskiemu &#8211;\u00a0 Zesp\u00f3\u0142 Szk\u00f3\u0142 w Kochanowicach<\/strong><\/p>\n<p style=\"text-align: justify;\" align=\"center\"><strong>II miejsce:\u00a0 Justynie Skibie &#8211; Zesp\u00f3\u0142 Plac\u00f3wek O\u015bwiatowych w Boronowie<\/strong><\/p>\n<p style=\"text-align: justify;\" align=\"center\"><strong>III miejsce: Natalii Bartosik &#8211; Zesp\u00f3\u0142 Plac\u00f3wek O\u015bwiatowych w Boronowie<\/strong><\/p>\n<p style=\"text-align: justify;\" align=\"center\">Wszystkim uczestnikom wr\u0119czono dyplomy i nagrody ksi\u0105\u017ckowe.<\/p>\n<p style=\"text-align: justify;\" align=\"center\">\n","protected":false},"excerpt":{"rendered":"<p>12 grudnia 2011 roku w Szkole Podstawowej nr 1 w Lubli\u0144cu odby\u0142 si\u0119 fina\u0142 III edycji mi\u0119dzyszkolnego konkursu pt.: Ba\u015bnie, legendy i podania G\u00f3rnego \u015al\u0105ska, kt\u00f3rego organizatorem by\u0142y: Publiczna Biblioteka Pedagogiczna Regionalnego O\u015brodka Doskonalenia Nauczycieli \u201eWOM\u201d w Cz\u0119stochowie Filia w Lubli\u0144cu oraz biblioteka Szko\u0142y Podstawowej nr 1 w Lubli\u0144cu. Celem konkursu by\u0142o uwra\u017cliwienie dzieci na warto\u015b\u0107 dziedzictwa kulturowego w\u0142asnego regionu. Jego adresatami byli uczniowie V klas szk\u00f3\u0142 podstawowych z terenu<span class=\"ellipsis\">&hellip;<\/span><\/p>\n<div class=\"read-more\"><a href=\"https:\/\/pbp.womczest.edu.pl\/new\/kontakt\/lubliniec\/konkursy-filia-lubliniec\/basnie-legendy-i-podania-gornego-slaska-iii-edycja\/\">Czytaj wi\u0119cej &#8250;<\/a><\/div>\n<p><!-- end of .read-more --><\/p>\n","protected":false},"author":3,"featured_media":0,"parent":3684,"menu_order":0,"comment_status":"closed","ping_status":"open","template":"","meta":{"footnotes":""},"jetpack_sharing_enabled":true,"jetpack_shortlink":"https:\/\/wp.me\/PgmV4H-Xv","_links":{"self":[{"href":"https:\/\/pbp.womczest.edu.pl\/new\/wp-json\/wp\/v2\/pages\/3689"}],"collection":[{"href":"https:\/\/pbp.womczest.edu.pl\/new\/wp-json\/wp\/v2\/pages"}],"about":[{"href":"https:\/\/pbp.womczest.edu.pl\/new\/wp-json\/wp\/v2\/types\/page"}],"author":[{"embeddable":true,"href":"https:\/\/pbp.womczest.edu.pl\/new\/wp-json\/wp\/v2\/users\/3"}],"replies":[{"embeddable":true,"href":"https:\/\/pbp.womczest.edu.pl\/new\/wp-json\/wp\/v2\/comments?post=3689"}],"version-history":[{"count":3,"href":"https:\/\/pbp.womczest.edu.pl\/new\/wp-json\/wp\/v2\/pages\/3689\/revisions"}],"predecessor-version":[{"id":22489,"href":"https:\/\/pbp.womczest.edu.pl\/new\/wp-json\/wp\/v2\/pages\/3689\/revisions\/22489"}],"up":[{"embeddable":true,"href":"https:\/\/pbp.womczest.edu.pl\/new\/wp-json\/wp\/v2\/pages\/3684"}],"wp:attachment":[{"href":"https:\/\/pbp.womczest.edu.pl\/new\/wp-json\/wp\/v2\/media?parent=3689"}],"curies":[{"name":"wp","href":"https:\/\/api.w.org\/{rel}","templated":true}]}}