


{"id":3555,"date":"2015-05-15T15:14:39","date_gmt":"2015-05-15T13:14:39","guid":{"rendered":"https:\/\/pbp.womczest.edu.pl\/new\/?page_id=3555"},"modified":"2015-05-15T15:14:39","modified_gmt":"2015-05-15T13:14:39","slug":"spotkanie-z-jubilatem","status":"publish","type":"page","link":"https:\/\/pbp.womczest.edu.pl\/new\/kontakt\/lelow\/spotkania-czytelnicze-filia-lelow\/spotkanie-z-jubilatem\/","title":{"rendered":"Spotkanie z Jubilatem"},"content":{"rendered":"<hr \/>\n<p>25 listopada 2013 roku swoje \u015bwi\u0119to obchodzi\u0142 przyjaciel dzieci \u2013 Pluszowy Mi\u015b.<\/p>\n<p>Z tej okazji, we wsp\u00f3\u0142pracy z nauczycielami Szko\u0142y Podstawowej Zespo\u0142u Szkolno-Przedszkolnego w Lelowie, zorganizowali\u015bmy w\u00a0szkole ma\u0142\u0105 imprez\u0119 czytelnicz\u0105.<br \/>\nNajwi\u0119ksz\u0105 atrakcj\u0105 by\u0142a obecno\u015b\u0107 samego Jubilata, w kt\u00f3rego posta\u0107 wcieli\u0142a si\u0119 uczennica klasy VI Julia Chory\u0142ek.<br \/>\nPluszowy Mi\u015b na powitanie wszystkim go\u015bciom przybi\u0142 piecz\u0105tki ze swoj\u0105 podobizn\u0105. Przywita\u0142 si\u0119 te\u017c z przytulankami, kt\u00f3re przynie\u015bli ze sob\u0105 uczniowie.<br \/>\nPrzedstawiciele klas m\u0142odszych powitali Jubilata wierszykami i piosenk\u0105, z\u0142o\u017cyli \u017cyczenia urodzinowe i wr\u0119czyli prezent w postaci bary\u0142ki miodu.<br \/>\nUczniowie klas IV\u2013VI opowiedzieli wszystkim kr\u00f3tk\u0105 histori\u0119 Pluszowego Misia oraz przeczytali fragmenty ksi\u0105\u017cki <em>Kubu\u015b Puchatek<\/em>. Organizatorzy natomiast przygotowali dla go\u015bci zagadki dotycz\u0105ce bohater\u00f3w wyst\u0119puj\u0105cych w tej ksi\u0105\u017cce.<\/p>\n<p>Du\u017co emocji i zabawy dostarczy\u0142y dzieciom konkurencje:<\/p>\n<ul>\n<li>Kto szybciej, bez pomocy r\u0105k opr\u00f3\u017cni talerzyk z miodem,<\/li>\n<li>Kto naj\u0142adniej namaluje (z zawi\u0105zanymi oczami) posta\u0107 misia,<\/li>\n<li>Kto nadmucha najwi\u0119kszy balon.<\/li>\n<\/ul>\n<p>Podczas spotkania zosta\u0142y tak\u017ce og\u0142oszone wyniki, przeprowadzonego wcze\u015bniej w\u015br\u00f3d uczni\u00f3w, konkursu plastycznego dla klas I\u00a0\u2013\u00a0III\u00a0 \u2013\u00a0<em>\u201eJeden dzie\u0144 z \u017cycia misia\u201d.<\/em><br \/>\nWszyscy wyj\u0105tkowo zaanga\u017cowani w zabaw\u0119 uczniowie oraz uczestnicy konkurs\u00f3w zostali nagrodzeni.<br \/>\nPluszowy Mi\u015b na koniec obdarowa\u0142 wszystkich <em>s\u0142odkim co nieco. <\/em>Ca\u0142emu spotkaniu towarzyszy\u0142a mi\u0142a i serdeczna atmosfera.<\/p>\n<p>Serdecznie dzi\u0119kujemy wszystkim za udzia\u0142 w obchodach Dnia Pluszowego Misia, a Paniom Emilii Mory\u0144 i Renacie Korzeniec za owocn\u0105 wsp\u00f3\u0142prac\u0119.<\/p>\n<p style=\"text-align: right;\"><em>Dorota Kulawiak<br \/>\nJadwiga G\u00f3recka<br \/>\nZdj\u0119cia: Jadwiga G\u00f3recka<\/em><\/p>\n<p><a href=\"https:\/\/pbp.womczest.edu.pl\/new\/wp-content\/uploads\/2013\/12\/filie_lelow_pluszowy_mis_2013_szkola_podstawowa_DSC_1211.jpg\" target=\"_blank\"><img decoding=\"async\" class=\" size-full wp-image-1703 alignleft\" style=\"border: 0px none;\" src=\"https:\/\/pbp.womczest.edu.pl\/new\/wp-content\/uploads\/2013\/12\/filie_lelow_pluszowy_mis_2013_szkola_podstawowa_DSC_1211.jpg\" alt=\"\" width=\"163\" border=\"0\" srcset=\"https:\/\/pbp.womczest.edu.pl\/new\/wp-content\/uploads\/2013\/12\/filie_lelow_pluszowy_mis_2013_szkola_podstawowa_DSC_1211.jpg 945w, https:\/\/pbp.womczest.edu.pl\/new\/wp-content\/uploads\/2013\/12\/filie_lelow_pluszowy_mis_2013_szkola_podstawowa_DSC_1211-300x225.jpg 300w, https:\/\/pbp.womczest.edu.pl\/new\/wp-content\/uploads\/2013\/12\/filie_lelow_pluszowy_mis_2013_szkola_podstawowa_DSC_1211-100x75.jpg 100w, https:\/\/pbp.womczest.edu.pl\/new\/wp-content\/uploads\/2013\/12\/filie_lelow_pluszowy_mis_2013_szkola_podstawowa_DSC_1211-150x113.jpg 150w, https:\/\/pbp.womczest.edu.pl\/new\/wp-content\/uploads\/2013\/12\/filie_lelow_pluszowy_mis_2013_szkola_podstawowa_DSC_1211-200x150.jpg 200w, https:\/\/pbp.womczest.edu.pl\/new\/wp-content\/uploads\/2013\/12\/filie_lelow_pluszowy_mis_2013_szkola_podstawowa_DSC_1211-450x338.jpg 450w, https:\/\/pbp.womczest.edu.pl\/new\/wp-content\/uploads\/2013\/12\/filie_lelow_pluszowy_mis_2013_szkola_podstawowa_DSC_1211-600x450.jpg 600w, https:\/\/pbp.womczest.edu.pl\/new\/wp-content\/uploads\/2013\/12\/filie_lelow_pluszowy_mis_2013_szkola_podstawowa_DSC_1211-900x675.jpg 900w\" sizes=\"(max-width: 945px) 100vw, 945px\" \/><\/a><\/p>\n<p><a href=\"https:\/\/pbp.womczest.edu.pl\/new\/wp-content\/uploads\/2013\/12\/filie_lelow_pluszowy_mis_2013_szkola_podstawowa_IMG_2164.jpg\" target=\"_blank\"><img decoding=\"async\" class=\" size-full wp-image-1706 alignleft\" style=\"border: 0px none;\" src=\"https:\/\/pbp.womczest.edu.pl\/new\/wp-content\/uploads\/2013\/12\/filie_lelow_pluszowy_mis_2013_szkola_podstawowa_IMG_2164.jpg\" alt=\"\" width=\"163\" border=\"0\" srcset=\"https:\/\/pbp.womczest.edu.pl\/new\/wp-content\/uploads\/2013\/12\/filie_lelow_pluszowy_mis_2013_szkola_podstawowa_IMG_2164.jpg 945w, https:\/\/pbp.womczest.edu.pl\/new\/wp-content\/uploads\/2013\/12\/filie_lelow_pluszowy_mis_2013_szkola_podstawowa_IMG_2164-300x225.jpg 300w, https:\/\/pbp.womczest.edu.pl\/new\/wp-content\/uploads\/2013\/12\/filie_lelow_pluszowy_mis_2013_szkola_podstawowa_IMG_2164-100x75.jpg 100w, https:\/\/pbp.womczest.edu.pl\/new\/wp-content\/uploads\/2013\/12\/filie_lelow_pluszowy_mis_2013_szkola_podstawowa_IMG_2164-150x113.jpg 150w, https:\/\/pbp.womczest.edu.pl\/new\/wp-content\/uploads\/2013\/12\/filie_lelow_pluszowy_mis_2013_szkola_podstawowa_IMG_2164-200x150.jpg 200w, https:\/\/pbp.womczest.edu.pl\/new\/wp-content\/uploads\/2013\/12\/filie_lelow_pluszowy_mis_2013_szkola_podstawowa_IMG_2164-450x338.jpg 450w, https:\/\/pbp.womczest.edu.pl\/new\/wp-content\/uploads\/2013\/12\/filie_lelow_pluszowy_mis_2013_szkola_podstawowa_IMG_2164-600x450.jpg 600w, https:\/\/pbp.womczest.edu.pl\/new\/wp-content\/uploads\/2013\/12\/filie_lelow_pluszowy_mis_2013_szkola_podstawowa_IMG_2164-900x675.jpg 900w\" sizes=\"(max-width: 945px) 100vw, 945px\" \/><\/a><\/p>\n<p><a href=\"https:\/\/pbp.womczest.edu.pl\/new\/wp-content\/uploads\/2013\/12\/filie_lelow_pluszowy_mis_2013_szkola_podstawowa_IMG_2162.jpg\" target=\"_blank\"><img decoding=\"async\" class=\" size-full wp-image-1705 alignleft\" style=\"border: 0px none;\" src=\"https:\/\/pbp.womczest.edu.pl\/new\/wp-content\/uploads\/2013\/12\/filie_lelow_pluszowy_mis_2013_szkola_podstawowa_IMG_2162.jpg\" alt=\"\" width=\"163\" border=\"0\" srcset=\"https:\/\/pbp.womczest.edu.pl\/new\/wp-content\/uploads\/2013\/12\/filie_lelow_pluszowy_mis_2013_szkola_podstawowa_IMG_2162.jpg 945w, https:\/\/pbp.womczest.edu.pl\/new\/wp-content\/uploads\/2013\/12\/filie_lelow_pluszowy_mis_2013_szkola_podstawowa_IMG_2162-300x225.jpg 300w, https:\/\/pbp.womczest.edu.pl\/new\/wp-content\/uploads\/2013\/12\/filie_lelow_pluszowy_mis_2013_szkola_podstawowa_IMG_2162-100x75.jpg 100w, https:\/\/pbp.womczest.edu.pl\/new\/wp-content\/uploads\/2013\/12\/filie_lelow_pluszowy_mis_2013_szkola_podstawowa_IMG_2162-150x113.jpg 150w, https:\/\/pbp.womczest.edu.pl\/new\/wp-content\/uploads\/2013\/12\/filie_lelow_pluszowy_mis_2013_szkola_podstawowa_IMG_2162-200x150.jpg 200w, https:\/\/pbp.womczest.edu.pl\/new\/wp-content\/uploads\/2013\/12\/filie_lelow_pluszowy_mis_2013_szkola_podstawowa_IMG_2162-450x338.jpg 450w, https:\/\/pbp.womczest.edu.pl\/new\/wp-content\/uploads\/2013\/12\/filie_lelow_pluszowy_mis_2013_szkola_podstawowa_IMG_2162-600x450.jpg 600w, https:\/\/pbp.womczest.edu.pl\/new\/wp-content\/uploads\/2013\/12\/filie_lelow_pluszowy_mis_2013_szkola_podstawowa_IMG_2162-900x675.jpg 900w\" sizes=\"(max-width: 945px) 100vw, 945px\" \/><\/a><\/p>\n<p><a href=\"https:\/\/pbp.womczest.edu.pl\/new\/wp-content\/uploads\/2013\/12\/filie_lelow_pluszowy_mis_2013_szkola_podstawowa_IMG_2173.jpg\" target=\"_blank\"><img decoding=\"async\" class=\" size-full wp-image-1707 alignleft\" style=\"border: 0px none;\" src=\"https:\/\/pbp.womczest.edu.pl\/new\/wp-content\/uploads\/2013\/12\/filie_lelow_pluszowy_mis_2013_szkola_podstawowa_IMG_2173.jpg\" alt=\"\" width=\"163\" border=\"0\" srcset=\"https:\/\/pbp.womczest.edu.pl\/new\/wp-content\/uploads\/2013\/12\/filie_lelow_pluszowy_mis_2013_szkola_podstawowa_IMG_2173.jpg 945w, https:\/\/pbp.womczest.edu.pl\/new\/wp-content\/uploads\/2013\/12\/filie_lelow_pluszowy_mis_2013_szkola_podstawowa_IMG_2173-300x225.jpg 300w, https:\/\/pbp.womczest.edu.pl\/new\/wp-content\/uploads\/2013\/12\/filie_lelow_pluszowy_mis_2013_szkola_podstawowa_IMG_2173-100x75.jpg 100w, https:\/\/pbp.womczest.edu.pl\/new\/wp-content\/uploads\/2013\/12\/filie_lelow_pluszowy_mis_2013_szkola_podstawowa_IMG_2173-150x113.jpg 150w, https:\/\/pbp.womczest.edu.pl\/new\/wp-content\/uploads\/2013\/12\/filie_lelow_pluszowy_mis_2013_szkola_podstawowa_IMG_2173-200x150.jpg 200w, https:\/\/pbp.womczest.edu.pl\/new\/wp-content\/uploads\/2013\/12\/filie_lelow_pluszowy_mis_2013_szkola_podstawowa_IMG_2173-450x338.jpg 450w, https:\/\/pbp.womczest.edu.pl\/new\/wp-content\/uploads\/2013\/12\/filie_lelow_pluszowy_mis_2013_szkola_podstawowa_IMG_2173-600x450.jpg 600w, https:\/\/pbp.womczest.edu.pl\/new\/wp-content\/uploads\/2013\/12\/filie_lelow_pluszowy_mis_2013_szkola_podstawowa_IMG_2173-900x675.jpg 900w\" sizes=\"(max-width: 945px) 100vw, 945px\" \/><\/a><a href=\"https:\/\/pbp.womczest.edu.pl\/new\/wp-content\/uploads\/2013\/12\/filie_lelow_pluszowy_mis_2013_szkola_podstawowa_IMG_2160.jpg\" target=\"_blank\"><img decoding=\"async\" class=\" size-full wp-image-1704 alignleft\" style=\"border: 0px none;\" src=\"https:\/\/pbp.womczest.edu.pl\/new\/wp-content\/uploads\/2013\/12\/filie_lelow_pluszowy_mis_2013_szkola_podstawowa_IMG_2160.jpg\" alt=\"\" width=\"163\" border=\"0\" srcset=\"https:\/\/pbp.womczest.edu.pl\/new\/wp-content\/uploads\/2013\/12\/filie_lelow_pluszowy_mis_2013_szkola_podstawowa_IMG_2160.jpg 945w, https:\/\/pbp.womczest.edu.pl\/new\/wp-content\/uploads\/2013\/12\/filie_lelow_pluszowy_mis_2013_szkola_podstawowa_IMG_2160-300x225.jpg 300w, https:\/\/pbp.womczest.edu.pl\/new\/wp-content\/uploads\/2013\/12\/filie_lelow_pluszowy_mis_2013_szkola_podstawowa_IMG_2160-100x75.jpg 100w, https:\/\/pbp.womczest.edu.pl\/new\/wp-content\/uploads\/2013\/12\/filie_lelow_pluszowy_mis_2013_szkola_podstawowa_IMG_2160-150x113.jpg 150w, https:\/\/pbp.womczest.edu.pl\/new\/wp-content\/uploads\/2013\/12\/filie_lelow_pluszowy_mis_2013_szkola_podstawowa_IMG_2160-200x150.jpg 200w, https:\/\/pbp.womczest.edu.pl\/new\/wp-content\/uploads\/2013\/12\/filie_lelow_pluszowy_mis_2013_szkola_podstawowa_IMG_2160-450x338.jpg 450w, https:\/\/pbp.womczest.edu.pl\/new\/wp-content\/uploads\/2013\/12\/filie_lelow_pluszowy_mis_2013_szkola_podstawowa_IMG_2160-600x450.jpg 600w, https:\/\/pbp.womczest.edu.pl\/new\/wp-content\/uploads\/2013\/12\/filie_lelow_pluszowy_mis_2013_szkola_podstawowa_IMG_2160-900x675.jpg 900w\" sizes=\"(max-width: 945px) 100vw, 945px\" \/><\/a><\/p>\n<p><a href=\"https:\/\/pbp.womczest.edu.pl\/new\/wp-content\/uploads\/2013\/12\/filie_lelow_pluszowy_mis_2013_szkola_podstawowa_IMG_2183.jpg\" target=\"_blank\"><img decoding=\"async\" class=\" size-full wp-image-1708 alignleft\" style=\"border: 0px none;\" src=\"https:\/\/pbp.womczest.edu.pl\/new\/wp-content\/uploads\/2013\/12\/filie_lelow_pluszowy_mis_2013_szkola_podstawowa_IMG_2183.jpg\" alt=\"\" width=\"163\" border=\"0\" srcset=\"https:\/\/pbp.womczest.edu.pl\/new\/wp-content\/uploads\/2013\/12\/filie_lelow_pluszowy_mis_2013_szkola_podstawowa_IMG_2183.jpg 945w, https:\/\/pbp.womczest.edu.pl\/new\/wp-content\/uploads\/2013\/12\/filie_lelow_pluszowy_mis_2013_szkola_podstawowa_IMG_2183-300x225.jpg 300w, https:\/\/pbp.womczest.edu.pl\/new\/wp-content\/uploads\/2013\/12\/filie_lelow_pluszowy_mis_2013_szkola_podstawowa_IMG_2183-100x75.jpg 100w, https:\/\/pbp.womczest.edu.pl\/new\/wp-content\/uploads\/2013\/12\/filie_lelow_pluszowy_mis_2013_szkola_podstawowa_IMG_2183-150x113.jpg 150w, https:\/\/pbp.womczest.edu.pl\/new\/wp-content\/uploads\/2013\/12\/filie_lelow_pluszowy_mis_2013_szkola_podstawowa_IMG_2183-200x150.jpg 200w, https:\/\/pbp.womczest.edu.pl\/new\/wp-content\/uploads\/2013\/12\/filie_lelow_pluszowy_mis_2013_szkola_podstawowa_IMG_2183-450x338.jpg 450w, https:\/\/pbp.womczest.edu.pl\/new\/wp-content\/uploads\/2013\/12\/filie_lelow_pluszowy_mis_2013_szkola_podstawowa_IMG_2183-600x450.jpg 600w, https:\/\/pbp.womczest.edu.pl\/new\/wp-content\/uploads\/2013\/12\/filie_lelow_pluszowy_mis_2013_szkola_podstawowa_IMG_2183-900x675.jpg 900w\" sizes=\"(max-width: 945px) 100vw, 945px\" \/><\/a><\/p>\n<p><a href=\"https:\/\/pbp.womczest.edu.pl\/new\/wp-content\/uploads\/2013\/12\/filie_lelow_pluszowy_mis_2013_szkola_podstawowa_IMG_2196.jpg\" target=\"_blank\"><img decoding=\"async\" class=\" size-full wp-image-1709 alignleft\" style=\"border: 0px none;\" src=\"https:\/\/pbp.womczest.edu.pl\/new\/wp-content\/uploads\/2013\/12\/filie_lelow_pluszowy_mis_2013_szkola_podstawowa_IMG_2196.jpg\" alt=\"\" width=\"163\" border=\"0\" srcset=\"https:\/\/pbp.womczest.edu.pl\/new\/wp-content\/uploads\/2013\/12\/filie_lelow_pluszowy_mis_2013_szkola_podstawowa_IMG_2196.jpg 945w, https:\/\/pbp.womczest.edu.pl\/new\/wp-content\/uploads\/2013\/12\/filie_lelow_pluszowy_mis_2013_szkola_podstawowa_IMG_2196-300x225.jpg 300w, https:\/\/pbp.womczest.edu.pl\/new\/wp-content\/uploads\/2013\/12\/filie_lelow_pluszowy_mis_2013_szkola_podstawowa_IMG_2196-100x75.jpg 100w, https:\/\/pbp.womczest.edu.pl\/new\/wp-content\/uploads\/2013\/12\/filie_lelow_pluszowy_mis_2013_szkola_podstawowa_IMG_2196-150x113.jpg 150w, https:\/\/pbp.womczest.edu.pl\/new\/wp-content\/uploads\/2013\/12\/filie_lelow_pluszowy_mis_2013_szkola_podstawowa_IMG_2196-200x150.jpg 200w, https:\/\/pbp.womczest.edu.pl\/new\/wp-content\/uploads\/2013\/12\/filie_lelow_pluszowy_mis_2013_szkola_podstawowa_IMG_2196-450x338.jpg 450w, https:\/\/pbp.womczest.edu.pl\/new\/wp-content\/uploads\/2013\/12\/filie_lelow_pluszowy_mis_2013_szkola_podstawowa_IMG_2196-600x450.jpg 600w, https:\/\/pbp.womczest.edu.pl\/new\/wp-content\/uploads\/2013\/12\/filie_lelow_pluszowy_mis_2013_szkola_podstawowa_IMG_2196-900x675.jpg 900w\" sizes=\"(max-width: 945px) 100vw, 945px\" \/><\/a><\/p>\n<p><a href=\"https:\/\/pbp.womczest.edu.pl\/new\/wp-content\/uploads\/2013\/12\/filie_lelow_pluszowy_mis_2013_szkola_podstawowa_IMG_2226.jpg\" target=\"_blank\"><img decoding=\"async\" class=\" size-full wp-image-1710 alignleft\" style=\"border: 0px none;\" src=\"https:\/\/pbp.womczest.edu.pl\/new\/wp-content\/uploads\/2013\/12\/filie_lelow_pluszowy_mis_2013_szkola_podstawowa_IMG_2226.jpg\" alt=\"\" width=\"163\" border=\"0\" srcset=\"https:\/\/pbp.womczest.edu.pl\/new\/wp-content\/uploads\/2013\/12\/filie_lelow_pluszowy_mis_2013_szkola_podstawowa_IMG_2226.jpg 945w, https:\/\/pbp.womczest.edu.pl\/new\/wp-content\/uploads\/2013\/12\/filie_lelow_pluszowy_mis_2013_szkola_podstawowa_IMG_2226-300x225.jpg 300w, https:\/\/pbp.womczest.edu.pl\/new\/wp-content\/uploads\/2013\/12\/filie_lelow_pluszowy_mis_2013_szkola_podstawowa_IMG_2226-100x75.jpg 100w, https:\/\/pbp.womczest.edu.pl\/new\/wp-content\/uploads\/2013\/12\/filie_lelow_pluszowy_mis_2013_szkola_podstawowa_IMG_2226-150x113.jpg 150w, https:\/\/pbp.womczest.edu.pl\/new\/wp-content\/uploads\/2013\/12\/filie_lelow_pluszowy_mis_2013_szkola_podstawowa_IMG_2226-200x150.jpg 200w, https:\/\/pbp.womczest.edu.pl\/new\/wp-content\/uploads\/2013\/12\/filie_lelow_pluszowy_mis_2013_szkola_podstawowa_IMG_2226-450x338.jpg 450w, https:\/\/pbp.womczest.edu.pl\/new\/wp-content\/uploads\/2013\/12\/filie_lelow_pluszowy_mis_2013_szkola_podstawowa_IMG_2226-600x450.jpg 600w, https:\/\/pbp.womczest.edu.pl\/new\/wp-content\/uploads\/2013\/12\/filie_lelow_pluszowy_mis_2013_szkola_podstawowa_IMG_2226-900x675.jpg 900w\" sizes=\"(max-width: 945px) 100vw, 945px\" \/><\/a><\/p>\n","protected":false},"excerpt":{"rendered":"<p>25 listopada 2013 roku swoje \u015bwi\u0119to obchodzi\u0142 przyjaciel dzieci \u2013 Pluszowy Mi\u015b. Z tej okazji, we wsp\u00f3\u0142pracy z nauczycielami Szko\u0142y Podstawowej Zespo\u0142u Szkolno-Przedszkolnego w Lelowie, zorganizowali\u015bmy w\u00a0szkole ma\u0142\u0105 imprez\u0119 czytelnicz\u0105. Najwi\u0119ksz\u0105 atrakcj\u0105 by\u0142a obecno\u015b\u0107 samego Jubilata, w kt\u00f3rego posta\u0107 wcieli\u0142a si\u0119 uczennica klasy VI Julia Chory\u0142ek. Pluszowy Mi\u015b na powitanie wszystkim go\u015bciom przybi\u0142 piecz\u0105tki ze swoj\u0105 podobizn\u0105. Przywita\u0142 si\u0119 te\u017c z przytulankami, kt\u00f3re przynie\u015bli ze sob\u0105 uczniowie. Przedstawiciele klas m\u0142odszych<span class=\"ellipsis\">&hellip;<\/span><\/p>\n<div class=\"read-more\"><a href=\"https:\/\/pbp.womczest.edu.pl\/new\/kontakt\/lelow\/spotkania-czytelnicze-filia-lelow\/spotkanie-z-jubilatem\/\">Czytaj wi\u0119cej &#8250;<\/a><\/div>\n<p><!-- end of .read-more --><\/p>\n","protected":false},"author":3,"featured_media":0,"parent":3545,"menu_order":0,"comment_status":"closed","ping_status":"open","template":"","meta":{"footnotes":""},"jetpack_sharing_enabled":true,"jetpack_shortlink":"https:\/\/wp.me\/PgmV4H-Vl","_links":{"self":[{"href":"https:\/\/pbp.womczest.edu.pl\/new\/wp-json\/wp\/v2\/pages\/3555"}],"collection":[{"href":"https:\/\/pbp.womczest.edu.pl\/new\/wp-json\/wp\/v2\/pages"}],"about":[{"href":"https:\/\/pbp.womczest.edu.pl\/new\/wp-json\/wp\/v2\/types\/page"}],"author":[{"embeddable":true,"href":"https:\/\/pbp.womczest.edu.pl\/new\/wp-json\/wp\/v2\/users\/3"}],"replies":[{"embeddable":true,"href":"https:\/\/pbp.womczest.edu.pl\/new\/wp-json\/wp\/v2\/comments?post=3555"}],"version-history":[{"count":2,"href":"https:\/\/pbp.womczest.edu.pl\/new\/wp-json\/wp\/v2\/pages\/3555\/revisions"}],"predecessor-version":[{"id":3557,"href":"https:\/\/pbp.womczest.edu.pl\/new\/wp-json\/wp\/v2\/pages\/3555\/revisions\/3557"}],"up":[{"embeddable":true,"href":"https:\/\/pbp.womczest.edu.pl\/new\/wp-json\/wp\/v2\/pages\/3545"}],"wp:attachment":[{"href":"https:\/\/pbp.womczest.edu.pl\/new\/wp-json\/wp\/v2\/media?parent=3555"}],"curies":[{"name":"wp","href":"https:\/\/api.w.org\/{rel}","templated":true}]}}