


{"id":3515,"date":"2015-05-15T14:34:47","date_gmt":"2015-05-15T12:34:47","guid":{"rendered":"https:\/\/pbp.womczest.edu.pl\/new\/?page_id=3515"},"modified":"2015-05-15T14:34:47","modified_gmt":"2015-05-15T12:34:47","slug":"konkurs-najaktywniej-czytajaca-klasa-w-szkole-dla-uczniow-wszystkich-klas-szkoly-podstawowej-w-lelowie","status":"publish","type":"page","link":"https:\/\/pbp.womczest.edu.pl\/new\/kontakt\/lelow\/konkursy-filia-lelow\/konkurs-najaktywniej-czytajaca-klasa-w-szkole-dla-uczniow-wszystkich-klas-szkoly-podstawowej-w-lelowie\/","title":{"rendered":"Konkurs \u201eNajaktywniej czytaj\u0105ca klasa w szkole\u201d dla uczni\u00f3w wszystkich klas Szko\u0142y Podstawowej w Lelowie"},"content":{"rendered":"<hr \/>\n<p><a href=\"https:\/\/pbp.womczest.edu.pl\/new\/wp-content\/uploads\/2012\/11\/filie_lelow_najaktywniej_IMGP2602.JPG\" target=\"_blank\"><img decoding=\"async\" loading=\"lazy\" class=\"  wp-image-853 alignleft\" style=\"border: 0pt none; float: left;\" src=\"https:\/\/pbp.womczest.edu.pl\/new\/wp-content\/uploads\/2012\/11\/filie_lelow_najaktywniej_ksiazki.jpg\" alt=\"\" width=\"106\" height=\"141\" border=\"0\" srcset=\"https:\/\/pbp.womczest.edu.pl\/new\/wp-content\/uploads\/2012\/11\/filie_lelow_najaktywniej_ksiazki.jpg 480w, https:\/\/pbp.womczest.edu.pl\/new\/wp-content\/uploads\/2012\/11\/filie_lelow_najaktywniej_ksiazki-225x300.jpg 225w, https:\/\/pbp.womczest.edu.pl\/new\/wp-content\/uploads\/2012\/11\/filie_lelow_najaktywniej_ksiazki-100x133.jpg 100w, https:\/\/pbp.womczest.edu.pl\/new\/wp-content\/uploads\/2012\/11\/filie_lelow_najaktywniej_ksiazki-150x200.jpg 150w, https:\/\/pbp.womczest.edu.pl\/new\/wp-content\/uploads\/2012\/11\/filie_lelow_najaktywniej_ksiazki-200x267.jpg 200w, https:\/\/pbp.womczest.edu.pl\/new\/wp-content\/uploads\/2012\/11\/filie_lelow_najaktywniej_ksiazki-300x400.jpg 300w, https:\/\/pbp.womczest.edu.pl\/new\/wp-content\/uploads\/2012\/11\/filie_lelow_najaktywniej_ksiazki-450x600.jpg 450w\" sizes=\"(max-width: 106px) 100vw, 106px\" \/><\/a>8 lutego 2013 roku w Szkole Podstawowe w Lelowie, podczas apelu szkolnego, og\u0142oszono wyniki konkursu czytelniczego <strong>\u201eNajaktywniej czytaj\u0105ca klasa w szkole\u201d. <\/strong>Konkurs trwa\u0142 od 5 pa\u017adziernika 2012 roku do 31 stycznia 2013 roku i by\u0142 adresowany do uczni\u00f3w wszystkich klas w szkole. Celem konkursu by\u0142o rozbudzanie zainteresowa\u0144 czytelniczych dzieci i m\u0142odzie\u017cy, kszta\u0142towanie nawyku systematycznego czytania oraz popularyzowanie zbior\u00f3w bibliotecznych w\u015br\u00f3d uczni\u00f3w.<\/p>\n<p><strong>I miejsce zaj\u0119\u0142a klasa III i I z wynikiem 12 ksi\u0105\u017cek na 1 ucznia.<br \/>\nII miejsce zaj\u0119\u0142a klasa II z wynikiem 7 ksi\u0105\u017cek na 1 ucznia. <\/strong><\/p>\n<p>Do tytu\u0142u <strong>\u201eBibliotecznego Mola Ksi\u0105\u017ckowego\u201d<\/strong> nominowanych by\u0142o 22 uczni\u00f3w. W drodze losowania przypad\u0142 on <strong>uczennicy kl. I \u2013 Kalinie Zasu\u0144. <\/strong>Zwyci\u0119zcy otrzymali pami\u0105tkowe dyplomy i upominki. <strong>Biblioteczny Mol Ksi\u0105\u017ckowy<\/strong> otrzyma\u0142 dyplom, pami\u0105tkow\u0105 szarf\u0119 oraz puchar. Gronu Pedagogicznemu Szko\u0142y Podstawowej w Lelowie dzi\u0119kujemy za wsp\u00f3\u0142prac\u0119.<br \/>\nWszystkim uczniom gratulujemy i zapraszamy do udzia\u0142u w kolejnych edycjach konkursu.<\/p>\n<p style=\"text-align: right;\"><em><span style=\"font-size: xx-small;\">\u0179r\u00f3d\u0142o zdj\u0119cia:http:\/\/farm5.staticflickr.com\/4043\/4468453976_c73c131c2c_z.jpg<\/span><\/em><\/p>\n<p style=\"text-align: right;\"><a href=\"https:\/\/pbp.womczest.edu.pl\/images\/stories\/filie\/lelow\/najaktywniej\/IMGP2602.JPG\" target=\"_blank\"><img decoding=\"async\" loading=\"lazy\" class=\" alignleft\" src=\"https:\/\/pbp.womczest.edu.pl\/images\/stories\/filie\/lelow\/najaktywniej\/IMGP2602.JPG\" alt=\"\" width=\"165\" height=\"106\" border=\"0\" \/><\/a><a href=\"https:\/\/pbp.womczest.edu.pl\/images\/stories\/filie\/lelow\/najaktywniej\/IMGP2597.JPG\" target=\"_blank\"><img decoding=\"async\" loading=\"lazy\" class=\" alignleft\" src=\"https:\/\/pbp.womczest.edu.pl\/images\/stories\/filie\/lelow\/najaktywniej\/IMGP2597.JPG\" alt=\"\" width=\"165\" height=\"106\" border=\"0\" \/><\/a><\/p>\n<p><a href=\"https:\/\/pbp.womczest.edu.pl\/images\/stories\/filie\/lelow\/najaktywniej\/IMGP2603.JPG\" target=\"_blank\"><img decoding=\"async\" loading=\"lazy\" class=\" alignleft\" src=\"https:\/\/pbp.womczest.edu.pl\/images\/stories\/filie\/lelow\/najaktywniej\/IMGP2603.JPG\" alt=\"\" width=\"165\" height=\"106\" border=\"0\" \/><\/a><\/p>\n<p><a href=\"https:\/\/pbp.womczest.edu.pl\/images\/stories\/filie\/lelow\/najaktywniej\/IMGP2610.JPG\" target=\"_blank\"><img decoding=\"async\" loading=\"lazy\" class=\" alignleft\" src=\"https:\/\/pbp.womczest.edu.pl\/images\/stories\/filie\/lelow\/najaktywniej\/IMGP2610.JPG\" alt=\"\" width=\"165\" height=\"106\" border=\"0\" \/><\/a><\/p>\n","protected":false},"excerpt":{"rendered":"<p>8 lutego 2013 roku w Szkole Podstawowe w Lelowie, podczas apelu szkolnego, og\u0142oszono wyniki konkursu czytelniczego \u201eNajaktywniej czytaj\u0105ca klasa w szkole\u201d. Konkurs trwa\u0142 od 5 pa\u017adziernika 2012 roku do 31 stycznia 2013 roku i by\u0142 adresowany do uczni\u00f3w wszystkich klas w szkole. Celem konkursu by\u0142o rozbudzanie zainteresowa\u0144 czytelniczych dzieci i m\u0142odzie\u017cy, kszta\u0142towanie nawyku systematycznego czytania oraz popularyzowanie zbior\u00f3w bibliotecznych w\u015br\u00f3d uczni\u00f3w. I miejsce zaj\u0119\u0142a klasa III i I z wynikiem<span class=\"ellipsis\">&hellip;<\/span><\/p>\n<div class=\"read-more\"><a href=\"https:\/\/pbp.womczest.edu.pl\/new\/kontakt\/lelow\/konkursy-filia-lelow\/konkurs-najaktywniej-czytajaca-klasa-w-szkole-dla-uczniow-wszystkich-klas-szkoly-podstawowej-w-lelowie\/\">Czytaj wi\u0119cej &#8250;<\/a><\/div>\n<p><!-- end of .read-more --><\/p>\n","protected":false},"author":3,"featured_media":0,"parent":3494,"menu_order":0,"comment_status":"closed","ping_status":"open","template":"","meta":{"footnotes":""},"jetpack_sharing_enabled":true,"jetpack_shortlink":"https:\/\/wp.me\/PgmV4H-UH","_links":{"self":[{"href":"https:\/\/pbp.womczest.edu.pl\/new\/wp-json\/wp\/v2\/pages\/3515"}],"collection":[{"href":"https:\/\/pbp.womczest.edu.pl\/new\/wp-json\/wp\/v2\/pages"}],"about":[{"href":"https:\/\/pbp.womczest.edu.pl\/new\/wp-json\/wp\/v2\/types\/page"}],"author":[{"embeddable":true,"href":"https:\/\/pbp.womczest.edu.pl\/new\/wp-json\/wp\/v2\/users\/3"}],"replies":[{"embeddable":true,"href":"https:\/\/pbp.womczest.edu.pl\/new\/wp-json\/wp\/v2\/comments?post=3515"}],"version-history":[{"count":1,"href":"https:\/\/pbp.womczest.edu.pl\/new\/wp-json\/wp\/v2\/pages\/3515\/revisions"}],"predecessor-version":[{"id":3516,"href":"https:\/\/pbp.womczest.edu.pl\/new\/wp-json\/wp\/v2\/pages\/3515\/revisions\/3516"}],"up":[{"embeddable":true,"href":"https:\/\/pbp.womczest.edu.pl\/new\/wp-json\/wp\/v2\/pages\/3494"}],"wp:attachment":[{"href":"https:\/\/pbp.womczest.edu.pl\/new\/wp-json\/wp\/v2\/media?parent=3515"}],"curies":[{"name":"wp","href":"https:\/\/api.w.org\/{rel}","templated":true}]}}