


{"id":3473,"date":"2015-05-15T14:13:25","date_gmt":"2015-05-15T12:13:25","guid":{"rendered":"https:\/\/pbp.womczest.edu.pl\/new\/?page_id=3473"},"modified":"2023-03-01T13:03:59","modified_gmt":"2023-03-01T12:03:59","slug":"czasopisma-filia-lelow","status":"publish","type":"page","link":"https:\/\/pbp.womczest.edu.pl\/new\/kontakt\/lelow\/czasopisma-filia-lelow\/","title":{"rendered":"Czasopisma &#8211; Filia Lel\u00f3w"},"content":{"rendered":"<p><strong>Wykaz czasopism prenumerowanych w roku 2023<\/strong><\/p>\n<ol>\n<li>Biblioteka w Szkole<\/li>\n<li>Dyrektor Szko\u0142y<\/li>\n<li>G\u0142os Nauczycielski<\/li>\n<li>J\u0119zyk Polski w Szkole Podstawowej<\/li>\n<li>Niepe\u0142nosprawno\u015b\u0107 i Rehabilitacja<\/li>\n<li>Problemy Opieku\u0144czo-Wychowawcze<\/li>\n<li>Szko\u0142a Specjalna<\/li>\n<li>\u015awietlica w Szkole<\/li>\n<li>Wiadomo\u015bci Historyczne<\/li>\n<li>Wychowanie w Przedszkolu<\/li>\n<li>\u017bycie Szko\u0142y<\/li>\n<\/ol>\n<p>&nbsp;<\/p>\n<p><strong>Wykaz czasopism dost\u0119pnych w bibliotece <\/strong><\/p>\n<ol start=\"23\">\n<li>Aura 2006\u20132009; 2013 (brak nr 4, 5); 2014<\/li>\n<li>Biblioteka w Szkole 1991\u2013<\/li>\n<li>Bibliotekarz 1990\u20132009<\/li>\n<li>Biologia w Szkole 1990\u20132016<\/li>\n<li>Bli\u017cej Przedszkola 2014\u2013 2015<\/li>\n<li>Charaktery 2017\u2013 2020<\/li>\n<li>Chemia w Szkole 1990\u20132013<\/li>\n<li>Chro\u0144my Przyrod\u0119 Ojczyst\u0105 2001\u20132006; 2014\u2013<\/li>\n<li>Cz\u0119stochowski Biuletyn O\u015bwiatowy 1996\u20131998; 2003\u2013<\/li>\n<li>Dyrektor Szko\u0142y 1996; 1998\u2013<\/li>\n<li>Edukacja 1983\u20132017<\/li>\n<li>Eko i My \u2013 2014<\/li>\n<li>Ekonatura 2013 (brak nr 8); 2014\u2013<\/li>\n<li>Fizyka w Szkole 1990\u2013 2016<\/li>\n<li>Gazeta Wyborcza 2006\u20132009<\/li>\n<li>Geografia w Szkole 1990\u2013 2016<\/li>\n<li>G\u0142os Nauczycielski 2002\u2013<\/li>\n<li>IT w Edukacji \u2013 2016<\/li>\n<li>J\u0119zyk Polski 1996\u20132006<\/li>\n<li>J\u0119zyk Polski w Gimnazjum 1999\/2000\u2013 2018\/2019<\/li>\n<li>J\u0119zyk Polski w Liceum 1995\/1996\u20132011\/2012<\/li>\n<li>J\u0119zyk Polski w Szkole IV\u2013VI 1999\/ 2000\u2013 2016\/2017<\/li>\n<li>J\u0119zyk Polski w Szkole Podstawowej \u2013 2017\/2018 &#8211;<\/li>\n<li>J\u0119zyki Obce w Szkole 1996\u20132011<\/li>\n<li>Komputer \u015awiat 2008\u20132009<\/li>\n<li>Kultura Fizyczna 1996<\/li>\n<li>Kwartalnik Pedagogiczny 1995\u20132011<\/li>\n<li>Literatura na \u015awiecie 1996<\/li>\n<li>Magazyn Szkolny 2005\u20132007<\/li>\n<li>Matematyka w Szkole 1990\u20132013<\/li>\n<li>M\u00f3wi\u0105 Wieki 1990\u2013 2020<\/li>\n<li>Nauczanie Zintegrowane 1995\/1996\u20132012\/2013<\/li>\n<li>Niepe\u0142nosprawno\u015b\u0107 i Rehabilitacja \u2013 2017 \u2013<\/li>\n<li>Nowa Szko\u0142a 1990\u20132017<\/li>\n<li>Opieka. Wychowanie. Terapia 1997\u20131999<\/li>\n<li>Plastyka w Szkole 1994\u20131996<\/li>\n<li>Polonistyka 1990\u20132009<\/li>\n<li>Poradnik Bibliotekarza 1992\u2013 2015<\/li>\n<li>Poradnik J\u0119zykowy 1996\u20132006<\/li>\n<li>Poznaj Sw\u00f3j Kraj 1996\u20132004<\/li>\n<li>Poznaj \u015awiat 1996\u20131999<\/li>\n<li>Problemy Opieku\u0144czo-Wychowawcze 1983\u20131984; 1990\u2013<\/li>\n<li>Przegl\u0105d O\u015bwiatowy 2001\u20132003<\/li>\n<li>Przewodnik Bibliograficzny 1990\u20132003<\/li>\n<li>Przyjaciel Dziecka 1998\u20132001<\/li>\n<li>Przyroda G\u00f3rnego \u015al\u0105ska \u2013 2014<\/li>\n<li>Przyroda Polska (brak nr 5, 10, 11) &#8211; 2013 &#8211; 2014<\/li>\n<li>Przysposobienie obronne 1995\u20131999<\/li>\n<li>Rzeczpospolita 2006\u20132007<\/li>\n<li>Spo\u0142ecze\u0144stwo Otwarte 1995\u20131996; 1998<\/li>\n<li>Szko\u0142a Specjalna 1996\u2013<\/li>\n<li>Szko\u0142a Zawodowa 1996\u20131999<\/li>\n<li>\u015awiat Nauki 1996\u20131999<\/li>\n<li>\u015awietlica w Szkole 2014\u2013<\/li>\n<li>\u015awierszczyk 2004\u20132009<\/li>\n<li>Victor Gimnazjalista 2006\u20132009<\/li>\n<li>Victor Junior 2004\u20132009<\/li>\n<li>Wiadomo\u015bci Ekologiczne 1995\u20131996<\/li>\n<li>Wiadomo\u015bci Historyczne 1990\u20132009; 2015\u2013<\/li>\n<li>Wiedza i \u017bycie 1996\u20131999<\/li>\n<li>Wychowanie Fizyczne i Zdrowotne 1995\u2013 2015<\/li>\n<li>Wychowanie Muzyczne 1990\u20132003<\/li>\n<li>Wychowanie Techniczne w Szkole 1996\u20131999<\/li>\n<li>Wychowanie w Przedszkolu 1990\u2013<\/li>\n<li>Wychowawca 2006\u20132007, 2019<\/li>\n<li>Zielona Liga \u2013 2014<\/li>\n<li>\u017bycie Szko\u0142y 1982\u2013<\/li>\n<\/ol>\n<p><strong>\u00a0\u00a0 <\/strong><\/p>\n","protected":false},"excerpt":{"rendered":"<p>Wykaz czasopism prenumerowanych w roku 2023 Biblioteka w Szkole Dyrektor Szko\u0142y G\u0142os Nauczycielski J\u0119zyk Polski w Szkole Podstawowej Niepe\u0142nosprawno\u015b\u0107 i Rehabilitacja Problemy Opieku\u0144czo-Wychowawcze Szko\u0142a Specjalna \u015awietlica w Szkole Wiadomo\u015bci Historyczne Wychowanie w Przedszkolu \u017bycie Szko\u0142y &nbsp; Wykaz czasopism dost\u0119pnych w bibliotece Aura 2006\u20132009; 2013 (brak nr 4, 5); 2014 Biblioteka w Szkole 1991\u2013 Bibliotekarz 1990\u20132009 Biologia w Szkole 1990\u20132016 Bli\u017cej Przedszkola 2014\u2013 2015 Charaktery 2017\u2013 2020 Chemia w Szkole 1990\u20132013<span class=\"ellipsis\">&hellip;<\/span><\/p>\n<div class=\"read-more\"><a href=\"https:\/\/pbp.womczest.edu.pl\/new\/kontakt\/lelow\/czasopisma-filia-lelow\/\">Czytaj wi\u0119cej &#8250;<\/a><\/div>\n<p><!-- end of .read-more --><\/p>\n","protected":false},"author":3,"featured_media":0,"parent":3158,"menu_order":0,"comment_status":"closed","ping_status":"open","template":"","meta":{"footnotes":""},"jetpack_sharing_enabled":true,"jetpack_shortlink":"https:\/\/wp.me\/PgmV4H-U1","_links":{"self":[{"href":"https:\/\/pbp.womczest.edu.pl\/new\/wp-json\/wp\/v2\/pages\/3473"}],"collection":[{"href":"https:\/\/pbp.womczest.edu.pl\/new\/wp-json\/wp\/v2\/pages"}],"about":[{"href":"https:\/\/pbp.womczest.edu.pl\/new\/wp-json\/wp\/v2\/types\/page"}],"author":[{"embeddable":true,"href":"https:\/\/pbp.womczest.edu.pl\/new\/wp-json\/wp\/v2\/users\/3"}],"replies":[{"embeddable":true,"href":"https:\/\/pbp.womczest.edu.pl\/new\/wp-json\/wp\/v2\/comments?post=3473"}],"version-history":[{"count":15,"href":"https:\/\/pbp.womczest.edu.pl\/new\/wp-json\/wp\/v2\/pages\/3473\/revisions"}],"predecessor-version":[{"id":22155,"href":"https:\/\/pbp.womczest.edu.pl\/new\/wp-json\/wp\/v2\/pages\/3473\/revisions\/22155"}],"up":[{"embeddable":true,"href":"https:\/\/pbp.womczest.edu.pl\/new\/wp-json\/wp\/v2\/pages\/3158"}],"wp:attachment":[{"href":"https:\/\/pbp.womczest.edu.pl\/new\/wp-json\/wp\/v2\/media?parent=3473"}],"curies":[{"name":"wp","href":"https:\/\/api.w.org\/{rel}","templated":true}]}}