


{"id":2657,"date":"2015-05-12T09:33:41","date_gmt":"2015-05-12T07:33:41","guid":{"rendered":"https:\/\/pbp.womczest.edu.pl\/new\/?page_id=2657"},"modified":"2023-05-29T12:34:46","modified_gmt":"2023-05-29T10:34:46","slug":"dla-bibliotekarzy-szkolnych","status":"publish","type":"page","link":"https:\/\/pbp.womczest.edu.pl\/new\/wspomaganie\/dla-bibliotekarzy-szkolnych\/","title":{"rendered":"Dla bibliotekarzy szkolnych"},"content":{"rendered":"<hr \/>\n<p><span style=\"color: #800000;\"><strong><strong>Zesp\u00f3\u0142 ds. wspierania dzia\u0142alno\u015bci bibliotekarzy bibliotek szkolnych<\/strong><\/strong><\/span><\/p>\n<div>\n<p><strong>Zadania zespo\u0142u:<\/strong><\/p>\n<ul>\n<li>wsp\u00f3\u0142praca w zakresie zarz\u0105dzania i organizacji bibliotek\u0105,<\/li>\n<li>inspirowanie i promowanie edukacji czytelniczej i medialnej,<\/li>\n<li>wykorzystanie TIK w pracy nauczyciela bibliotekarza,<\/li>\n<li>realizacja program\u00f3w i projekt\u00f3w czytelniczych,<\/li>\n<li>wspieranie w realizacji zaj\u0119\u0107 dydaktycznych i wewn\u0105trzszkolnego doskonalenia.<\/li>\n<\/ul>\n<\/div>\n<div>\n<p><strong>Formy wsp\u00f3\u0142pracy:<\/strong><\/p>\n<ul>\n<li>sieci wsp\u00f3\u0142pracy i samokszta\u0142cenia,<\/li>\n<li>wideokonferencje,<\/li>\n<li>konsultacje indywidualne,<\/li>\n<li>szkolenia,<\/li>\n<li>warsztaty,<\/li>\n<li>kursy e-learningowe,<\/li>\n<li>pomoc w organizacji konkurs\u00f3w, spotka\u0144 i imprez czytelniczych.<\/li>\n<\/ul>\n<\/div>\n<div><strong>Osoby odpowiedzialne:<\/strong><br \/>\ndr Agata Arkabus \u2013 e-mail: <a href=\"mailto:arkabus@womczest.edu.pl\">arkabus@womczest.edu.pl<\/a><br \/>\nAnna P\u0142usa \u2013 e-mail: <a href=\"mailto:plusa@womczest.edu.pl\">plusa@womczest.edu.pl<\/a><\/div>\n<p><strong>Telefon kontaktowy:<\/strong> 34 360 60 04 w. 255<\/p>\n<hr \/>\n<ul>\n<li><strong><span style=\"color: #800000;\">OPRACOWANIA, DOKUMENTY:<\/span><br \/>\n<\/strong>&#8211; Wskaz\u00f3wki dla nauczycieli bibliotekarzy zatrudnionych w bibliotekach szkolnych w zakresie przyjmowania ksi\u0105\u017cek, podr\u0119cznik\u00f3w oraz innych materia\u0142\u00f3w bibliotecznych w czasie epidemii \/ po ustaniu epidemii koronawirusa <a href=\"https:\/\/pbp.womczest.edu.pl\/new\/wp-content\/uploads\/2020\/05\/wskazania_biblioteki_szkolne_zwrot_ksi\u0105zek.pdf\">(pdf)<\/a> (<a href=\"https:\/\/pbp.womczest.edu.pl\/new\/wp-content\/uploads\/2020\/05\/wskazania_biblioteki_szkolne_zwrot_ksi\u0105zek.docx\">word)<\/a><br \/>\n&#8211; Propozycja dokumentacji i sprawozdania z realizacji rz\u0105dowego programu &#8222;Ksi\u0105\u017cki naszych marze\u0144&#8221;: <a href=\"https:\/\/pbp.womczest.edu.pl\/new\/wp-content\/uploads\/2016\/04\/Sprawozdanie_Ksia\u017cki-naszych-marze\u01441.docx\">Sprawozdanie_Ksi\u0105\u017cki naszych marze\u0144<\/a><br \/>\n&#8211; <span style=\"color: #000000;\">Propozycje dzia\u0142a\u0144 tworzenia dokumentacji w zakresie \u201eUstawy podr\u0119cznikowej\u201d:<\/span><br \/>\n<a href=\"https:\/\/pbp.womczest.edu.pl\/new\/wp-content\/uploads\/2012\/01\/moje_dlabs_nowe_zadania_biblioteki_szkolnej.pdf\" target=\"_blank\" rel=\"noopener noreferrer\">Nowe zadania biblioteki szkolnej<\/a>; <a href=\"https:\/\/pbp.womczest.edu.pl\/new\/wspomaganie\/dla-bibliotekarzy-szkolnych\/dla-bibliotekarzy-szkolnych\/\" target=\"_blank\" rel=\"noopener noreferrer\">Inne propozycje dokumentacji<\/a><\/li>\n<\/ul>\n<ul>\n<li><span style=\"color: #800000;\"><strong>NARODOWY PROGRAM ROZWOJU CZYTELNICTWA:<\/strong><\/span><\/li>\n<\/ul>\n<p>Zapraszamy do zapoznania si\u0119 z materia\u0142ami udost\u0119pnionymi na stronie biblioteki w zak\u0142adce Narodowy Program Rozwoju Czytelnictwa: \u00a0<a href=\"https:\/\/pbp.womczest.edu.pl\/new\/edukacja\/narodowy-program-rozwoju-czytelnictwa\/\">https:\/\/pbp.womczest.edu.pl\/new\/edukacja\/narodowy-program-rozwoju-czytelnictwa\/<\/a><\/p>\n<p>W ramach wsp\u00f3\u0142pracy biblioteki pedagogicznej z bibliotek\u0105 szkoln\u0105 w realizacji NPRC zapraszamy szko\u0142y do wymiany informacji o wydarzeniach promuj\u0105cych czytelnictwo przy wykorzystaniu strony internetowej dedykowanej realizacji powy\u017cszego celu: <a href=\"https:\/\/pbp.womczest.edu.pl\/new\/forum-czytelnictwa\/\">https:\/\/pbp.womczest.edu.pl\/new\/forum-czytelnictwa\/<\/a><\/p>\n<p><strong>Dokumenty dotycz\u0105ce realizacji NPRC:<\/strong><br \/>\n&#8211; <a href=\"https:\/\/pbp.womczest.edu.pl\/new\/wp-content\/uploads\/2021\/02\/nprc_men_plan.pdf\">Pismo do MEN w sprawie realizacji planu NPRC w szko\u0142ach okresie trwania epidemii (2020).\u00a0<\/a> Odpowied\u017a MEN:<a href=\"https:\/\/pbp.womczest.edu.pl\/new\/wp-content\/uploads\/2020\/09\/Odpowied\u017a-na-list-dotycz\u0105cy-Narodowego-Programu-Rozwoju-Czytelnictwa.pdf\"> Dotyczy Narodowego Programu Rozwoju Czytelnictwa<\/a><br \/>\n&#8211; <a href=\"https:\/\/pbp.womczest.edu.pl\/new\/wp-content\/uploads\/2020\/09\/nowo\u015bci_wydawnicze_stanowisko_men.pdf\">Nowo\u015bci wydawnicze w\u00a0NPRC \u2013 stanowisko_MEN<\/a><br \/>\n&#8211; <a href=\"https:\/\/pbp.womczest.edu.pl\/new\/wp-content\/uploads\/2020\/09\/zakupy_nprc_men.pdf\">Zakupy nowo\u015bci w\u00a0NPRC \u2013 odpowied\u017a MEN<\/a><br \/>\n&#8211; <a href=\"https:\/\/pbp.womczest.edu.pl\/new\/wp-content\/uploads\/2021\/02\/nprc_uwagi_arkabus_wasilewski.pdf\">Uwagi i rekomendacje do projektu programu &#8222;Narodowy Program Rozwoju Czytelnictwa&#8221;Priorytet 3 &#8211; Rozwijanie zainteresowa\u0144 uczni\u00f3w poprzez <em>promowanie i wspieranie rozwoju czytelnictwa w\u015br\u00f3d dzieci i m\u0142odzie\u017cy, w tym zakup nowo\u015bci wydawniczych<\/em> (2020). Opracowanie: A. Arkabus, J. Wasilewski. <\/a>Odpowied\u017a MEN: <a href=\"https:\/\/pbp.womczest.edu.pl\/new\/wp-content\/uploads\/2021\/02\/Odpowiedz-na-list-dotyczacy-Narodowego-Programu-Rozwoju-Czytelnictwa.pdf\">Odpowied\u017a na list dotycz\u0105cy Narodowego Programu Rozwoju Czytelnictwa<\/a><\/p>\n<p>&nbsp;<\/p>\n<p>&nbsp;<\/p>\n","protected":false},"excerpt":{"rendered":"<p>Zesp\u00f3\u0142 ds. wspierania dzia\u0142alno\u015bci bibliotekarzy bibliotek szkolnych Zadania zespo\u0142u: wsp\u00f3\u0142praca w zakresie zarz\u0105dzania i organizacji bibliotek\u0105, inspirowanie i promowanie edukacji czytelniczej i medialnej, wykorzystanie TIK w pracy nauczyciela bibliotekarza, realizacja program\u00f3w i projekt\u00f3w czytelniczych, wspieranie w realizacji zaj\u0119\u0107 dydaktycznych i wewn\u0105trzszkolnego doskonalenia. Formy wsp\u00f3\u0142pracy: sieci wsp\u00f3\u0142pracy i samokszta\u0142cenia, wideokonferencje, konsultacje indywidualne, szkolenia, warsztaty, kursy e-learningowe, pomoc w organizacji konkurs\u00f3w, spotka\u0144 i imprez czytelniczych. Osoby odpowiedzialne: dr Agata Arkabus \u2013 e-mail:<span class=\"ellipsis\">&hellip;<\/span><\/p>\n<div class=\"read-more\"><a href=\"https:\/\/pbp.womczest.edu.pl\/new\/wspomaganie\/dla-bibliotekarzy-szkolnych\/\">Czytaj wi\u0119cej &#8250;<\/a><\/div>\n<p><!-- end of .read-more --><\/p>\n","protected":false},"author":2,"featured_media":0,"parent":2548,"menu_order":0,"comment_status":"closed","ping_status":"open","template":"","meta":{"footnotes":""},"jetpack_sharing_enabled":true,"jetpack_shortlink":"https:\/\/wp.me\/PgmV4H-GR","_links":{"self":[{"href":"https:\/\/pbp.womczest.edu.pl\/new\/wp-json\/wp\/v2\/pages\/2657"}],"collection":[{"href":"https:\/\/pbp.womczest.edu.pl\/new\/wp-json\/wp\/v2\/pages"}],"about":[{"href":"https:\/\/pbp.womczest.edu.pl\/new\/wp-json\/wp\/v2\/types\/page"}],"author":[{"embeddable":true,"href":"https:\/\/pbp.womczest.edu.pl\/new\/wp-json\/wp\/v2\/users\/2"}],"replies":[{"embeddable":true,"href":"https:\/\/pbp.womczest.edu.pl\/new\/wp-json\/wp\/v2\/comments?post=2657"}],"version-history":[{"count":38,"href":"https:\/\/pbp.womczest.edu.pl\/new\/wp-json\/wp\/v2\/pages\/2657\/revisions"}],"predecessor-version":[{"id":23132,"href":"https:\/\/pbp.womczest.edu.pl\/new\/wp-json\/wp\/v2\/pages\/2657\/revisions\/23132"}],"up":[{"embeddable":true,"href":"https:\/\/pbp.womczest.edu.pl\/new\/wp-json\/wp\/v2\/pages\/2548"}],"wp:attachment":[{"href":"https:\/\/pbp.womczest.edu.pl\/new\/wp-json\/wp\/v2\/media?parent=2657"}],"curies":[{"name":"wp","href":"https:\/\/api.w.org\/{rel}","templated":true}]}}