


{"id":2651,"date":"2015-05-12T09:18:44","date_gmt":"2015-05-12T07:18:44","guid":{"rendered":"https:\/\/pbp.womczest.edu.pl\/new\/?page_id=2651"},"modified":"2024-12-09T13:38:27","modified_gmt":"2024-12-09T12:38:27","slug":"inne-wydarzenia","status":"publish","type":"page","link":"https:\/\/pbp.womczest.edu.pl\/new\/edukacja\/inne-wydarzenia\/","title":{"rendered":"Inne wydarzenia"},"content":{"rendered":"<p>&nbsp;<\/p>\n<p><strong>Bajkowe Spotkania<br \/>\n<\/strong>&#8211; <a href=\"https:\/\/pbp.womczest.edu.pl\/new\/xiv-bajkowe-spotkania\/\">XVI Bajkowe Spotkania 2024<\/a><br \/>\n&#8211;<a href=\"https:\/\/pbp.womczest.edu.pl\/new\/xiv-bajkowe-spotkania-w-ramach-akcji-spolecznej-cala-polska\/\"> XIV Bajkowe Spotkania 2022<\/a><br \/>\n&#8211;<a href=\"https:\/\/pbp.womczest.edu.pl\/new\/edukacja\/cala-polska-czyta-dzieciom\/cpcd-relacje-z-przeprowadzonych-spotkan-i-imprez-czytelniczych\/xi-bajkowe-spotkania\/\" target=\"_blank\" rel=\"noopener noreferrer\"> XI Bajkowe Spotkania 2018<\/a><br \/>\n&#8211;<a href=\"https:\/\/pbp.womczest.edu.pl\/new\/x-bajkowe-spotkania-2017\/\" target=\"_blank\" rel=\"noopener noreferrer\"> X Bajkowe Spotkania 2017<\/a><br \/>\n&#8211;<a href=\"https:\/\/pbp.womczest.edu.pl\/new\/ix-bajkowe-spotkania-relacja\/\" target=\"_blank\" rel=\"noopener noreferrer\"> IX Bajkowe Spotkania 2016<\/a><br \/>\n&#8211;<a href=\"https:\/\/pbp.womczest.edu.pl\/new\/edukacja\/cala-polska-czyta-dzieciom\/cpcd-relacje-z-przeprowadzonych-spotkan-i-imprez-czytelniczych\/viii-bajkowe-spotkania-w-ramach-ogolnopolskiej-kampanii-spolecznej-cala-polska-czyta-dzieciom\/\" target=\"_blank\" rel=\"noopener noreferrer\"> VIII Bajkowe Spotkania 2015<\/a><br \/>\n&#8211;<a href=\"https:\/\/pbp.womczest.edu.pl\/new\/edukacja\/cala-polska-czyta-dzieciom\/cpcd-relacje-z-przeprowadzonych-spotkan-i-imprez-czytelniczych\/vii-bajkowe-spotkania-2014\/\" target=\"_blank\" rel=\"noopener noreferrer\"> VII Bajkowe Spotkania 2014<\/a><br \/>\n&#8211;<a href=\"https:\/\/pbp.womczest.edu.pl\/new\/edukacja\/cala-polska-czyta-dzieciom\/cpcd-relacje-z-przeprowadzonych-spotkan-i-imprez-czytelniczych\/vi-bajkowe-spotkania-2013\/\" target=\"_blank\" rel=\"noopener noreferrer\"> VI Bajkowe Spotkania 2013<\/a><br \/>\n&#8211;<a href=\"https:\/\/pbp.womczest.edu.pl\/new\/edukacja\/cala-polska-czyta-dzieciom\/cpcd-relacje-z-przeprowadzonych-spotkan-i-imprez-czytelniczych\/v-bajkowe-spotkania-2012\/\" target=\"_blank\" rel=\"noopener noreferrer\"> V Bajkowe Spotkania 2012<\/a><br \/>\n&#8211;<a href=\"https:\/\/pbp.womczest.edu.pl\/new\/edukacja\/cala-polska-czyta-dzieciom\/cpcd-relacje-z-przeprowadzonych-spotkan-i-imprez-czytelniczych\/iv-bajkowe-spotkania-2011\/\" target=\"_blank\" rel=\"noopener noreferrer\"> IV Bajkowe Spotkania 2011<\/a><br \/>\n&#8211;<a href=\"https:\/\/pbp.womczest.edu.pl\/new\/edukacja\/cala-polska-czyta-dzieciom\/cpcd-relacje-z-przeprowadzonych-spotkan-i-imprez-czytelniczych\/iii-bajkowe-spotkania-2010\/\" target=\"_blank\" rel=\"noopener noreferrer\"> III Bajkowe Spotkania 2010<\/a><br \/>\n&#8211;<a href=\"https:\/\/pbp.womczest.edu.pl\/new\/edukacja\/cala-polska-czyta-dzieciom\/cpcd-relacje-z-przeprowadzonych-spotkan-i-imprez-czytelniczych\/ii-bajkowe-spotkania-2009\/\" target=\"_blank\" rel=\"noopener noreferrer\"> II Bajkowe Spotkania 2009<\/a><br \/>\n&#8211;<a href=\"https:\/\/pbp.womczest.edu.pl\/new\/edukacja\/cala-polska-czyta-dzieciom\/cpcd-relacje-z-przeprowadzonych-spotkan-i-imprez-czytelniczych\/i-bajkowe-spotkania-2008\/\" target=\"_blank\" rel=\"noopener noreferrer\"> I Bajkowe Spotkania 2008<\/a><\/p>\n<p><strong>Narodowe Czytanie<br \/>\n<\/strong>&#8211; <a href=\"https:\/\/pbp.womczest.edu.pl\/new\/narodowe-czytanie-kordian-juliusza-slowackiego\/\">Narodowe Czytanie 2024<\/a><br \/>\n&#8211; <a href=\"https:\/\/pbp.womczest.edu.pl\/new\/narodowe-czytanie-2024-w-klobucku\/\">Narodowe Czytanie w K\u0142obucku 2024<\/a><br \/>\n&#8211; <a href=\"https:\/\/pbp.womczest.edu.pl\/new\/narodowe-czytanie-nad-niemnem-w-klobucku\/\">Narodowe Czytanie w K\u0142obucku 2023<\/a><br \/>\n&#8211;<a href=\"https:\/\/pbp.womczest.edu.pl\/new\/narodowe-czytanie-nad-niemnem-elizy-orzeszkowej-relacja-z-wydarzenia-online\/\"> Narodowe Czytanie 2023<\/a><br \/>\n&#8211; <a href=\"https:\/\/pbp.womczest.edu.pl\/new\/narodowe-czytanie-2022\/\">Narodowe Czytanie 2022<\/a><br \/>\n&#8211; <a href=\"https:\/\/pbp.womczest.edu.pl\/new\/narodowe-czytanie-2022-w-klobucku\/\">Narodowe Czytanie w K\u0142obucku 2022<\/a><br \/>\n&#8211; <a href=\"https:\/\/pbp.womczest.edu.pl\/new\/narodowe-czytanie-2021\/\">Narodowe Czytanie 2021<\/a><br \/>\n&#8211; <a href=\"https:\/\/pbp.womczest.edu.pl\/new\/narodowe-czytanie-2\/\">Narodowe Czytanie 2020<\/a><br \/>\n&#8211; <a href=\"https:\/\/pbp.womczest.edu.pl\/new\/narodowe-czytanie\/\">Narodowe Czytanie 2019<\/a><br \/>\n&#8211; <a href=\"https:\/\/pbp.womczest.edu.pl\/new\/galeria\/narodowe-czytanie-2018\/\">Narodowe Czytanie 2018<\/a><br \/>\n&#8211; <a href=\"https:\/\/pbp.womczest.edu.pl\/new\/narodowe-czytanie-2017-w-pbp-rodn-wom-w-czestochowie\/\">Narodowe Czytanie 2017<\/a><br \/>\n&#8211; <a href=\"https:\/\/pbp.womczest.edu.pl\/new\/narodowe-czytanie-2016\/\">Narodowe Czytanie 2016<\/a><br \/>\n&#8211; <a href=\"https:\/\/pbp.womczest.edu.pl\/new\/narodowe-czytanie-2015\/\">Narodowe Czytanie 2015<\/a><br \/>\n&#8211; <a href=\"https:\/\/pbp.womczest.edu.pl\/new\/edukacja\/inne-wydarzenia\/narodowe-czytanie-2014\/\">Narodowe Czytanie 2014<\/a><\/p>\n<p><strong>Noc Bibliotek<br \/>\n<\/strong>&#8211; <a href=\"https:\/\/pbp.womczest.edu.pl\/new\/x-jubileuszowa-edycja-ogolnopolskiej-nocy-bibliotek\/\">X Og\u00f3lnopolska Noc Bibliotek 2024<\/a><br \/>\n&#8211; <a href=\"https:\/\/pbp.womczest.edu.pl\/new\/noc-bibliotek-absurd-nie-czytac\/\">IX Og\u00f3lnopolska Noc Bibliotek 2023<\/a><br \/>\n&#8211; <a href=\"https:\/\/pbp.womczest.edu.pl\/new\/21415-2\/\">VIII Og\u00f3lnopolska Noc Bibliotek 2022<\/a><strong><br \/>\n<\/strong>&#8211; <a href=\"https:\/\/pbp.womczest.edu.pl\/new\/vii-noc-bibliotek-2021-czytanie-wzmacnia\/\">VII Og\u00f3lnopolska Noc Bibliotek 2021<\/a><strong><br \/>\n<\/strong>&#8211; <a href=\"https:\/\/pbp.womczest.edu.pl\/new\/vi-ogolnopolska-noc-bibliotek-pod-haslem-klimat-na-czytanie\/\">VI Og\u00f3lnopolska Noc Bibliotek 2020<\/a><br \/>\n&#8211; <a href=\"https:\/\/pbp.womczest.edu.pl\/new\/v-ogolnopolska-noc-bibliotek-2019\/\">V Og\u00f3lnopolska Noc Bibliotek 2019<\/a><strong><br \/>\n<\/strong>&#8211; <a href=\"https:\/\/pbp.womczest.edu.pl\/new\/noc-bibliotek-2018\/\">IV Og\u00f3lnopolska Noc Bibliotek 2018<\/a><strong><br \/>\n<\/strong>&#8211; <a href=\"https:\/\/pbp.womczest.edu.pl\/new\/noc-bibliotek-2017\/\">III Og\u00f3lnopolska Noc Bibliotek 2017<\/a><br \/>\n&#8211; <a href=\"https:\/\/pbp.womczest.edu.pl\/new\/ii-ogolnopolska-noc-bibliotek\/\">II Og\u00f3lnopolska Noc Bibliotek 2016<\/a><br \/>\n&#8211; <a href=\"https:\/\/pbp.womczest.edu.pl\/new\/edukacja\/inne-wydarzenia\/noc-bibliotek-2015-2\/\">Og\u00f3lnopolska Noc Bibliotek 2015<\/a><\/p>\n<p><strong>\u015awiatowy Tydzie\u0144 M\u00f3zgu<br \/>\n<\/strong>&#8211; <a href=\"https:\/\/pbp.womczest.edu.pl\/new\/swiatowy-tydzien-mozgu-2\/\">\u015awiatowy Tydzie\u0144 M\u00f3zgu 2024<\/a><strong><br \/>\n<\/strong>&#8211; <a href=\"https:\/\/pbp.womczest.edu.pl\/new\/poznajemy-tajemnice-naszego-mozgu\/\">\u015awiatowy Tydzie\u0144 M\u00f3zgu 2023<\/a><br \/>\n&#8211; <a href=\"https:\/\/pbp.womczest.edu.pl\/new\/zajecia-edukacyjne-jak-dziala-nasz-mozg\/\">\u015awiatowy Tydzie\u0144 M\u00f3zgu 2022<\/a><br \/>\n&#8211; <a href=\"https:\/\/pbp.womczest.edu.pl\/new\/swiatowy-tydzien-mozgu-2019\/\">\u015awiatowy Tydzie\u0144 M\u00f3zgu 2019<\/a><strong><br \/>\n<\/strong>&#8211; <a href=\"https:\/\/pbp.womczest.edu.pl\/new\/jak-dziala-nasz-mozg\/\">\u015awiatowy Tydzie\u0144 M\u00f3zgu 2018<\/a><br \/>\n&#8211; <a href=\"https:\/\/pbp.womczest.edu.pl\/new\/edukacja\/inne-wydarzenia\/swiatowy-tydzien-mozgu\/\">\u015awiatowy Tydzie\u0144 M\u00f3zgu 2015<\/a><\/p>\n<p><strong>Spotkania autorskie<\/strong><br \/>\n&#8211; <a href=\"https:\/\/pbp.womczest.edu.pl\/new\/jesienne-spotkania-autorskie\/\">Seminarium poetycko-muzyczne \u201eJesienne spotkania autorskie\u201d (2019)<\/a><br \/>\n&#8211; <a href=\"https:\/\/pbp.womczest.edu.pl\/new\/spotkanie-autorskie-z-pania-malgorzata-wojcik\/\">Spotkanie autorskie z Pani\u0105 Ma\u0142gorzat\u0105 W\u00f3jcik z okazji Mi\u0119dzynarodowego Dnia Ksi\u0105\u017cki dla Dzieci (2018)<\/a><strong><br \/>\n<\/strong>&#8211; <a href=\"https:\/\/pbp.womczest.edu.pl\/new\/spotkanie-z-poezja-elzbiety-i-marka-zabinskich\/\">Spotkanie z poezj\u0105 El\u017cbiety i Marka \u017babi\u0144skich (2018)<\/a><br \/>\n&#8211;\u00a0<a href=\"https:\/\/pbp.womczest.edu.pl\/new\/dlaczego-warto-czytac-dzieciom-ksiazki\/\"><em>Dlaczego warto dzieciom czyta\u0107 ksi\u0105\u017cki<\/em> &#8211; spotkanie z dr El\u017cbiet\u0105 Zubrzyck\u0105 (2016)<\/a><br \/>\n&#8211;\u00a0<a href=\"https:\/\/pbp.womczest.edu.pl\/new\/edukacja\/inne-wydarzenia\/spotkanie-autorskie-z-grzegorzem-jankowiczem-autorem-ksiazki-zycie-na-poczytaniu-rozmowy-o-literaturze-i-reszcie-swiata\/\" target=\"_blank\" rel=\"noopener noreferrer\">Spotkanie autorskie z Grzegorzem Jankowiczem, autorem ksi\u0105\u017cki \u201e\u017bycie na poczytaniu. Rozmowy o literaturze i reszcie \u015bwiata\u201d (2017)<\/a><\/p>\n<p><strong>Dzie\u0144 Bezpiecznego Internetu<br \/>\n<\/strong>&#8211; <a href=\"https:\/\/pbp.womczest.edu.pl\/new\/dzien-bezpiecznego-internetu-2023-relacja-z-zajec\/\">Dzie\u0144 Bezpiecznego Internetu (2023)<\/a><br \/>\n&#8211; <a href=\"https:\/\/pbp.womczest.edu.pl\/new\/dzien-bezpiecznego-internetu-2022\/\">Dzie\u0144 Bezpiecznego Internetu (2022)<\/a><br \/>\n&#8211; <a href=\"https:\/\/pbp.womczest.edu.pl\/new\/dzien-bezpiecznego-internetu-2021-r-relacja-z-zajec\/\">Dzie\u0144 Bezpiecznego Internetu (2021)<\/a><br \/>\n&#8211; <a href=\"https:\/\/pbp.womczest.edu.pl\/new\/dzien-bezpiecznego-internetu-w-pbp-rodn-wom-w-czestochowie\/\">Dzie\u0144 Bezpiecznego Internetu (2020)<\/a><br \/>\n&#8211; <a href=\"https:\/\/pbp.womczest.edu.pl\/new\/dzialajmy-razem-relacja-z-obchodow-dnia-bezpiecznego-internetu-2019\/\">Dzia\u0142ajmy razem! &#8211; relacja z obchod\u00f3w Dnia Bezpiecznego Internetu (2019)<\/a><\/p>\n<p>&nbsp;<\/p>\n<p><strong>INNE:<\/strong><\/p>\n<ul>\n<li><a href=\"https:\/\/pbp.womczest.edu.pl\/new\/swiatowy-dzien-tabliczki-mnozenia-z-bohaterami-ksiazek-dla-dzieci\/\">\u015awiatowy Dzie\u0144 Tabliczki Mno\u017cenia (2024)<\/a><\/li>\n<li><a href=\"https:\/\/pbp.womczest.edu.pl\/new\/ogolnopolska-akcja-czytelnicza-czytamy-z-sercem\/\">Og\u00f3lnopolska akcja czytelnicza \u201eCzytamy z sercem\u201d (2024)<\/a><\/li>\n<li><a href=\"https:\/\/pbp.womczest.edu.pl\/new\/miedzynarodowy-dzien-kropki-2\/\">Mi\u0119dzynarodowy dzie\u0144 Kropki (2024)<\/a><\/li>\n<li><a href=\"https:\/\/pbp.womczest.edu.pl\/new\/literackie-spotkania-z-szydelkiem-w-dloni\/\">Literackie spotkania z szyde\u0142kiem w d\u0142oni (2024)<\/a><\/li>\n<li><a href=\"https:\/\/pbp.womczest.edu.pl\/new\/grywalizacja-literacka-mapa-czestochowy\/\">Grywalizacja &#8222;Literacka mapa Cz\u0119stochowy&#8221; (2024)<\/a><\/li>\n<li><a href=\"https:\/\/pbp.womczest.edu.pl\/new\/25159-2\/\">Maraton czytelniczy &#8222;Nasza Europa&#8221; (2024)<\/a><\/li>\n<li><a href=\"https:\/\/pbp.womczest.edu.pl\/new\/paysage-po-polsku-spotkanie-autorsko-warsztatowe-z-barbara-czarnocka\/\">Paysage po polsku\u2026 Spotkanie autorsko-warsztatowe z Barbar\u0105 Czarnock\u0105 (2024)<\/a><\/li>\n<li><a href=\"https:\/\/pbp.womczest.edu.pl\/new\/gra-miejska-czestochowskie-tajemnice-halina-poswiatowska\/\">Gra miejska &#8222;Cz\u0119stochowskie tajemnice: Halina Po\u015bwiatowska&#8221; (2024)<\/a><\/li>\n<li><a href=\"https:\/\/pbp.womczest.edu.pl\/new\/maraton-czytania-hobbita\/\">Maraton czytania Hobbita (2024)<\/a><\/li>\n<li><a href=\"https:\/\/pbp.womczest.edu.pl\/new\/sesja-wykladowa-z-slawomirem-jodlowskim\/\">Sesja wyk\u0142adowa z S\u0142awomirem Jod\u0142owskim (2024)<\/a><\/li>\n<li><a href=\"https:\/\/pbp.womczest.edu.pl\/new\/warsztaty-szydelkowania-magiczne-szydelko\/\">Warsztaty szyde\u0142kowania (2024)<\/a><\/li>\n<li><a href=\"https:\/\/pbp.womczest.edu.pl\/new\/ulice-na-wrzosowaiaku\/\">Sesja popularyzatorska &#8222;Ulice na Wrzosowiaku&#8221; (2024)<\/a><\/li>\n<li><a href=\"https:\/\/pbp.womczest.edu.pl\/new\/xiii-swiatowy-dzien-tabliczki-mnozenia\/\">XIII \u015awiatowy Dzie\u0144 Tabliczki Mno\u017cenia (2023)<\/a><\/li>\n<li><a href=\"https:\/\/pbp.womczest.edu.pl\/new\/medale-przyjaciel-szkoly\/\">Medale &#8222;Przyjaciel Szko\u0142y&#8221; (2023)<\/a><\/li>\n<li><a href=\"https:\/\/pbp.womczest.edu.pl\/new\/sukces-w-konkursie-ogolnopolskim-ten-geniallny-kopernik\/\">Sukces w konkursie og\u00f3lnopolskim &#8222;Ten Geniallny Kopernik!&#8221; (2023)<\/a><\/li>\n<li><a href=\"https:\/\/pbp.womczest.edu.pl\/new\/medal-w-dowod-uznania-dla-nauczyciela-bibliotekarza-dr-agaty-arkabus\/\">Nadanie Medalu SBP &#8222;W Dow\u00f3d Uznania&#8221; (2022)<\/a><\/li>\n<li><a href=\"https:\/\/pbp.womczest.edu.pl\/new\/maraton-czytelniczy-kosmiczne-opowiesci-stanislawa-lema\/\">Maraton czytelniczy \u201eKosmiczne opowie\u015bci Stanis\u0142awa Lema\u201d (2021)<\/a><\/li>\n<li><a href=\"https:\/\/pbp.womczest.edu.pl\/new\/ogolnopolski-dzien-glosnego-czytania-w-holdzie-janowi-pawlowi-ii\/\">Og\u00f3lnopolski Dzie\u0144 G\u0142o\u015bnego Czytania &#8211; w ho\u0142dzie Janowi Paw\u0142owi II (2020)<\/a><\/li>\n<li><a href=\"https:\/\/pbp.womczest.edu.pl\/new\/warsztaty-komputerowe-dla-mieszkancow-w-wieku-senioralnym-zrzeszonych-w-ccas\/\">Komputerowe warsztaty dla senior\u00f3w (2019\/2020)<\/a><\/li>\n<li><a href=\"https:\/\/pbp.womczest.edu.pl\/new\/miedzynarodowy-dzien-kropki\/\">Mi\u0119dzynarodowy Dzie\u0144 Kropki (2019)<\/a><\/li>\n<li><a href=\"https:\/\/pbp.womczest.edu.pl\/new\/gra-miejska-szlakiem-pomnikow-czestochowy\/\">Gra miejska &#8222;Szlakiem pomnik\u00f3w Cz\u0119stochowy&#8221; (2019)<\/a><\/li>\n<li><a href=\"https:\/\/pbp.womczest.edu.pl\/new\/bohaterowie-naszej-historii-maraton-czytelniczy\/\">Bohaterowie Naszej Historii \u2013 maraton czytelniczy (2019)<\/a><\/li>\n<li><a href=\"https:\/\/pbp.womczest.edu.pl\/new\/zaczytany-pietrus\/\">Zaczytany Pi\u0119trus (2019)<\/a><\/li>\n<li><a href=\"https:\/\/pbp.womczest.edu.pl\/new\/legendy-o-czestochowie-ramach-programu-erasmus-plus\/\">Legendy o Cz\u0119stochowie ramach Programu Erasmus Plus w Szkole Podstawowej nr 31 w Cz\u0119stochowie (2019)<\/a><\/li>\n<li><a href=\"https:\/\/pbp.womczest.edu.pl\/new\/przeglad-piosenki-i-piesni-o-mojej-ziemi-ojczystej-pod-patronatem-europejskiego-roku-dziedzictwa-kulturowego-2018\/\">Przegl\u0105d Piosenki i Pie\u015bni o Mojej Ziemi Ojczystej (2018)<\/a><\/li>\n<li><a href=\"https:\/\/pbp.womczest.edu.pl\/new\/rok-2018-rokiem-praw-kobiet-i-profilaktyki-raka-piersi\/\">Konferencja dla nauczycieli i uczni\u00f3w &#8222;Rok 2018 \u2013 rokiem Praw Kobiet i Profilaktyki Raka Piersi&#8221; (2018)<\/a><\/li>\n<li><a href=\"https:\/\/pbp.womczest.edu.pl\/new\/gra-miejska-sladami-doktora-bieganskiego-2017\/\" target=\"_blank\" rel=\"noopener noreferrer\">Gra miejska <em>\u015aladami doktora Biega\u0144skiego <\/em>(2017)<\/a><em><br \/>\n<\/em><\/li>\n<li><a href=\"https:\/\/pbp.womczest.edu.pl\/new\/spotkanie-badz-widoczny-badz-bezpieczny-2017\/\" target=\"_blank\" rel=\"noopener noreferrer\">Spotkanie <em>B\u0105d\u017a widoczny, b\u0105d\u017a bezpieczny (<\/em>2017)<\/a><\/li>\n<li><a href=\"https:\/\/pbp.womczest.edu.pl\/new\/przyjaciel-szkoly\/\">Nadanie odznaki &#8222;Przyjaciel szko\u0142y&#8221; (2016)<\/a><\/li>\n<li><a href=\"https:\/\/pbp.womczest.edu.pl\/new\/edukacja\/inne-wydarzenia\/bajka-i-legenda-laczy-pokolenia\/\">Bajka i legenda \u0142\u0105czy pokolenia (2015)<\/a><\/li>\n<li><a href=\"https:\/\/pbp.womczest.edu.pl\/new\/edukacja\/inne-wydarzenia\/swiatowy-dzien-pluszowego-misia-2\/\">\u015awiatowy Dzie\u0144 Pluszowego Misia (2014)<\/a><\/li>\n<li><a href=\"https:\/\/pbp.womczest.edu.pl\/new\/edukacja\/inne-wydarzenia\/ogolnopolski-glos-profilaktyki-w-czestochowie-2\/\">Og\u00f3lnopolski G\u0142os Profilaktyki w Cz\u0119stochowie (2014)<\/a><\/li>\n<li><a href=\"https:\/\/pbp.womczest.edu.pl\/new\/edukacja\/inne-wydarzenia\/pieszy-jurajski-rajd-bibliotekarzy\/\">Pieszy Jurajski Rajd Bibliotekarzy (2013)<\/a><\/li>\n<li><a href=\"https:\/\/pbp.womczest.edu.pl\/new\/edukacja\/inne-wydarzenia\/slaski-bibliotekarz-roku-2012-2\/\">\u015al\u0105ski Bibliotekarz Roku (2012)<\/a><\/li>\n<li><a href=\"https:\/\/pbp.womczest.edu.pl\/new\/edukacja\/inne-wydarzenia\/studyjno-szkoleniowy-wyjazd-do-wroclawia-2\/\">Studyjno-szkoleniowy wyjazd do Wroc\u0142awia (2013)<\/a><\/li>\n<li><a href=\"https:\/\/pbp.womczest.edu.pl\/new\/edukacja\/inne-wydarzenia\/konkurs-pomysl-na-lekcje-z-tik\/\">Pracownicy biblioteki laureatami og\u00f3lnopolskiego konkursu \u201ePomys\u0142 na lekcj\u0119 z TIK\u201d (2012)<\/a><\/li>\n<\/ul>\n","protected":false},"excerpt":{"rendered":"<p>&nbsp; Bajkowe Spotkania &#8211; XVI Bajkowe Spotkania 2024 &#8211; XIV Bajkowe Spotkania 2022 &#8211; XI Bajkowe Spotkania 2018 &#8211; X Bajkowe Spotkania 2017 &#8211; IX Bajkowe Spotkania 2016 &#8211; VIII Bajkowe Spotkania 2015 &#8211; VII Bajkowe Spotkania 2014 &#8211; VI Bajkowe Spotkania 2013 &#8211; V Bajkowe Spotkania 2012 &#8211; IV Bajkowe Spotkania 2011 &#8211; III Bajkowe Spotkania 2010 &#8211; II Bajkowe Spotkania 2009 &#8211; I Bajkowe Spotkania 2008 Narodowe Czytanie<span class=\"ellipsis\">&hellip;<\/span><\/p>\n<div class=\"read-more\"><a href=\"https:\/\/pbp.womczest.edu.pl\/new\/edukacja\/inne-wydarzenia\/\">Czytaj wi\u0119cej &#8250;<\/a><\/div>\n<p><!-- end of .read-more --><\/p>\n","protected":false},"author":2,"featured_media":0,"parent":2546,"menu_order":0,"comment_status":"closed","ping_status":"open","template":"","meta":{"footnotes":""},"jetpack_sharing_enabled":true,"jetpack_shortlink":"https:\/\/wp.me\/PgmV4H-GL","_links":{"self":[{"href":"https:\/\/pbp.womczest.edu.pl\/new\/wp-json\/wp\/v2\/pages\/2651"}],"collection":[{"href":"https:\/\/pbp.womczest.edu.pl\/new\/wp-json\/wp\/v2\/pages"}],"about":[{"href":"https:\/\/pbp.womczest.edu.pl\/new\/wp-json\/wp\/v2\/types\/page"}],"author":[{"embeddable":true,"href":"https:\/\/pbp.womczest.edu.pl\/new\/wp-json\/wp\/v2\/users\/2"}],"replies":[{"embeddable":true,"href":"https:\/\/pbp.womczest.edu.pl\/new\/wp-json\/wp\/v2\/comments?post=2651"}],"version-history":[{"count":200,"href":"https:\/\/pbp.womczest.edu.pl\/new\/wp-json\/wp\/v2\/pages\/2651\/revisions"}],"predecessor-version":[{"id":26013,"href":"https:\/\/pbp.womczest.edu.pl\/new\/wp-json\/wp\/v2\/pages\/2651\/revisions\/26013"}],"up":[{"embeddable":true,"href":"https:\/\/pbp.womczest.edu.pl\/new\/wp-json\/wp\/v2\/pages\/2546"}],"wp:attachment":[{"href":"https:\/\/pbp.womczest.edu.pl\/new\/wp-json\/wp\/v2\/media?parent=2651"}],"curies":[{"name":"wp","href":"https:\/\/api.w.org\/{rel}","templated":true}]}}