


{"id":2649,"date":"2015-05-12T09:18:27","date_gmt":"2015-05-12T07:18:27","guid":{"rendered":"https:\/\/pbp.womczest.edu.pl\/new\/?page_id=2649"},"modified":"2025-01-28T09:36:44","modified_gmt":"2025-01-28T08:36:44","slug":"konkursy","status":"publish","type":"page","link":"https:\/\/pbp.womczest.edu.pl\/new\/edukacja\/konkursy\/","title":{"rendered":"Konkursy"},"content":{"rendered":"<p><span style=\"color: #800000;\"><strong>WIELKA LIGA CZYTELNIK\u00d3W<\/strong><\/span><\/p>\r\n<p>&#8211; <a href=\"https:\/\/pbp.womczest.edu.pl\/new\/wielka-liga-czytelnikow-2017-2018\/\">Wielka Liga Czytelnik\u00f3w 2017\/2018<\/a><br \/>&#8211; <a href=\"https:\/\/pbp.womczest.edu.pl\/new\/wp-content\/uploads\/2022\/07\/Wielka-Liga-Czytelnikow_2018_2019.docx\">Wielka Liga Czytelnik\u00f3w 2018\/2019<\/a><br \/>&#8211; <a href=\"https:\/\/pbp.womczest.edu.pl\/new\/wp-content\/uploads\/2022\/07\/Wielka-Liga-Czytelnikow_2019_2020.docx\">Wielka Liga Czytelnik\u00f3w 2019\/2020<\/a><br \/>&#8211;\u00a0<a href=\"https:\/\/pbp.womczest.edu.pl\/new\/wp-content\/uploads\/2022\/07\/Wielka-Liga-Czytelnikow_2021_2022.docx\">Wielka Liga Czytelnik\u00f3w 2021\/2022<\/a><\/p>\r\n<p><span style=\"color: #800000;\"><strong>POWIATOWY KONKURS LITERACKO PLASTYCZNY &#8222;PROJEKTUJ\u0118 OK\u0141ADK\u0118 KSI\u0104\u017bKI&#8221;<\/strong><\/span><\/p>\r\n<p>&#8211; <a href=\"https:\/\/pbp.womczest.edu.pl\/new\/powiatowy-konkurs-literacko-plastyczny-projektuje-okladke-ksiazki-poezja-jana-brzechwy\/\">Powiatowy Konkurs Literacko-Plastyczny &#8222;Projektuj\u0119 ok\u0142adk\u0119 ksi\u0105\u017cki. Poezja Jana Brzechwy&#8221; (2025)<\/a><br \/>&#8211; <a href=\"https:\/\/pbp.womczest.edu.pl\/new\/powiatowy-konkurs-literacko-plastyczny-projektuje-okladke-ksiazki-wybitni-polacy-sprawozdanie\/\">Powiatowy Konkurs Literacko-Plastyczny &#8222;Projektuj\u0119 ok\u0142adk\u0119 ksi\u0105\u017cki. Wybitni Polacy&#8221;(2024)<\/a><br \/>&#8211; <a href=\"https:\/\/pbp.womczest.edu.pl\/new\/powiatowy-konkurs-literacko-plastyczny-projektuje-okladke-ksiazki\/\">Powiatowy Konkurs Literacko-Plastyczny \u201eProjektuj\u0119 ok\u0142adk\u0119 ksi\u0105\u017cki\u201d(2023)<\/a><\/p>\r\n<p><span style=\"color: #800000;\"><strong>POWIATOWY KONKURS RECYTATORSKI &#8222;POETYCKIE KRAJOBRAZY&#8221;<\/strong><\/span><\/p>\r\n<p>&#8211; <a href=\"https:\/\/pbp.womczest.edu.pl\/new\/powiatowy-konkurs-recytatorski-poetyckie-krajobrazy\/\">Powiatowy Konkurs Recytatorski &#8222;Poetyckie Krajobrazy&#8221; 2011-2024<\/a><\/p>\r\n<p><span style=\"color: #800000;\"><strong>MIEJSKI KONKURS ORTOGRAFICZNY &#8222;DYKTU\u015a&#8221;<br \/><\/strong><\/span><br \/>&#8211; <a href=\"https:\/\/pbp.womczest.edu.pl\/new\/edukacja\/konkursy\/dyktus\/\" target=\"_blank\" rel=\"noopener noreferrer\">Miejski Konkurs Ortograficzny dla uczni\u00f3w klas III szk\u00f3\u0142 podstawowych \u201eDyktu\u015b&#8221; 2003-2024<\/a><\/p>\r\n<p><strong><span style=\"color: #800000;\">KONKURS CZYTELNICZO-PLASTYCZNY &#8222;SPOTKANIE Z LEKTUR\u0104&#8221;<\/span><\/strong><\/p>\r\n<p>&#8211; <a href=\"https:\/\/pbp.womczest.edu.pl\/new\/edukacja\/konkursy\/spotkanie-z-lektura\/\" target=\"_blank\" rel=\"noopener noreferrer\">Mi\u0119dzyszkolny Konkurs Czytelniczy i Plastyczny \u201eSpotkanie z lektur\u0105&#8221; 2007-2013<\/a><\/p>\r\n<p><strong><span style=\"color: #800000;\">CZ\u0118STOCHOWSKI PRZEGL\u0104D GAZET SZKOLNYCH<\/span><\/strong><\/p>\r\n<p>&#8211; <a href=\"https:\/\/pbp.womczest.edu.pl\/new\/xviii-czestochowski-przeglad-gazet-szkolnych-2\/\">XVIII Cz\u0119stochowski Przegl\u0105d Gazet Szkolnych<br \/><\/a>&#8211;<a href=\"https:\/\/pbp.womczest.edu.pl\/new\/edukacja\/konkursy\/xvii-czestochowski-przeglad-gazet-szkolnych\/\"> XVII Cz\u0119stochowski Przegl\u0105d Gazet Szkolnych<br \/><\/a>&#8211; <a href=\"https:\/\/pbp.womczest.edu.pl\/new\/dla-nauczycieli\/wystawy\/xvi-czestochowski-przeglad-gazet-szkolnych\/\" target=\"_blank\" rel=\"noopener noreferrer\">XVI Cz\u0119stochowski Przegl\u0105d Gazet Szkolnych<br \/><\/a>&#8211;<a href=\"https:\/\/pbp.womczest.edu.pl\/new\/dla-nauczycieli\/wystawy\/xv-czestochowski-przeglad-gazet-szkolnych\/\" target=\"_blank\" rel=\"noopener noreferrer\"> XV Cz\u0119stochowski Przegl\u0105d Gazet Szkolnych<\/a><\/p>\r\n<p><span style=\"color: #800000;\"><strong>KSI\u0104\u017bKA I INFORMACJA W ERZE MEDI\u00d3W CYFROWYCH<\/strong><\/span><\/p>\r\n<p>&#8211; <a href=\"https:\/\/pbp.womczest.edu.pl\/new\/iv-wojewodzki-konkurs-ksiazka-i-informacja-w-erze-mediow-cyfrowych\/\">IV Wojew\u00f3dzki Konkurs &#8222;Ksi\u0105\u017cka i informacja w erze medi\u00f3w cyfrowych&#8221; (2019)<\/a><br \/>&#8211;<a href=\"https:\/\/pbp.womczest.edu.pl\/new\/iii-wojewodzki-konkurs-ksiazka-i-informacja-w-erze-mediow-cyfrowych\/\"> III Wojew\u00f3dzki Konkurs &#8222;Ksi\u0105\u017cka i informacja w erze medi\u00f3w cyfrowych&#8221; (2018)<\/a><br \/>&#8211;<a href=\"https:\/\/pbp.womczest.edu.pl\/new\/ii-wojewodzki-konkurs-ksiazka-i-informacja-w-erze-mediow-cyfrowych\/\"> II Wojew\u00f3dzki Konkurs &#8222;Ksi\u0105\u017cka i informacja w erze medi\u00f3w cyfrowych&#8221; (2017)<br \/><\/a>&#8211; <a href=\"https:\/\/pbp.womczest.edu.pl\/new\/konkurs-wojewodzki-ksiazka-i-informacja-w-erze-mediow-cyfrowych\/\">Konkurs Wojew\u00f3dzki \u201eKsi\u0105\u017cka i\u00a0informacja w\u00a0erze medi\u00f3w cyfrowych\u201d(2016)<\/a><\/p>\r\n<p><span style=\"color: #800000;\"><strong>PRZEGL\u0104D PIOSENKI I PIOSENEK<\/strong><\/span><\/p>\r\n<p>&#8211; <a href=\"https:\/\/pbp.womczest.edu.pl\/new\/przeglad-piesni-i-piosenek-patriotycznych\/\">Przegl\u0105d Pie\u015bni i Piosenek Patriotycznych (2024)<\/a><br \/>&#8211; <a href=\"https:\/\/pbp.womczest.edu.pl\/new\/przeglad-piesni-i-piosenek-o-kosmosie-pod-honorowym-patronatem-dyrektora-muzeum-mikolaja-kopernika-we-fromborku\/\">Przegl\u0105d Pie\u015bni i Piosenek o Kosmosie (2023)<\/a><br \/>&#8211; <a href=\"https:\/\/pbp.womczest.edu.pl\/new\/przeglad-piesni-i-piosenek-gornego-slaska-relacja\/\">Przegl\u0105d Pie\u015bni i Piosenek G\u00f3rnego \u015al\u0105ska (2022)<\/a><br \/>&#8211; <a href=\"https:\/\/pbp.womczest.edu.pl\/new\/przeglad-piesni-i-piosenek-gorali-polskich\/\">Przegl\u0105d Pie\u015bni i Piosenek G\u00f3rali Polskich (2021)<\/a><br \/>&#8211; <a href=\"https:\/\/pbp.womczest.edu.pl\/new\/przeglad-piesni-i-piosenek-o-swietym-janie-pawle-ii-17-listopada-2020-r\/\">Przegl\u0105d Pie\u015bni i Piosenek o \u015awi\u0119tym Janie Pawle II (2020) <\/a><br \/>&#8211; <a href=\"https:\/\/pbp.womczest.edu.pl\/new\/przeglad-piesni-ludowych-zespolu-piesni-i-tanca-slask-im-stanislawa-hadyny\/\">Przegl\u0105d pie\u015bni ludowych Zespo\u0142u Pie\u015bni i Ta\u0144ca \u201c\u015al\u0105sk\u201d im.\u00a0 Stanis\u0142awa Hadyny (2019)<\/a><br \/>&#8211; <a href=\"https:\/\/pbp.womczest.edu.pl\/new\/przeglad-piosenki-i-piesni-o-mojej-ziemi-ojczystej-pod-patronatem-europejskiego-roku-dziedzictwa-kulturowego-2018\/\">Przegl\u0105d Piosenki i Pie\u015bni o Mojej Ziemi Ojczystej (2018)<\/a><\/p>\r\n<p><span style=\"color: #993300;\"><strong>PRZYRODA UCZY NAJPI\u0118KNIEJ<\/strong><\/span><\/p>\r\n<p>&#8211; <a href=\"https:\/\/pbp.womczest.edu.pl\/new\/iv-powiatowy-konkurs-plastyczny-moj-ekslibris-herb-rodziny\/\">Powiatowy Konkurs Przyrodniczo-Recytatorski &#8222;Przyroda uczy najpi\u0119kniej&#8221; (2024)<\/a><br \/>&#8211; <a href=\"https:\/\/pbp.womczest.edu.pl\/new\/powiatowy-konkurs-przyrodniczo-recytatorski-przyroda-uczy-najpiekniej-4\/\">Powiatowy Konkurs Przyrodniczo-Recytatorski &#8222;Przyroda uczy najpi\u0119kniej&#8221; (2023)<\/a><a href=\"https:\/\/pbp.womczest.edu.pl\/new\/powiatowy-konkurs-przyrodniczo-recytatorski-przyroda-uczy-najpiekniej-3\/\"><br \/><\/a>&#8211; <a href=\"https:\/\/pbp.womczest.edu.pl\/new\/powiatowy-konkurs-przyrodniczo-recytatorski-przyroda-uczy-najpiekniej-3\/\">Powiatowy Konkurs Przyrodniczo-Recytatorski &#8222;Przyroda uczy najpi\u0119kniej&#8221; (2022<\/a>)<br \/>&#8211; <a href=\"https:\/\/pbp.womczest.edu.pl\/new\/powiatowy-konkurs-przyrodniczo-recytatorski-przyroda-uczy-najpiekniej-2\/\">Powiatowy Konkurs Przyrodniczo-Recytatorski &#8222;Przyroda uczy najpi\u0119kniej&#8221; (2019)<\/a><br \/>&#8211; <a href=\"https:\/\/pbp.womczest.edu.pl\/new\/powiatowy-konkurs-przyrodniczo-recytatorski-przyroda-uczy-najpiekniej\/\">Powiatowy Konkurs Przyrodniczo-Recytatorski &#8222;Przyroda uczy najpi\u0119kniej&#8221; (2018)<\/a><\/p>\r\n<p><span style=\"color: #993300;\"><strong>POWIATOWY KONKURS PLASTYCZNY M\u00d3J EKSLIBRIS<\/strong><\/span><\/p>\r\n<p>&#8211; <a href=\"https:\/\/pbp.womczest.edu.pl\/new\/iv-powiatowy-konkurs-plastyczny-moj-ekslibris-herb-rodziny\/\">IV Powiatowy Konkurs Plastyczny\u00a0M\u00f3j ekslibris \u2013 herb rodziny (2024)<\/a><br \/>&#8211; <a href=\"https:\/\/pbp.womczest.edu.pl\/new\/iii-powiatowy-konkurs-plastyczny-moj-ekslibris-przyroda-wokol-nas\/\">III Powiatowy Konkurs Plastyczny\u00a0<em>M\u00f3j ekslibris \u2013 przyroda wok\u00f3\u0142 nas <\/em>(2023)<\/a><br \/>&#8211; <a href=\"https:\/\/pbp.womczest.edu.pl\/new\/ii-powiatowy-konkurs-plastyczny-moj-ekslibris-ulubiona-dyscyplina-sportu\/\">II Powiatowy Konkurs Plastyczny <em>M\u00f3j ekslibris \u2013 ulubiona dyscyplina sportu <\/em>(2022)<\/a><br \/>&#8211; <a href=\"https:\/\/pbp.womczest.edu.pl\/new\/powiatowy-konkurs-plastyczny-moj-ekslibris\/\">Powiatowy Konkurs Plastyczny <em>M\u00f3j ekslibris <\/em>(2021)<\/a><\/p>\r\n<p><span style=\"color: #993300;\"><strong>INNE KONKURSY<\/strong><\/span><\/p>\r\n<ul>\r\n<li><a href=\"https:\/\/pbp.womczest.edu.pl\/new\/powiatowy-konkurs-literacko-plastyczny-cv-ulubionego-bohatera-literackiego\/\">Powiatowy konkurs literacko-plastyczny \u201eCV ulubionego bohatera literackiego\u201d (2024)<\/a><\/li>\r\n<li><a href=\"https:\/\/pbp.womczest.edu.pl\/new\/xiv-powiatowy-konkurs-recytatorski-swiat-wartosci-w-literaturze\/\">XIV Powiatowy Konkurs Recytatorski \u201e\u015awiat warto\u015bci w literaturze\u201d (2024)<\/a><\/li>\r\n<li><a href=\"https:\/\/pbp.womczest.edu.pl\/new\/vi-miedzyszkolny-konkurs-recytatorski-czarowanie-slowem\/\">VI Mi\u0119dzyszkolny Konkurs Recytatorski \u201eCzarowanie s\u0142owem\u201d (2024)<\/a><\/li>\r\n<li><a href=\"https:\/\/pbp.womczest.edu.pl\/new\/bo-rodzina-to-jest-sila\/\">Konkurs czytelniczo-plastyczny &#8222;Bo rodzina to jest si\u0142a&#8221; (2023)<\/a><\/li>\r\n<li><a href=\"https:\/\/pbp.womczest.edu.pl\/new\/konkurs-plastyczny-narysuj-rodzine\/\">Konkurs plastyczny \u201eNarysuj rodzin\u0119\u201d (2023)<\/a><\/li>\r\n<li><a href=\"https:\/\/pbp.womczest.edu.pl\/new\/v-miedzyszkolny-konkurs-recytatorski-czarowanie-slowem\/\">V Mi\u0119dzyszkolny Konkurs Recytatorski \u201eCzarowanie s\u0142owem\u201d (2023)<\/a><\/li>\r\n<li><a href=\"https:\/\/pbp.womczest.edu.pl\/new\/miedzynarodowy-konkursu-polska-na-zawsze-w-moim-sercu-podsumowanie\/\">Mi\u0119dzynarodowy Konkurs &#8222;Polska na zawsze w moim sercu&#8221; (2022)<\/a><\/li>\r\n<li><a href=\"https:\/\/pbp.womczest.edu.pl\/new\/wojewodzki-konkurs-recytatorski-to-wlasnie-polska-etap-regionalny\/\">Wojew\u00f3dzki Konkurs Recytatorski \u201eTo w\u0142a\u015bnie Polska\u201d (2022)<\/a><\/li>\r\n<li><a href=\"https:\/\/pbp.womczest.edu.pl\/new\/konkurs-literacko-plastyczny-slascy-gorale-najciekawszy-lapbook\/\">Konkurs literacko-plastyczny \u015al\u0105scy g\u00f3rale \u2013 najciekawszy lapbook (2022)<\/a><\/li>\r\n<li><a href=\"https:\/\/pbp.womczest.edu.pl\/new\/wojewodzki-konkurs-literacki-na-online-jest-mi-fajnie-jeden-dzien-z-e-lekcji\/\">Wojew\u00f3dzki Konkurs Literacki &#8222;Na online jest mi fajnie &#8211; jeden dzie\u0144 z e-lekcji&#8221; (2021)<\/a><\/li>\r\n<li><a href=\"https:\/\/pbp.womczest.edu.pl\/new\/konkursu-na-prezentacje-bohatera-lektury-zadanie-aktorskie-wcielam-sie-w-role\/\">Konkurs na prezentacj\u0119 bohatera lektury \u201eZadanie aktorskie \u2013 wcielam si\u0119 w rol\u0119\u2026\u201d(2021)<\/a><\/li>\r\n<li><a href=\"https:\/\/pbp.womczest.edu.pl\/new\/wojewodzki-konkurs-na-prezentacje-multimedialna-zycie-jest-wieksze-od-legend-bo-w-zyciu-jest-prawda-rzecz-o-kardynale-stefanie-wyszynskim\/\">Wojew\u00f3dzki\u00a0 Konkurs na prezentacj\u0119 multimedialn\u0105 \u201e\u017bycie jest wi\u0119ksze od legend, bo w \u017cyciu jest prawda. Rzecz o kardynale Stefanie Wyszy\u0144skim\u201d<\/a><em><br \/><\/em><\/li>\r\n<li><a href=\"https:\/\/pbp.womczest.edu.pl\/new\/miedzyszkolny-konkurs-plastyczny-zanim-karolek-zostal-papiezem-portret-malego-lolka\/\">Mi\u0119dzyszkolny konkurs plastyczny <\/a><em>Zanim Karolek zosta\u0142 Papie\u017cem. Portret ma\u0142ego Lolka <\/em>(2020)<em><br \/><\/em><\/li>\r\n<li><a href=\"https:\/\/pbp.womczest.edu.pl\/new\/orzel-bialy-w-tle-konkurs-wojewodzki\/\">Wojew\u00f3dzki Konkurs na Komiks \u201eOrze\u0142 bia\u0142y w tle\u201d (2020)<\/a><\/li>\r\n<li><a href=\"https:\/\/pbp.womczest.edu.pl\/new\/konkurs-literacki-czerwcowe-dni-1979-roku-moich-bliskich-z-janem-pawlem-ii-w-czestochowie\/\">Konkurs Literacki \u201eCzerwcowe dni 1979 roku moich bliskich z Janem Paw\u0142em II w Cz\u0119stochowie\u201d (2019)<\/a><\/li>\r\n<li><a href=\"https:\/\/pbp.womczest.edu.pl\/new\/wojewodzki-konkurs-literacki-ksiazka-inspiruje-i-uczy\/\">Wojew\u00f3dzki Konkurs Literacki \u201eKsi\u0105\u017cka inspiruje i uczy\u201d (2019)<\/a><\/li>\r\n<li><a href=\"https:\/\/pbp.womczest.edu.pl\/new\/miedzyszkolny-konkurs-na-komiks-bezpieczny-internet-dzialajmy-razem\/\">Mi\u0119dzyszkolny konkurs na komiks \u201eBezpieczny internet &#8211; dzia\u0142ajmy razem!\u201d (2019)<\/a><\/li>\r\n<li><a href=\"https:\/\/pbp.womczest.edu.pl\/new\/konkurs-recytatorski-czarowanie-slowem\/\">Konkurs Recytatorski \u201eCzarowanie s\u0142owem\u201d (2019)<\/a><\/li>\r\n<li><a href=\"https:\/\/pbp.womczest.edu.pl\/new\/miedzyszkolny-konkurs-na-lapbooka-pt-koty-w-literaturze\/\">Mi\u0119dzyszkolny konkurs na lapbooka pt. &#8222;Koty w literaturze&#8221; (2019)<\/a><\/li>\r\n<li><a href=\"https:\/\/pbp.womczest.edu.pl\/new\/powiatowy-konkurs-poetycki-wypisac-to-co-czuje\/\">Powiatowy Konkurs Poetycki &#8222;Wypisa\u0107 to, co czuj\u0119&#8221; (2018)<\/a><\/li>\r\n<li><a href=\"https:\/\/pbp.womczest.edu.pl\/new\/final-powiatowego-konkursu-literackiego-w-pustyni-i-w-puszczy-co-bylo-dalej-relacja\/\">Powiatowy Konkurs Literacki &#8222;W pustyni i w puszczy \u2013 co by\u0142o dalej\u2026&#8221; (2016)<\/a><\/li>\r\n<li><a href=\"https:\/\/pbp.womczest.edu.pl\/new\/ogolnopolski-konkurs-szkola-na-czasie-epodreczniki-w-klasie\/\">Og\u00f3lnopolski Konkurs &#8222;Szko\u0142a na czasie &#8211; epodreczniki w klasie!&#8221; (2016)<\/a><\/li>\r\n<li><a href=\"https:\/\/pbp.womczest.edu.pl\/new\/miedzyszkolny-konkurs-recytatorski-poezja-sw-jana-pawla-ii\/\">Mi\u0119dzyszkolny Konkurs Recytatorski &#8222;Poezja Jana Paw\u0142a II&#8221; (2015)<\/a><\/li>\r\n<li><a href=\"https:\/\/pbp.womczest.edu.pl\/new\/edukacja\/konkursy\/elektroniczny-dzienniczek-lektur\/\" target=\"_blank\" rel=\"noopener noreferrer\">Elektroniczny dzienniczek lektur (2014)<\/a><\/li>\r\n<li><a href=\"https:\/\/pbp.womczest.edu.pl\/new\/edukacja\/konkursy\/ekslibris-2012-mala-graficzna-opowiesc-o-mojej-bibliotece-podsumowanie\/\" target=\"_blank\" rel=\"noopener noreferrer\">Ekslibris 2012 \u2013 ma\u0142a graficzna opowie\u015b\u0107 o mojej bibliotece (2012)<\/a><\/li>\r\n<li><a href=\"https:\/\/pbp.womczest.edu.pl\/new\/edukacja\/konkursy\/mlody-polak-mlodym-europejczykiem-wyniki-konkursu\/\" target=\"_blank\" rel=\"noopener noreferrer\">M\u0142ody Polak m\u0142odym Europejczykiem (2012)<\/a><\/li>\r\n<li><a href=\"https:\/\/pbp.womczest.edu.pl\/new\/edukacja\/konkursy\/przygody-czytusia\/\" target=\"_blank\" rel=\"noopener noreferrer\">Przygody Czytusia (2012)<\/a><\/li>\r\n<li><a href=\"https:\/\/pbp.womczest.edu.pl\/new\/edukacja\/konkursy\/list-do-swietego-mikolaja\/\" target=\"_blank\" rel=\"noopener noreferrer\">List do \u015awi\u0119tego Miko\u0142aja (2011)<\/a><\/li>\r\n<li><a href=\"https:\/\/pbp.womczest.edu.pl\/new\/edukacja\/konkursy\/wojna-poezja-pisana\/\">Wojna poezj\u0105 pisana (2009)<\/a><\/li>\r\n<\/ul>\r\n\r\n<p>&nbsp;<\/p>\r\n","protected":false},"excerpt":{"rendered":"<p>WIELKA LIGA CZYTELNIK\u00d3W &#8211; Wielka Liga Czytelnik\u00f3w 2017\/2018&#8211; Wielka Liga Czytelnik\u00f3w 2018\/2019&#8211; Wielka Liga Czytelnik\u00f3w 2019\/2020&#8211;\u00a0Wielka Liga Czytelnik\u00f3w 2021\/2022 POWIATOWY KONKURS LITERACKO PLASTYCZNY &#8222;PROJEKTUJ\u0118 OK\u0141ADK\u0118 KSI\u0104\u017bKI&#8221; &#8211; Powiatowy Konkurs Literacko-Plastyczny &#8222;Projektuj\u0119 ok\u0142adk\u0119 ksi\u0105\u017cki. Poezja Jana Brzechwy&#8221; (2025)&#8211; Powiatowy Konkurs Literacko-Plastyczny &#8222;Projektuj\u0119 ok\u0142adk\u0119 ksi\u0105\u017cki. Wybitni Polacy&#8221;(2024)&#8211; Powiatowy Konkurs Literacko-Plastyczny \u201eProjektuj\u0119 ok\u0142adk\u0119 ksi\u0105\u017cki\u201d(2023) POWIATOWY KONKURS RECYTATORSKI &#8222;POETYCKIE KRAJOBRAZY&#8221; &#8211; Powiatowy Konkurs Recytatorski &#8222;Poetyckie Krajobrazy&#8221; 2011-2024 MIEJSKI KONKURS ORTOGRAFICZNY &#8222;DYKTU\u015a&#8221;&#8211; Miejski Konkurs Ortograficzny<span class=\"ellipsis\">&hellip;<\/span><\/p>\n<div class=\"read-more\"><a href=\"https:\/\/pbp.womczest.edu.pl\/new\/edukacja\/konkursy\/\">Czytaj wi\u0119cej &#8250;<\/a><\/div>\n<p><!-- end of .read-more --><\/p>\n","protected":false},"author":2,"featured_media":0,"parent":2546,"menu_order":0,"comment_status":"closed","ping_status":"open","template":"full-width-page.php","meta":{"footnotes":""},"jetpack_sharing_enabled":true,"jetpack_shortlink":"https:\/\/wp.me\/PgmV4H-GJ","_links":{"self":[{"href":"https:\/\/pbp.womczest.edu.pl\/new\/wp-json\/wp\/v2\/pages\/2649"}],"collection":[{"href":"https:\/\/pbp.womczest.edu.pl\/new\/wp-json\/wp\/v2\/pages"}],"about":[{"href":"https:\/\/pbp.womczest.edu.pl\/new\/wp-json\/wp\/v2\/types\/page"}],"author":[{"embeddable":true,"href":"https:\/\/pbp.womczest.edu.pl\/new\/wp-json\/wp\/v2\/users\/2"}],"replies":[{"embeddable":true,"href":"https:\/\/pbp.womczest.edu.pl\/new\/wp-json\/wp\/v2\/comments?post=2649"}],"version-history":[{"count":184,"href":"https:\/\/pbp.womczest.edu.pl\/new\/wp-json\/wp\/v2\/pages\/2649\/revisions"}],"predecessor-version":[{"id":26342,"href":"https:\/\/pbp.womczest.edu.pl\/new\/wp-json\/wp\/v2\/pages\/2649\/revisions\/26342"}],"up":[{"embeddable":true,"href":"https:\/\/pbp.womczest.edu.pl\/new\/wp-json\/wp\/v2\/pages\/2546"}],"wp:attachment":[{"href":"https:\/\/pbp.womczest.edu.pl\/new\/wp-json\/wp\/v2\/media?parent=2649"}],"curies":[{"name":"wp","href":"https:\/\/api.w.org\/{rel}","templated":true}]}}