


{"id":25831,"date":"2024-10-25T13:45:14","date_gmt":"2024-10-25T11:45:14","guid":{"rendered":"https:\/\/pbp.womczest.edu.pl\/new\/?page_id=25831"},"modified":"2024-11-25T13:45:05","modified_gmt":"2024-11-25T12:45:05","slug":"powiatowy-konkurs-recytatorski-poetyckie-krajobrazy-poswiecony-poezji-kazimierza-wierzynskiego-pod-honorowym-patronatem-starosty-czestochowskiego-oraz-towarzystwa-nauczycieli-bibliotekarzy-s","status":"publish","type":"page","link":"https:\/\/pbp.womczest.edu.pl\/new\/powiatowy-konkurs-recytatorski-poetyckie-krajobrazy-poswiecony-poezji-kazimierza-wierzynskiego-pod-honorowym-patronatem-starosty-czestochowskiego-oraz-towarzystwa-nauczycieli-bibliotekarzy-s\/","title":{"rendered":"Powiatowy Konkurs Recytatorski Poetyckie Krajobrazy po\u015bwi\u0119cony poezji Kazimierza Wierzy\u0144skiego pod\u00a0honorowym patronatem Starosty Cz\u0119stochowskiego oraz\u00a0Towarzystwa Nauczycieli Bibliotekarzy Szk\u00f3\u0142 Polskich Oddzia\u0142 w Cz\u0119stochowie"},"content":{"rendered":"<p>24 pa\u017adziernika 2024 roku w Publicznej Bibliotece Pedagogicznej Regionalnego O\u015brodka Doskonalenia Nauczycieli \u201eWOM\u201d w Cz\u0119stochowie odby\u0142 si\u0119 Powiatowy Konkurs Recytatorski <em>Poetyckie Krajobrazy<\/em>, po\u015bwi\u0119cony poezji Kazimierza Wierzy\u0144skiego. Rok 2024 zosta\u0142 ustanowiony przez Sejm Rzeczypospolitej Rokiem Kazimierza Wierzy\u0144skiego w zwi\u0105zku z 130. rocznic\u0105 urodzin poety.<\/p>\n<p>W tym roku odby\u0142a si\u0119 czternasta edycja.<\/p>\n<p>Konkurs, adresowany do uczni\u00f3w klas VII i VIII szk\u00f3\u0142 podstawowych z miasta Cz\u0119stochowy oraz powiatu cz\u0119stochowskiego, zorganizowa\u0142a Publiczna Biblioteka Pedagogiczna RODN \u201eWOM\u201d w Cz\u0119stochowie. Osob\u0105 odpowiedzialn\u0105 za\u00a0przygotowanie konkursu by\u0142a Katarzyna Kucharzewska \u2013 nauczyciel bibliotekarz PBP RODN \u201eWOM\u201d w\u00a0Cz\u0119stochowie.<\/p>\n<p>Honorowy patronat obj\u0105\u0142 Pan Krzysztof Smela, Starosta Cz\u0119stochowski oraz Pani Alina Grabna, Prezes Cz\u0119stochowskiego Oddzia\u0142u Towarzystwa Nauczycieli Bibliotekarzy Szk\u00f3\u0142 Polskich.<\/p>\n<p>Mottem konkursu by\u0142y s\u0142owa poety Kazimierza Wierzy\u0144skiego:<\/p>\n<p><em>Je\u015bli mi s\u0142owo bi\u0107 przestanie,<br \/>\n<\/em><em>Co mi po sercu.\u00a0 (Badania lekarskie)<\/em><\/p>\n<p>Celem konkursu by\u0142o upami\u0119tnienie tw\u00f3rczo\u015bci poety Kazimierza Wierzy\u0144skiego, popularyzacja jego dorobku artystycznego, rozwijanie recytatorskich i\u00a0aktorskich uzdolnie\u0144 m\u0142odzie\u017cy, upowszechnianie kultury j\u0119zyka polskiego, inspirowanie m\u0142odego pokolenia do\u00a0aktywnego uczestnictwa w\u00a0kulturze, wzbudzenie zainteresowania poezj\u0105 polsk\u0105 oraz\u00a0krzewienie kultury \u017cywego s\u0142owa.<\/p>\n<p>W tegorocznej edycji udzia\u0142 wzi\u0119\u0142o 19 uczni\u00f3w z Cz\u0119stochowy i powiatu cz\u0119stochowskiego (7 uczni\u00f3w z Cz\u0119stochowy i 12 uczni\u00f3w z powiatu cz\u0119stochowskiego). Opiek\u0119 merytoryczn\u0105 nad uczniami sprawowali nauczyciele z danej szko\u0142y. Uczniowie prezentowali jeden, wybrany przez siebie wiersz poety.<\/p>\n<p>Prezentacje uczestnik\u00f3w ocenia\u0142a komisja konkursowa w\u00a0sk\u0142adzie:<\/p>\n<p>Beata Raczy\u0144ska \u2013 przewodnicz\u0105ca komisji konkursowej, nauczyciel bibliotekarz Publicznej Biblioteki Pedagogicznej RODN \u201eWOM\u201d w Cz\u0119stochowie; nauczyciel j\u0119zyka polskiego.<\/p>\n<p>Beata Wilk-Zato\u0144ska \u2013 nauczyciel j\u0119zyka polskiego VII Liceum Og\u00f3lnokszta\u0142c\u0105cego im. Miko\u0142aja Kopernika w Cz\u0119stochowie, nauczyciel-doradca metodyczny j\u0119zyka polskiego w Regionalnym O\u015brodku Doskonalenia Nauczycieli \u201eWOM\u201d w Cz\u0119stochowie, animator kultury; prowadzi teatr szkolny <em>Grupa pod Wisz\u0105cym Kotem<\/em>. Pani Beata Wilk-Zato\u0144ska zdoby\u0142a tytu\u0142 <em>Animatora Kultury w Og\u00f3lnopolskim Konkursie Nauczyciel Roku 2015<\/em>.<\/p>\n<p>Aleksandra Kowalska \u2013 nauczyciel w Zespole Szkolno-Przedszkolnym nr 6 w Cz\u0119stochowie, poetka, malarka, kompozytorka i wokalistka zespo\u0142u \u201eImpast\u201d. Otrzyma\u0142a odznaczenie <em>Zas\u0142u\u017cony dla Kultury Polskiej <\/em>(2022 r.). Przez wiele lat pracowa\u0142a jako kustosz w Muzeum Regionalnym im. Zygmunta Krasi\u0144skiego w Z\u0142otym Potoku. Nale\u017cy do cz\u0119stochowskiego oddzia\u0142u Zwi\u0105zku Polskich Artyst\u00f3w Plastyk\u00f3w, a tak\u017ce jest cz\u0142onkiem Stowarzyszenia Muzealnik\u00f3w Polskich.<\/p>\n<p>Ewelina Ignaszak-Stolarska \u2013 pracownik Regionalnego O\u015brodka Kultury w Cz\u0119stochowie, kulturoznawca, animator kultury, prowadzi warsztaty edukacyjne w zakresie edukacji filmowej dla wszystkich grup wiekowych (dzieci, m\u0142odzie\u017c, doro\u015bli).<\/p>\n<p>Piotr Hankus \u2013 Mistrz Mowy Polskiej Vox Populi. Pracownik, tancerz i edukator w Zespole Pie\u015bni i Ta\u0144ca &#8222;\u015al\u0105sk&#8221; im. Stanis\u0142awa Hadyny w Kosz\u0119cinie. Pe\u0142ni role konferansjera oraz prowadzi w Zespole narracje, kt\u00f3re uatrakcyjniaj\u0105 ka\u017cdy program. Jako specjalista ds. edukacyjnych prowadzi m.in. warsztaty wokalne, taneczne i teatralne.<\/p>\n<p>Komisja konkursowa ocenia\u0142a recytacj\u0119 pod wzgl\u0119dem: dob\u00f3r repertuaru, stopie\u0144 opanowania tekstu, artystyczna interpretacja utworu, kultura s\u0142owa i og\u00f3lne wra\u017cenia artystyczne.<\/p>\n<p>Decyzj\u0105 jury przyznano nast\u0119puj\u0105ce miejsca:<\/p>\n<p><strong>I miejsce<br \/>\n<\/strong><strong>Emilia Adamus,<\/strong> Zesp\u00f3\u0142 Szkolno-Przedszkolny w Kamyku, wiersz pt. \u201eDo moich zmar\u0142ych\u201d Kazimierz Wierzy\u0144ski.<\/p>\n<p><strong>II miejsce<br \/>\n<\/strong><strong>Patrycja Radecka, <\/strong>Zesp\u00f3\u0142 Szkolno-Przedszkolny nr 1 w R\u0119dzinach, wiersz pt. \u201eMatch footballowy\u201d Kazimierz Wierzy\u0144ski.<\/p>\n<p><strong>III miejsce<br \/>\n<\/strong><strong>Gabriela Markowska, <\/strong>Szko\u0142a Podstawowa im. Gustawa Morcinka w Poczesnej, wiersz pt.\u00a0\u201eListopad 1918\u201d Kazimierz Wierzy\u0144ski.<\/p>\n<p><strong>Wyr\u00f3\u017cnienia:<\/strong><\/p>\n<p><strong>Lena Szcz\u0119sna, <\/strong>Zesp\u00f3\u0142 Szkolno-Przedszkolny nr 5 w Cz\u0119stochowie, wiersz pt. \u201eJa\u00a0jestem fal\u0105\u201d Kazimierz Wierzy\u0144ski.<\/p>\n<p><strong>Iga Oberska, <\/strong>Niepubliczna Szko\u0142a Podstawowa im. Marii Konopnickiej w\u00a0Soborzycach, wiersz pt. \u201eKapelusz bior\u0119 pod pach\u0119\u201d Kazimierz Wierzy\u0144ski.<\/p>\n<p><strong>Mateusz Worw\u0105g, <\/strong>Szko\u0142a Podstawowa im. Marcina Kacprzaka w Starym Cykarzewie, wiersz pt. \u201ePracownia poety\u201d Kazimierz Wierzy\u0144ski.<\/p>\n<p>Zwyci\u0119zcy otrzymali nagrody ksi\u0105\u017ckowe i rzeczowe ufundowane przez Starost\u0119 Cz\u0119stochowskiego oraz Zesp\u00f3\u0142 Pie\u015bni i Ta\u0144ca \u201e\u015al\u0105sk\u201d im. Stanis\u0142awa Hadyny w Kosz\u0119cinie.<\/p>\n<p>W czasie obrad jury uczniowie mieli okazj\u0119 zwiedzi\u0107 wystaw\u0119 w siedzibie biblioteki pt. <em>Zanim nasta\u0142y media cyfrowe. <\/em>Konkursowi towarzyszy\u0142a r\u00f3wnie\u017c wystawa po\u015bwi\u0119cona tw\u00f3rczo\u015bci poety Kazimierza Wierzy\u0144skiego.<\/p>\n<p style=\"text-align: right;\"><em>Tekst: Katarzyna Kucharzewska<br \/>\nZdj\u0119cia: Izabela Bajor<br \/>\n<\/em><a href=\"https:\/\/pbp.womczest.edu.pl\/new\/galeria\/powiatowy-konkurs-recytatorski-poetyckie-krajobrazy-poswiecony-poezji-kazimierza-wierzynskiego-2024\/\"><strong>galeria<\/strong><\/a><em><br \/>\n<\/em><\/p>\n","protected":false},"excerpt":{"rendered":"<p>24 pa\u017adziernika 2024 roku w Publicznej Bibliotece Pedagogicznej Regionalnego O\u015brodka Doskonalenia Nauczycieli \u201eWOM\u201d w Cz\u0119stochowie odby\u0142 si\u0119 Powiatowy Konkurs Recytatorski Poetyckie Krajobrazy, po\u015bwi\u0119cony poezji Kazimierza Wierzy\u0144skiego. Rok 2024 zosta\u0142 ustanowiony przez Sejm Rzeczypospolitej Rokiem Kazimierza Wierzy\u0144skiego w zwi\u0105zku z 130. rocznic\u0105 urodzin poety. W tym roku odby\u0142a si\u0119 czternasta edycja. Konkurs, adresowany do uczni\u00f3w klas VII i VIII szk\u00f3\u0142 podstawowych z miasta Cz\u0119stochowy oraz powiatu cz\u0119stochowskiego, zorganizowa\u0142a Publiczna Biblioteka Pedagogiczna<span class=\"ellipsis\">&hellip;<\/span><\/p>\n<div class=\"read-more\"><a href=\"https:\/\/pbp.womczest.edu.pl\/new\/powiatowy-konkurs-recytatorski-poetyckie-krajobrazy-poswiecony-poezji-kazimierza-wierzynskiego-pod-honorowym-patronatem-starosty-czestochowskiego-oraz-towarzystwa-nauczycieli-bibliotekarzy-s\/\">Czytaj wi\u0119cej &#8250;<\/a><\/div>\n<p><!-- end of .read-more --><\/p>\n","protected":false},"author":6,"featured_media":0,"parent":0,"menu_order":0,"comment_status":"closed","ping_status":"closed","template":"full-width-page.php","meta":{"footnotes":""},"jetpack_sharing_enabled":true,"jetpack_shortlink":"https:\/\/wp.me\/PgmV4H-6ID","_links":{"self":[{"href":"https:\/\/pbp.womczest.edu.pl\/new\/wp-json\/wp\/v2\/pages\/25831"}],"collection":[{"href":"https:\/\/pbp.womczest.edu.pl\/new\/wp-json\/wp\/v2\/pages"}],"about":[{"href":"https:\/\/pbp.womczest.edu.pl\/new\/wp-json\/wp\/v2\/types\/page"}],"author":[{"embeddable":true,"href":"https:\/\/pbp.womczest.edu.pl\/new\/wp-json\/wp\/v2\/users\/6"}],"replies":[{"embeddable":true,"href":"https:\/\/pbp.womczest.edu.pl\/new\/wp-json\/wp\/v2\/comments?post=25831"}],"version-history":[{"count":6,"href":"https:\/\/pbp.womczest.edu.pl\/new\/wp-json\/wp\/v2\/pages\/25831\/revisions"}],"predecessor-version":[{"id":25933,"href":"https:\/\/pbp.womczest.edu.pl\/new\/wp-json\/wp\/v2\/pages\/25831\/revisions\/25933"}],"wp:attachment":[{"href":"https:\/\/pbp.womczest.edu.pl\/new\/wp-json\/wp\/v2\/media?parent=25831"}],"curies":[{"name":"wp","href":"https:\/\/api.w.org\/{rel}","templated":true}]}}