


{"id":2568,"date":"2015-04-23T14:28:17","date_gmt":"2015-04-23T12:28:17","guid":{"rendered":"https:\/\/pbp.womczest.edu.pl\/new\/?page_id=2568"},"modified":"2024-07-03T09:24:33","modified_gmt":"2024-07-03T07:24:33","slug":"statut","status":"publish","type":"page","link":"https:\/\/pbp.womczest.edu.pl\/new\/o-bibliotece\/statut\/","title":{"rendered":"Statut"},"content":{"rendered":"<hr \/>\n<ul>\n<li style=\"text-align: justify;\"><a href=\"https:\/\/pbp.womczest.edu.pl\/new\/wp-content\/uploads\/2024\/01\/Statut-Publicznej-Biblioteki-Pedagogicznej-RODN-WOM-w-Czestochowie.pdf\">Statut Publicznej Biblioteki Pedagogicznej RODN WOM w Cz\u0119stochowie<\/a><\/li>\n<li><a href=\"https:\/\/pbp.womczest.edu.pl\/new\/wp-content\/uploads\/2024\/07\/Uchwala-Rady-Pedagogicznej-w-sprawie-zmian-w-statucie-PBP-RODN-WOM-w-Czestochowie.pdf\">Uchwa\u0142a Rady Pedagogicznej w sprawie zmian w statucie PBP RODN WOM w Cz\u0119stochowie<\/a><\/li>\n<li><a href=\"https:\/\/pbp.womczest.edu.pl\/new\/wp-content\/uploads\/2024\/01\/Zarzazdenie-Nr-D02112024ED-Dyrektora-Regionalnego-Osrodka-Doskonalenia-Nauczycieli-WOM-w-Czestochowie.pdf\">Zarz\u0105dzenie Nr D.021.1.2024.ED Dyrektora Regionalnego O\u015brodka Doskonalenia Nauczycieli \u201eWOM\u201d w Cz\u0119stochowie z dnia 22 stycznia 2024 r.<\/a><\/li>\n<\/ul>\n","protected":false},"excerpt":{"rendered":"<p>Statut Publicznej Biblioteki Pedagogicznej RODN WOM w Cz\u0119stochowie Uchwa\u0142a Rady Pedagogicznej w sprawie zmian w statucie PBP RODN WOM w Cz\u0119stochowie Zarz\u0105dzenie Nr D.021.1.2024.ED Dyrektora Regionalnego O\u015brodka Doskonalenia Nauczycieli \u201eWOM\u201d w Cz\u0119stochowie z dnia 22 stycznia 2024 r.<\/p>\n","protected":false},"author":2,"featured_media":0,"parent":2537,"menu_order":0,"comment_status":"closed","ping_status":"open","template":"","meta":{"footnotes":""},"jetpack_sharing_enabled":true,"jetpack_shortlink":"https:\/\/wp.me\/PgmV4H-Fq","_links":{"self":[{"href":"https:\/\/pbp.womczest.edu.pl\/new\/wp-json\/wp\/v2\/pages\/2568"}],"collection":[{"href":"https:\/\/pbp.womczest.edu.pl\/new\/wp-json\/wp\/v2\/pages"}],"about":[{"href":"https:\/\/pbp.womczest.edu.pl\/new\/wp-json\/wp\/v2\/types\/page"}],"author":[{"embeddable":true,"href":"https:\/\/pbp.womczest.edu.pl\/new\/wp-json\/wp\/v2\/users\/2"}],"replies":[{"embeddable":true,"href":"https:\/\/pbp.womczest.edu.pl\/new\/wp-json\/wp\/v2\/comments?post=2568"}],"version-history":[{"count":17,"href":"https:\/\/pbp.womczest.edu.pl\/new\/wp-json\/wp\/v2\/pages\/2568\/revisions"}],"predecessor-version":[{"id":25248,"href":"https:\/\/pbp.womczest.edu.pl\/new\/wp-json\/wp\/v2\/pages\/2568\/revisions\/25248"}],"up":[{"embeddable":true,"href":"https:\/\/pbp.womczest.edu.pl\/new\/wp-json\/wp\/v2\/pages\/2537"}],"wp:attachment":[{"href":"https:\/\/pbp.womczest.edu.pl\/new\/wp-json\/wp\/v2\/media?parent=2568"}],"curies":[{"name":"wp","href":"https:\/\/api.w.org\/{rel}","templated":true}]}}