


{"id":25159,"date":"2024-06-21T11:56:02","date_gmt":"2024-06-21T09:56:02","guid":{"rendered":"https:\/\/pbp.womczest.edu.pl\/new\/?page_id=25159"},"modified":"2024-06-21T11:57:19","modified_gmt":"2024-06-21T09:57:19","slug":"25159-2","status":"publish","type":"page","link":"https:\/\/pbp.womczest.edu.pl\/new\/25159-2\/","title":{"rendered":"Maraton Czytelniczy \u201eNasza Europa\u201d"},"content":{"rendered":"<p>W go\u015bcinnych progach Biblioteki G\u0142\u00f3wnej Politechniki Cz\u0119stochowskiej odby\u0142 si\u0119 <strong>Maraton Czytelniczy<\/strong> <strong>\u201eNasza Europa\u201d zorganizowany z okazji 20-lecia Polski w\u00a0Unii Europejskiej oraz w XXIII Og\u00f3lnopolskim Tygodniu Czytania<\/strong><strong> Dzieciom pod has\u0142em <em>Porozmawiajmy o ksi\u0105\u017ckach, Tygrysie!<\/em> <\/strong><\/p>\n<p>Wydarzenie mia\u0142o na celu promowanie czytania, rozwijanie kompetencji czytelniczych, popularyzacj\u0119 literatury i zach\u0119canie do sp\u0119dzania wolnego czasu na lekturze. Patronat honorowy na Maratonem obj\u0119li Pan Krzysztof Matyjaszczyk, Prezydent Miasta Cz\u0119stochowy oraz JM Rektor Politechniki Cz\u0119stochowskiej prof. dr hab. in\u017c. Norbert Szczygiol. Wydarzenie odby\u0142o si\u0119 5 czerwca 2024 r. Zaproszenie przyj\u0119\u0142o wielu czytaj\u0105cych, a udzia\u0142 w wydarzeniu wzi\u0119\u0142o 321 uczni\u00f3w oraz 19 nauczycieli.<\/p>\n<p>Uroczystego rozpocz\u0119cia maratonu dokona\u0142a pomys\u0142odawczyni tej cyklicznej imprezy czytelniczej, dr Renata Sowada, nauczyciel bibliotekarz Szko\u0142y Podstawowej nr 53 im. Marii Sk\u0142odowskiej\u2013Curie w Cz\u0119stochowie oraz Prezes Sekcji Bibliotekarskiej przy Oddziale ZNP w Cz\u0119stochowie. Pierwszymi czytaj\u0105cymi by\u0142y\u00a0 <em>Anna Hiller i Anna D\u0105browska<\/em><em>, <\/em>nauczycielki bibliotekarki Publicznej Biblioteki Pedagogicznej RODN &#8222;WOM&#8221; w Cz\u0119stochowie, cz\u0142onkinie Zarz\u0105du Sekcji Bibliotekarskiej przy Oddziale ZNP w Cz\u0119stochowie. Anna Hiller przeczyta\u0142a wiersz<em> Mityczna Grecja <\/em>Doroty Strzemi\u0144skiej-Wi\u0119ckowiak, a Anna D\u0105browska opowiadanie <em>Mam na imi\u0119 Europa <\/em>z ksi\u0105\u017cki Grzegorza Kasdepke<em> Mity dla dzieci: 20 najpopularniejszych mit\u00f3w greckich. <\/em>Kolejn\u0105 czytaj\u0105c\u0105 by\u0142a<em> Edyta Ksi\u0105\u017cek<\/em><em>, w<\/em>iceprezes Oddzia\u0142u Zwi\u0105zku Nauczycielstwa Polski w Cz\u0119stochowie przeczyta\u0142a fragmenty ksi\u0105\u017cki <em>Lato Mumink\u00f3w<\/em> Tove Jansson. Przygod\u0119 z Muminkami kontynuowa\u0142a <em>Marlena Badora<\/em><em>,<\/em> starszy bibliotekarz Biblioteki G\u0142\u00f3wnej Politechniki Cz\u0119stochowskiej, kt\u00f3ra zaprezentowa\u0142a fragmenty ksi\u0105\u017cki <em>W Dolinie Mumink\u00f3w<\/em> Tove Jansson. Dr Agata Boral, starszy inspektor Wydzia\u0142u Edukacji Miasta Cz\u0119stochowy przenios\u0142a s\u0142uchaczy do Wielkiej Brytanii czytaj\u0105c wiersz <em>Kr\u00f3lewska Anglia <\/em>Doroty Strzemi\u0144skiej-Wi\u0119ckowiak oraz <em>Przygody Sherlocka Holmesa<\/em> Artura Conan Doyle&#8217;a. \u0141ukasz Kot, Zast\u0119pca Prezydenta Miasta Cz\u0119stochowy przeczyta\u0142 zabawny wiersz <em>Francja-Elegancja<\/em> Doroty Strzemi\u0144skiej-Wi\u0119ckowiak\u00a0 oraz <em>Ziemi\u0119 planet\u0119 ludzi<\/em>\u00a0 Antoine`a de Saint-Exup\u00e9ry\u2019ego. Ostatni\u0105 czytaj\u0105c\u0105 by\u0142a <em>Beata Grzanka<\/em>, dyrektor Biblioteki Publicznej im. dra W\u0142adys\u0142awa Biega\u0144skiego w Cz\u0119stochowie, kt\u00f3ra zaprezentowa\u0142a s\u0142uchaczom wiersz <em>S\u0142owia\u0144ska Polska<\/em> Doroty Strzemi\u0144skiej-Wi\u0119ckowiak oraz fragment kolejnej ksi\u0105\u017cki o Muminkach.<\/p>\n<p>W maratonie wzi\u0119li udzia\u0142 uczniowie, kt\u00f3rzy reprezentowali nast\u0119puj\u0105ce cz\u0119stochowskie szko\u0142y:<\/p>\n<ul>\n<li>Szko\u0142a Podstawowa nr 7 im. Konstantego Ildefonsa Ga\u0142czy\u0144skiego,<\/li>\n<li>Szko\u0142a Podstawowa nr 14 im. Henryka Sienkiewicza,<\/li>\n<li>Szko\u0142a Podstawowa nr 22 im. Gabriela Narutowicza,<\/li>\n<li>Szko\u0142a Podstawowa nr 25 im. Stanis\u0142awa Staszica,<\/li>\n<li>Szko\u0142a Podstawowa nr 40 w Zespole Szkolno-Przedszkolnym nr 1,<\/li>\n<li>Szko\u0142a Podstawowa nr 53 z Oddzia\u0142ami Integracyjnymi im. M. Sk\u0142odowskiej-Curie,<\/li>\n<li>V Liceum Og\u00f3lnokszta\u0142c\u0105ce im. Adama Mickiewicza,<\/li>\n<li>Zesp\u00f3\u0142 Szk\u00f3\u0142 Specjalnych nr 23 im. Janusza Korczaka,<\/li>\n<li>Zesp\u00f3\u0142 Szk\u00f3\u0142 Technicznych i Og\u00f3lnokszta\u0142c\u0105cych im. Stefana \u017beromskiego.<\/li>\n<\/ul>\n<p>Uczniowie mogli wykaza\u0107 si\u0119 swoja wiedz\u0105, uwa\u017cnym s\u0142uchaniem i spostrzegawczo\u015bci\u0105 podczas konkursu &#8222;5 Pyta\u0144\u201d, przygotowanym przez Sekcj\u0119 Bibliotekarsk\u0105 przy Oddziale ZNP w Cz\u0119stochowie. Nagrodzono 32 uczni\u00f3w. Sponsorem nagr\u00f3d ksi\u0105\u017ckowych by\u0142 Zarz\u0105d Oddzia\u0142u ZNP w Cz\u0119stochowie. Podzi\u0119kowania dla lektor\u00f3w i uczestnik\u00f3w Maratonu przekaza\u0142 Andrzej Szostek, dyrektor Szko\u0142y Podstawowej nr 53 z Oddzia\u0142ami Integracyjnymi im. Marii Sk\u0142odowskiej-Curie w Cz\u0119stochowie.<\/p>\n<p>Jak co roku, w organizacj\u0119 maratonu czytelniczego zaanga\u017cowane by\u0142y instytucje:<\/p>\n<p>&#8211; Biblioteka G\u0142\u00f3wna Politechniki Cz\u0119stochowskiej,<br \/>\n&#8211; Biblioteka Publiczna im. dr. W\u0142adys\u0142awa Biega\u0144skiego w Cz\u0119stochowie,<br \/>\n&#8211; Muzeum Cz\u0119stochowskie,<br \/>\n&#8211; Publiczna Biblioteka Pedagogiczna RODN \u201eWOM\u201d w Cz\u0119stochowie,<br \/>\n&#8211; Oddzia\u0142 Towarzystwa Nauczycieli Bibliotekarzy Szk\u00f3\u0142 Polskich w Cz\u0119stochowie,<br \/>\n&#8211; Sekcja Bibliotekarska przy Oddziale Zwi\u0105zku Nauczycielstwa Polskiego w Cz\u0119stochowie,<br \/>\n&#8211; Szko\u0142a Podstawowa nr 53 z Oddzia\u0142ami Integracyjnymi im. Marii Sk\u0142odowskiej-Curie w Cz\u0119stochowie.<\/p>\n<p><strong>Relacje z wydarzenia:<\/strong><\/p>\n<p>Urz\u0105d Miasta Cz\u0119stochowy &#8211; <a href=\"https:\/\/www.czestochowa.pl\/maraton-czytelniczy2\">https:\/\/www.czestochowa.pl\/maraton-czytelniczy2<\/a><\/p>\n<p>Radio Fiat <a href=\"https:\/\/fiat.fm\/czestochowa\/maraton-czytelniczy-nasza-europa-za-nami\/\">https:\/\/fiat.fm\/czestochowa\/maraton-czytelniczy-nasza-europa-za-nami\/<\/a><\/p>\n<p>Czesotochowskie24\u00a0 <a href=\"https:\/\/czestochowskie24.pl\/czestochowa\/maraton-czytelniczy-nasza-europa-za-nami\/\">https:\/\/czestochowskie24.pl\/czestochowa\/maraton-czytelniczy-nasza-europa-za-nami\/<\/a><\/p>\n<p style=\"text-align: right;\"><em>Tekst: Anna D\u0105browska<br \/>\n<\/em><em>Zdj\u0119cia: Anna D\u0105browska, dr <\/em><em>Renata Sowada<\/em><\/p>\n<p>&nbsp;<\/p>\n","protected":false},"excerpt":{"rendered":"<p>W go\u015bcinnych progach Biblioteki G\u0142\u00f3wnej Politechniki Cz\u0119stochowskiej odby\u0142 si\u0119 Maraton Czytelniczy \u201eNasza Europa\u201d zorganizowany z okazji 20-lecia Polski w\u00a0Unii Europejskiej oraz w XXIII Og\u00f3lnopolskim Tygodniu Czytania Dzieciom pod has\u0142em Porozmawiajmy o ksi\u0105\u017ckach, Tygrysie! Wydarzenie mia\u0142o na celu promowanie czytania, rozwijanie kompetencji czytelniczych, popularyzacj\u0119 literatury i zach\u0119canie do sp\u0119dzania wolnego czasu na lekturze. Patronat honorowy na Maratonem obj\u0119li Pan Krzysztof Matyjaszczyk, Prezydent Miasta Cz\u0119stochowy oraz JM Rektor Politechniki Cz\u0119stochowskiej prof. dr<span class=\"ellipsis\">&hellip;<\/span><\/p>\n<div class=\"read-more\"><a href=\"https:\/\/pbp.womczest.edu.pl\/new\/25159-2\/\">Czytaj wi\u0119cej &#8250;<\/a><\/div>\n<p><!-- end of .read-more --><\/p>\n","protected":false},"author":6,"featured_media":0,"parent":0,"menu_order":0,"comment_status":"closed","ping_status":"closed","template":"","meta":{"footnotes":""},"jetpack_sharing_enabled":true,"jetpack_shortlink":"https:\/\/wp.me\/PgmV4H-6xN","_links":{"self":[{"href":"https:\/\/pbp.womczest.edu.pl\/new\/wp-json\/wp\/v2\/pages\/25159"}],"collection":[{"href":"https:\/\/pbp.womczest.edu.pl\/new\/wp-json\/wp\/v2\/pages"}],"about":[{"href":"https:\/\/pbp.womczest.edu.pl\/new\/wp-json\/wp\/v2\/types\/page"}],"author":[{"embeddable":true,"href":"https:\/\/pbp.womczest.edu.pl\/new\/wp-json\/wp\/v2\/users\/6"}],"replies":[{"embeddable":true,"href":"https:\/\/pbp.womczest.edu.pl\/new\/wp-json\/wp\/v2\/comments?post=25159"}],"version-history":[{"count":3,"href":"https:\/\/pbp.womczest.edu.pl\/new\/wp-json\/wp\/v2\/pages\/25159\/revisions"}],"predecessor-version":[{"id":25163,"href":"https:\/\/pbp.womczest.edu.pl\/new\/wp-json\/wp\/v2\/pages\/25159\/revisions\/25163"}],"wp:attachment":[{"href":"https:\/\/pbp.womczest.edu.pl\/new\/wp-json\/wp\/v2\/media?parent=25159"}],"curies":[{"name":"wp","href":"https:\/\/api.w.org\/{rel}","templated":true}]}}