


{"id":25110,"date":"2024-06-21T10:06:27","date_gmt":"2024-06-21T08:06:27","guid":{"rendered":"https:\/\/pbp.womczest.edu.pl\/new\/?page_id=25110"},"modified":"2024-06-21T10:06:27","modified_gmt":"2024-06-21T08:06:27","slug":"zajecia-edukacyjne-japonia-kraj-z-ktorego-wywodzi-sie-teatrzyk-kamishibai","status":"publish","type":"page","link":"https:\/\/pbp.womczest.edu.pl\/new\/zajecia-edukacyjne-japonia-kraj-z-ktorego-wywodzi-sie-teatrzyk-kamishibai\/","title":{"rendered":"Zaj\u0119cia edukacyjne &#8222;Japonia \u2013 kraj z kt\u00f3rego wywodzi si\u0119 teatrzyk Kamishibai&#8221;"},"content":{"rendered":"<p>W dniu 16. 04. 2024 r. wsp\u00f3lnie z nauczycielem Zespo\u0142u Szkolno-Przedszkolnego w Kosz\u0119cinie zorganizowano dla uczni\u00f3w zaj\u0119cia dotycz\u0105ce wiedzy o teatrzyku Kamishibai. Uczniowie poznali histori\u0119 papierowego teatru oraz z zainteresowaniem wys\u0142uchali bajek: \u201eTrzeba b\u0119dzie\u201d, \u201eM\u00f3j przyjaciel Kemushi\u201d, \u201eGroszki\u201d, \u201eSzukamy Marudka\u201d. Nast\u0119pnie przeprowadzono z uczestnikami dyskusje na temat zalet w\u0119drownego teatru oraz\u00a0\u00a0mora\u0142\u00f3w przekazywanych przez bajki. Na spotkaniu uczniowie obejrzeli kr\u00f3tki film o historii i zwyczajach Japonii, z kt\u00f3rej wywodzi si\u0119 teatrzyk. Zaj\u0119cia zako\u0144czy\u0142a rozmowa, podczas kt\u00f3rej dzieci wykaza\u0142y si\u0119 ogromn\u0105 wiedz\u0105 \u00a0o japo\u0144skich zwyczajach.<\/p>\n<p><img decoding=\"async\" loading=\"lazy\" class=\"aligncenter\" src=\"https:\/\/pbp.womczest.edu.pl\/new\/wp-content\/uploads\/photo-gallery\/2024_04_16_kamishibai_lubliniec\/1.jpg?bwg=1715327835\" alt=\"Uczniowie podczas zaj\u0119\u0107\" width=\"431\" height=\"350\" \/><\/p>\n<p>&nbsp;<\/p>\n<p style=\"text-align: right;\"><em>Tekst i zdj\u0119cia: Olimpia Zieli\u0144ska<\/em><\/p>\n","protected":false},"excerpt":{"rendered":"<p>W dniu 16. 04. 2024 r. wsp\u00f3lnie z nauczycielem Zespo\u0142u Szkolno-Przedszkolnego w Kosz\u0119cinie zorganizowano dla uczni\u00f3w zaj\u0119cia dotycz\u0105ce wiedzy o teatrzyku Kamishibai. Uczniowie poznali histori\u0119 papierowego teatru oraz z zainteresowaniem wys\u0142uchali bajek: \u201eTrzeba b\u0119dzie\u201d, \u201eM\u00f3j przyjaciel Kemushi\u201d, \u201eGroszki\u201d, \u201eSzukamy Marudka\u201d. Nast\u0119pnie przeprowadzono z uczestnikami dyskusje na temat zalet w\u0119drownego teatru oraz\u00a0\u00a0mora\u0142\u00f3w przekazywanych przez bajki. Na spotkaniu uczniowie obejrzeli kr\u00f3tki film o historii i zwyczajach Japonii, z kt\u00f3rej wywodzi si\u0119 teatrzyk.<span class=\"ellipsis\">&hellip;<\/span><\/p>\n<div class=\"read-more\"><a href=\"https:\/\/pbp.womczest.edu.pl\/new\/zajecia-edukacyjne-japonia-kraj-z-ktorego-wywodzi-sie-teatrzyk-kamishibai\/\">Czytaj wi\u0119cej &#8250;<\/a><\/div>\n<p><!-- end of .read-more --><\/p>\n","protected":false},"author":6,"featured_media":0,"parent":0,"menu_order":0,"comment_status":"closed","ping_status":"closed","template":"","meta":{"footnotes":""},"jetpack_sharing_enabled":true,"jetpack_shortlink":"https:\/\/wp.me\/PgmV4H-6x0","_links":{"self":[{"href":"https:\/\/pbp.womczest.edu.pl\/new\/wp-json\/wp\/v2\/pages\/25110"}],"collection":[{"href":"https:\/\/pbp.womczest.edu.pl\/new\/wp-json\/wp\/v2\/pages"}],"about":[{"href":"https:\/\/pbp.womczest.edu.pl\/new\/wp-json\/wp\/v2\/types\/page"}],"author":[{"embeddable":true,"href":"https:\/\/pbp.womczest.edu.pl\/new\/wp-json\/wp\/v2\/users\/6"}],"replies":[{"embeddable":true,"href":"https:\/\/pbp.womczest.edu.pl\/new\/wp-json\/wp\/v2\/comments?post=25110"}],"version-history":[{"count":1,"href":"https:\/\/pbp.womczest.edu.pl\/new\/wp-json\/wp\/v2\/pages\/25110\/revisions"}],"predecessor-version":[{"id":25111,"href":"https:\/\/pbp.womczest.edu.pl\/new\/wp-json\/wp\/v2\/pages\/25110\/revisions\/25111"}],"wp:attachment":[{"href":"https:\/\/pbp.womczest.edu.pl\/new\/wp-json\/wp\/v2\/media?parent=25110"}],"curies":[{"name":"wp","href":"https:\/\/api.w.org\/{rel}","templated":true}]}}