


{"id":24630,"date":"2024-03-27T13:23:57","date_gmt":"2024-03-27T12:23:57","guid":{"rendered":"https:\/\/pbp.womczest.edu.pl\/new\/?page_id=24630"},"modified":"2024-03-27T13:24:13","modified_gmt":"2024-03-27T12:24:13","slug":"prawa-dziecka-publikacje-dla-dzieci","status":"publish","type":"page","link":"https:\/\/pbp.womczest.edu.pl\/new\/prawa-dziecka-publikacje-dla-dzieci\/","title":{"rendered":"Prawa dziecka &#8211; Publikacje dla dzieci"},"content":{"rendered":"<p>&nbsp;<\/p>\n<ol>\n<li>12 wa\u017cnych praw : polscy autorzy o prawach dzieci \/ il. Eluta Kidacka ; [red. Justyna Sell, Eleonora Mierzy\u0144ska-Iwanowska, Anna Belter]. &#8211; Pozna\u0144 : Publicat, cop. 2017.<\/li>\n<li>Mali bohaterowie : dzieci, kt\u00f3re zmieni\u0142y \u015bwiat \/ Artur Maciak ; il. Katarzyna Sadowska. &#8211; Pozna\u0144 : Books, 2018.<\/li>\n<li>Mam prawo i nie zawaham si\u0119 go u\u017cy\u0107! \/ Joanna Olech, Edgar B\u0105k. &#8211; Warszawa : Wydaw. Wytw\u00f3rnia, 2014.<\/li>\n<li>Moje prawa [czyli Konwencja o Prawach Dziecka dla dzieci] \/ aut. El\u017cbieta Czy\u017c, Robert Maciej \u015anieci\u0144ski, Nina Tekla \u015anieci\u0144ska. &#8211; Warszawa : Komitet Ochrony Praw Dziecka, 1994.<\/li>\n<li>Opowie\u015bci o prawach dziecka \/ Marek Michalak ; il. Katarzyna Sadowska. &#8211; Konin : Ibis, 2023.<\/li>\n<li>Podnoszenie poziomu wiedzy w\u015br\u00f3d dzieci i m\u0142odzie\u017cy na temat OPSC : protok\u00f3\u0142 fakultatywny do konwencji o prawach dziecka w sprawie handlu dzie\u0107mi, dzieci\u0119cej prostytucji i dzieci\u0119cej pornografii (OPSC). &#8211; Warszawa : Biuro RPD, 2014.<\/li>\n<li>Powiedz komu\u015b! \/ El\u017cbieta Zubrzycka ; il. Agnieszka \u017belewska. &#8211; Wyd. 3. &#8211; Sopot : Gda\u0144skie Wydaw. Psychologiczne, cop. 2004.<\/li>\n<li>Wielcy przyjaciele dzieci \/ Marek Michalak ; il. Ewa Olejnik. &#8211; Warszawa : :Dwukropek, cop. 2023.<\/li>\n<\/ol>\n","protected":false},"excerpt":{"rendered":"<p>&nbsp; 12 wa\u017cnych praw : polscy autorzy o prawach dzieci \/ il. Eluta Kidacka ; [red. Justyna Sell, Eleonora Mierzy\u0144ska-Iwanowska, Anna Belter]. &#8211; Pozna\u0144 : Publicat, cop. 2017. Mali bohaterowie : dzieci, kt\u00f3re zmieni\u0142y \u015bwiat \/ Artur Maciak ; il. Katarzyna Sadowska. &#8211; Pozna\u0144 : Books, 2018. Mam prawo i nie zawaham si\u0119 go u\u017cy\u0107! \/ Joanna Olech, Edgar B\u0105k. &#8211; Warszawa : Wydaw. Wytw\u00f3rnia, 2014. Moje prawa [czyli Konwencja<span class=\"ellipsis\">&hellip;<\/span><\/p>\n<div class=\"read-more\"><a href=\"https:\/\/pbp.womczest.edu.pl\/new\/prawa-dziecka-publikacje-dla-dzieci\/\">Czytaj wi\u0119cej &#8250;<\/a><\/div>\n<p><!-- end of .read-more --><\/p>\n","protected":false},"author":6,"featured_media":0,"parent":0,"menu_order":0,"comment_status":"closed","ping_status":"closed","template":"","meta":{"footnotes":""},"jetpack_sharing_enabled":true,"jetpack_shortlink":"https:\/\/wp.me\/PgmV4H-6pg","_links":{"self":[{"href":"https:\/\/pbp.womczest.edu.pl\/new\/wp-json\/wp\/v2\/pages\/24630"}],"collection":[{"href":"https:\/\/pbp.womczest.edu.pl\/new\/wp-json\/wp\/v2\/pages"}],"about":[{"href":"https:\/\/pbp.womczest.edu.pl\/new\/wp-json\/wp\/v2\/types\/page"}],"author":[{"embeddable":true,"href":"https:\/\/pbp.womczest.edu.pl\/new\/wp-json\/wp\/v2\/users\/6"}],"replies":[{"embeddable":true,"href":"https:\/\/pbp.womczest.edu.pl\/new\/wp-json\/wp\/v2\/comments?post=24630"}],"version-history":[{"count":2,"href":"https:\/\/pbp.womczest.edu.pl\/new\/wp-json\/wp\/v2\/pages\/24630\/revisions"}],"predecessor-version":[{"id":24632,"href":"https:\/\/pbp.womczest.edu.pl\/new\/wp-json\/wp\/v2\/pages\/24630\/revisions\/24632"}],"wp:attachment":[{"href":"https:\/\/pbp.womczest.edu.pl\/new\/wp-json\/wp\/v2\/media?parent=24630"}],"curies":[{"name":"wp","href":"https:\/\/api.w.org\/{rel}","templated":true}]}}

<p>&nbsp;</p>
<ol>
<li>12 ważnych praw : polscy autorzy o prawach dzieci / il. Eluta Kidacka ; [red. Justyna Sell, Eleonora Mierzyńska-Iwanowska, Anna Belter]. &#8211; Poznań : Publicat, cop. 2017.</li>
<li>Mali bohaterowie : dzieci, które zmieniły świat / Artur Maciak ; il. Katarzyna Sadowska. &#8211; Poznań : Books, 2018.</li>
<li>Mam prawo i nie zawaham się go użyć! / Joanna Olech, Edgar Bąk. &#8211; Warszawa : Wydaw. Wytwórnia, 2014.</li>
<li>Moje prawa [czyli Konwencja o Prawach Dziecka dla dzieci] / aut. Elżbieta Czyż, Robert Maciej Śnieciński, Nina Tekla Śniecińska. &#8211; Warszawa : Komitet Ochrony Praw Dziecka, 1994.</li>
<li>Opowieści o prawach dziecka / Marek Michalak ; il. Katarzyna Sadowska. &#8211; Konin : Ibis, 2023.</li>
<li>Podnoszenie poziomu wiedzy wśród dzieci i młodzieży na temat OPSC : protokół fakultatywny do konwencji o prawach dziecka w sprawie handlu dziećmi, dziecięcej prostytucji i dziecięcej pornografii (OPSC). &#8211; Warszawa : Biuro RPD, 2014.</li>
<li>Powiedz komuś! / Elżbieta Zubrzycka ; il. Agnieszka Żelewska. &#8211; Wyd. 3. &#8211; Sopot : Gdańskie Wydaw. Psychologiczne, cop. 2004.</li>
<li>Wielcy przyjaciele dzieci / Marek Michalak ; il. Ewa Olejnik. &#8211; Warszawa : :Dwukropek, cop. 2023.</li>
</ol>

<p>&nbsp; 12 ważnych praw : polscy autorzy o prawach dzieci / il. Eluta Kidacka ; [red. Justyna Sell, Eleonora Mierzyńska-Iwanowska, Anna Belter]. &#8211; Poznań : Publicat, cop. 2017. Mali bohaterowie : dzieci, które zmieniły świat / Artur Maciak ; il. Katarzyna Sadowska. &#8211; Poznań : Books, 2018. Mam prawo i nie zawaham się go użyć! / Joanna Olech, Edgar Bąk. &#8211; Warszawa : Wydaw. Wytwórnia, 2014. Moje prawa [czyli Konwencja<span class="ellipsis">&hellip;</span></p>
<div class="read-more"><a href="https://pbp.womczest.edu.pl/new/prawa-dziecka-publikacje-dla-dzieci/">Czytaj więcej &#8250;</a></div>
<p><!-- end of .read-more --></p>
