


{"id":24626,"date":"2024-03-27T13:22:29","date_gmt":"2024-03-27T12:22:29","guid":{"rendered":"https:\/\/pbp.womczest.edu.pl\/new\/?page_id=24626"},"modified":"2024-03-27T13:24:48","modified_gmt":"2024-03-27T12:24:48","slug":"prawa-dziecka-ksiazki","status":"publish","type":"page","link":"https:\/\/pbp.womczest.edu.pl\/new\/prawa-dziecka-ksiazki\/","title":{"rendered":"Prawa dziecka &#8211; Ksi\u0105\u017cki"},"content":{"rendered":"<p>&nbsp;<\/p>\n<ol>\n<li>Dobro dziecka w dyskursie pa\u0144stwo &#8211; rodzina, inaczej o przemocy domowej \/ Kamila Kami\u0144ska. &#8211; Wyd. 2. &#8211; Krak\u00f3w : Impuls, 2010.<\/li>\n<li>Dziecko i jego prawa : praca zbiorowa \/ red. El\u017cbieta Czy\u017c. &#8211; Warszawa : Komitet Ochrony Praw Dziecka, 1992.<\/li>\n<li>Dziecko jako podmiot wolno\u015bci sumienia i wyznania \/ Izabela Lach ; [Biuro Rzecznika Praw Dziecka]. &#8211; Stan prawny: maj 2014. &#8211; Warszawa : RPD, 2016.<\/li>\n<li>Edukacja na rzecz praw dziecka w szkole wy\u017cszej : zarys dydaktyki szczeg\u00f3\u0142owej \/ Ma\u0142gorzata Kozak. &#8211; Wyd. 2. &#8211; Krak\u00f3w : Impuls, 2014.<\/li>\n<li>Humani\u015bci o prawach dziecka \/ red. Jadwiga Bi\u0144czycka. &#8211; Krak\u00f3w : Impuls, 2000.<\/li>\n<li>Informacja o dzia\u0142alno\u015bci Rzecznika Praw Dziecka za rok 2011-2016 oraz Uwagi o stanie przestrzegania praw dziecka \/ [oprac. Biuro Rzecznika Praw Dziecka]. &#8211; Warszawa : Biuro RPD, 2013-2018.<\/li>\n<li>Nie bij\u0119&#8221;? &#8211; przemoc wobec dzieci w dyskursie publicznym \/ Anna Siejak ; [oprac. Biuro Rzecznika Praw Dziecka]. &#8211; Stan prawny: wrzesie\u0144 2013. &#8211; Warszawa : RPD, 2016.<\/li>\n<li>Kodeks bezpiecznej opieki w rodzicielstwie zast\u0119pczym \/ [Joanna Luberadzka-Gruca, Edyta Wojtasi\u0144ska, Jolanta Zmarzlik]. &#8211; Warszawa : Biuro RPD, [2014].<\/li>\n<li>Konwencja o Prawach Dziecka \/ red. nacz. Mieczys\u0142aw Lejman ; Komitet Ochrony Praw Dziecka w Cz\u0119stochowie. &#8211; Cz\u0119stochowa : Komitet Ochrony Praw Dziecka, 1996.<\/li>\n<li>Konwencja o prawach dziecka : wyb\u00f3r zagadnie\u0144 (artyku\u0142y i komentarze) \/ red. nauk. S. L. Stadnicze\u0144ko. &#8211; Warszawa : Biuro RPD, 2015.<\/li>\n<li>Konwencja o Prawach Dziecka ONZ : nieoficjalny skr\u00f3t g\u0142\u00f3wnych postanowie\u0144 \/ oprac. El\u017cbieta Skrzypczak ; Komitet Ochrony Praw Dziecka. &#8211; \u0141\u00f3d\u017a : Fundacja na Rzecz Ochrony Dzieci przed Okrucie\u0144stwem, 1992.<\/li>\n<li>Konwencja Praw Dziecka \/ red. nauk. Marian Balcerek. &#8211; Warszawa : Wydaw. Naukowe Instytutu Bada\u0144 Problem\u00f3w M\u0142odzie\u017cy, 1990.<\/li>\n<li>Konwencja Praw Dziecka \/ Organizacja Narod\u00f3w Zjednoczonych. &#8211; Krak\u00f3w : Impuls, 1993.<\/li>\n<li>Mi\u0119dzynarodowa ochrona praw dziecka \/ [red. J\u00f3zef Marek \u015anieci\u0144ski]. &#8211; Warszawa : \u017bak, 1996.<\/li>\n<li>Mi\u0119dzynarodowe standardy przeciwdzia\u0142ania krzywdzeniu dzieci \/ Ewa Jarosz. &#8211; Warszawa : \u017bak, 2008.<\/li>\n<li>O prawach dziecka : zawiera tekst Konwencji Praw Dziecka wraz z zastrze\u017ceniami RP \/ Bo\u017cena Gronowska, Tadeusz Jasudowicz, Cezary Mik. &#8211; Toru\u0144 : Comer, 1994.<\/li>\n<li>Ochrona dzieci przed uczestnictwem w dzia\u0142aniach zbrojnych we wsp\u00f3\u0142czesnym prawie mi\u0119dzynarodowym \/ Marta Prucnal. &#8211; Warszawa : RPD, 2013.<\/li>\n<li>Ochrona praw dziecka : w kontek\u015bcie dzia\u0142alno\u015bci UNICEF \/ Ewa Kantowicz. &#8211; Warszawa : \u017bak, [1996].<\/li>\n<li>Ochrona praw dziecka w rodzinie dysfunkcyjnej : (dziecko, rodzina, pa\u0144stwo) \/ Marek Andrzejewski. &#8211; Krak\u00f3w : ZAKAMYCZE, 2003.<\/li>\n<li>Ochrona praw dziecka w sytuacjach nadzwyczajnych \/ Ma\u0142gorzata Andrzejczak-\u015awi\u0105tek. &#8211; Stan prawny: wrzesie\u0144 2013. &#8211; Warszawa : Biuro RPD, 2016.<\/li>\n<li>Ochrona rozwoju dziecka przed zagro\u017ceniami w aspekcie prawa mi\u0119dzynarodowego, europejskiego i krajowego \/ Marzena Czaja. &#8211; Stan prawny: wrzesie\u0144 2013. &#8211; Warszawa : RPD, 2016.<\/li>\n<li>Prawa cz\u0142owieka i ochrona praw dziecka w toku edukacji \/ dok. zebr. Ma\u0142gorzata Tworkiewicz ; Wojew\u00f3dzki O\u015brodek Metodyczny w \u0141odzi. &#8211; \u0141\u00f3d\u017a : WOM, 1993.<\/li>\n<li>Prawa dzieci w edukacji \/ Stuart Hart [i in.] ; przek\u0142. Sylwia Pikiel ; [wst\u0119p do wyd. pol. Tadeusz Lewowicki]. &#8211; Gda\u0144sk : Gda\u0144skie Wydaw. Psychologiczne, 2006.<\/li>\n<li>Prawa dziecka : deklaracje i rzeczywisto\u015b\u0107 \/ red. Jadwiga Bi\u0144czycka. &#8211; Krak\u00f3w : Impuls, 1999.<\/li>\n<li>Prawa dziecka : deklaracje i rzeczywisto\u015b\u0107 : materia\u0142y z konferencji, Rembert\u00f3w 19-21 czerwca 1992 r. \/ red. nauk. Jadwiga Bi\u0144czycka ; Wy\u017csza Szko\u0142a Pedagogiki Specjalnej im. Marii Grzegorzewskiej w Warszawie. &#8211; Krak\u00f3w : Impuls, 1993.<\/li>\n<li>Prawa dziecka : dokumenty Organizacji Narod\u00f3w Zjednoczonych \/ zbi\u00f3r i oprac. Pawe\u0142 J. Jaros, Marek Michalak. &#8211; Wyd. 2. &#8211; Warszawa : Biuro RPD, 2016.<\/li>\n<li>Prawa dziecka : dokumenty Rady Europy \/ zbi\u00f3r i oprac. Pawe\u0142 J. Jaros. &#8211; Warszawa : Biuro RPD, cop. 2013.<\/li>\n<li>Prawa dziecka wczoraj, dzi\u015b i jutro : perspektywa korczakowska. T. 1-3 \/ pod red. Marka Michalaka ; [t\u0142. Aleksandra Gellert]. &#8211; Warszawa : RPD, 2018.<\/li>\n<li>Prawa dziecka we wsp\u00f3\u0142czesnej praktyce \u017cycia spo\u0142ecznego \/ Teresa Ewa Olearczyk. &#8211; Cz\u0119stochowa : EDUCATOR, 2001.<\/li>\n<li>Prawo dziecka do edukacji : za\u0142o\u017cenia pedagogiczno-prawne i bariery realizacyjne \/ Ma\u0142gorzata Kozak. &#8211; Warszawa : Biuro RPD, 2013.<\/li>\n<li>Respektowanie prawa do autoekspresji a rytua\u0142y oporu gimnazjalist\u00f3w \/ Anna Babicka-Wirkus. &#8211; Warszawa : Biuro RPD, 2018.<\/li>\n<li>Rodzina i piecza zast\u0119pcza nad dzieckiem w perspektywie zasady pomocniczo\u015bci : analiza dyskursu retoryki politycznej \/ Agnieszka Regulska. &#8211; Warszawa : Wydaw. Nauk. UKSW, 2018.<\/li>\n<li>Rok Janusza Korczaka 2012 : nie ma dzieci &#8211; s\u0105 ludzie \/ red. Barbara Smoli\u0144ska-Theiss ; t\u0142. Aleksandra Gellert. &#8211; Warszawa : Biuro RPD, 2013.<\/li>\n<li>Rzeczywisto\u015b\u0107 praw dziecka w rodzinie \/ Anna Kwak, Andrzej Mo\u015bciskier. &#8211; Warszawa : \u017bak, 2002.<\/li>\n<li>Standardy ochrony praw dziecka \/ red. Marek Michalak. &#8211; Warszawa : Biuro RPD, cop. 2018.<\/li>\n<li>Wok\u00f3\u0142 problemu praw i potrzeb dziecka w przedszkolu \/ pod red. Ewy Kochanowskiej i Marii Kr\u00f3licy. &#8211; Bielsko-Bia\u0142a : Kolegium Nauczycielskie, 2009.<\/li>\n<li>Wsp\u00f3\u0142czesne kierunki w opiece nad dzieckiem : wyb\u00f3r tekst\u00f3w \/ red. nauk. Zofia Waleria Stelmaszuk. &#8211; Warszawa : \u017bak, 1999.<\/li>\n<li>Wykonywanie w\u0142adzy rodzicielskiej i kontakt\u00f3w w warunkach istnienia elementu zagranicznego \/ Kornelia Hendrych ; [Biuro Rzecznika Praw Dziecka]. &#8211; Warszawa : RPD, 2016.<\/li>\n<li>Wyst\u0105pienia generalne Rzecznika Praw Dziecka. T. 8-13, 2010-2015 \/ [oprac. Biuro Rzecznika Praw Dziecka]. &#8211; Warszawa : Biuro RPD, 2016.<\/li>\n<li>Zamiast edukacji przymusowej : apel o przestrzeganie praw dziecka w edukacji \/ Peter Hartkamp ; prze\u0142o\u017cy\u0142a Martyna Mentel. &#8211; Gliwice : Wydaw. Element, 2017.<\/li>\n<li>Zarys pedagogiki prawa : wybrane zagadnienia prawne dla pedagog\u00f3w \/ Stanis\u0142aw Leszek Stadnicze\u0144ko ; Uniwersytet Opolski. &#8211; Wyd. 2 poszerz. &#8211; Opole : Wydaw. Uniwersytetu Opolskiego, 1997.<\/li>\n<\/ol>\n","protected":false},"excerpt":{"rendered":"<p>&nbsp; Dobro dziecka w dyskursie pa\u0144stwo &#8211; rodzina, inaczej o przemocy domowej \/ Kamila Kami\u0144ska. &#8211; Wyd. 2. &#8211; Krak\u00f3w : Impuls, 2010. Dziecko i jego prawa : praca zbiorowa \/ red. El\u017cbieta Czy\u017c. &#8211; Warszawa : Komitet Ochrony Praw Dziecka, 1992. Dziecko jako podmiot wolno\u015bci sumienia i wyznania \/ Izabela Lach ; [Biuro Rzecznika Praw Dziecka]. &#8211; Stan prawny: maj 2014. &#8211; Warszawa : RPD, 2016. Edukacja na rzecz<span class=\"ellipsis\">&hellip;<\/span><\/p>\n<div class=\"read-more\"><a href=\"https:\/\/pbp.womczest.edu.pl\/new\/prawa-dziecka-ksiazki\/\">Czytaj wi\u0119cej &#8250;<\/a><\/div>\n<p><!-- end of .read-more --><\/p>\n","protected":false},"author":6,"featured_media":0,"parent":0,"menu_order":0,"comment_status":"closed","ping_status":"closed","template":"","meta":{"footnotes":""},"jetpack_sharing_enabled":true,"jetpack_shortlink":"https:\/\/wp.me\/PgmV4H-6pc","_links":{"self":[{"href":"https:\/\/pbp.womczest.edu.pl\/new\/wp-json\/wp\/v2\/pages\/24626"}],"collection":[{"href":"https:\/\/pbp.womczest.edu.pl\/new\/wp-json\/wp\/v2\/pages"}],"about":[{"href":"https:\/\/pbp.womczest.edu.pl\/new\/wp-json\/wp\/v2\/types\/page"}],"author":[{"embeddable":true,"href":"https:\/\/pbp.womczest.edu.pl\/new\/wp-json\/wp\/v2\/users\/6"}],"replies":[{"embeddable":true,"href":"https:\/\/pbp.womczest.edu.pl\/new\/wp-json\/wp\/v2\/comments?post=24626"}],"version-history":[{"count":3,"href":"https:\/\/pbp.womczest.edu.pl\/new\/wp-json\/wp\/v2\/pages\/24626\/revisions"}],"predecessor-version":[{"id":24633,"href":"https:\/\/pbp.womczest.edu.pl\/new\/wp-json\/wp\/v2\/pages\/24626\/revisions\/24633"}],"wp:attachment":[{"href":"https:\/\/pbp.womczest.edu.pl\/new\/wp-json\/wp\/v2\/media?parent=24626"}],"curies":[{"name":"wp","href":"https:\/\/api.w.org\/{rel}","templated":true}]}}

Prawa dziecka &#8211; Książki

<p>&nbsp;</p>
<ol>
<li>Dobro dziecka w dyskursie państwo &#8211; rodzina, inaczej o przemocy domowej / Kamila Kamińska. &#8211; Wyd. 2. &#8211; Kraków : Impuls, 2010.</li>
<li>Dziecko i jego prawa : praca zbiorowa / red. Elżbieta Czyż. &#8211; Warszawa : Komitet Ochrony Praw Dziecka, 1992.</li>
<li>Dziecko jako podmiot wolności sumienia i wyznania / Izabela Lach ; [Biuro Rzecznika Praw Dziecka]. &#8211; Stan prawny: maj 2014. &#8211; Warszawa : RPD, 2016.</li>
<li>Edukacja na rzecz praw dziecka w szkole wyższej : zarys dydaktyki szczegółowej / Małgorzata Kozak. &#8211; Wyd. 2. &#8211; Kraków : Impuls, 2014.</li>
<li>Humaniści o prawach dziecka / red. Jadwiga Bińczycka. &#8211; Kraków : Impuls, 2000.</li>
<li>Informacja o działalności Rzecznika Praw Dziecka za rok 2011-2016 oraz Uwagi o stanie przestrzegania praw dziecka / [oprac. Biuro Rzecznika Praw Dziecka]. &#8211; Warszawa : Biuro RPD, 2013-2018.</li>
<li>Nie biję&#8221;? &#8211; przemoc wobec dzieci w dyskursie publicznym / Anna Siejak ; [oprac. Biuro Rzecznika Praw Dziecka]. &#8211; Stan prawny: wrzesień 2013. &#8211; Warszawa : RPD, 2016.</li>
<li>Kodeks bezpiecznej opieki w rodzicielstwie zastępczym / [Joanna Luberadzka-Gruca, Edyta Wojtasińska, Jolanta Zmarzlik]. &#8211; Warszawa : Biuro RPD, [2014].</li>
<li>Konwencja o Prawach Dziecka / red. nacz. Mieczysław Lejman ; Komitet Ochrony Praw Dziecka w Częstochowie. &#8211; Częstochowa : Komitet Ochrony Praw Dziecka, 1996.</li>
<li>Konwencja o prawach dziecka : wybór zagadnień (artykuły i komentarze) / red. nauk. S. L. Stadniczeńko. &#8211; Warszawa : Biuro RPD, 2015.</li>
<li>Konwencja o Prawach Dziecka ONZ : nieoficjalny skrót głównych postanowień / oprac. Elżbieta Skrzypczak ; Komitet Ochrony Praw Dziecka. &#8211; Łódź : Fundacja na Rzecz Ochrony Dzieci przed Okrucieństwem, 1992.</li>
<li>Konwencja Praw Dziecka / red. nauk. Marian Balcerek. &#8211; Warszawa : Wydaw. Naukowe Instytutu Badań Problemów Młodzieży, 1990.</li>
<li>Konwencja Praw Dziecka / Organizacja Narodów Zjednoczonych. &#8211; Kraków : Impuls, 1993.</li>
<li>Międzynarodowa ochrona praw dziecka / [red. Józef Marek Śnieciński]. &#8211; Warszawa : Żak, 1996.</li>
<li>Międzynarodowe standardy przeciwdziałania krzywdzeniu dzieci / Ewa Jarosz. &#8211; Warszawa : Żak, 2008.</li>
<li>O prawach dziecka : zawiera tekst Konwencji Praw Dziecka wraz z zastrzeżeniami RP / Bożena Gronowska, Tadeusz Jasudowicz, Cezary Mik. &#8211; Toruń : Comer, 1994.</li>
<li>Ochrona dzieci przed uczestnictwem w działaniach zbrojnych we współczesnym prawie międzynarodowym / Marta Prucnal. &#8211; Warszawa : RPD, 2013.</li>
<li>Ochrona praw dziecka : w kontekście działalności UNICEF / Ewa Kantowicz. &#8211; Warszawa : Żak, [1996].</li>
<li>Ochrona praw dziecka w rodzinie dysfunkcyjnej : (dziecko, rodzina, państwo) / Marek Andrzejewski. &#8211; Kraków : ZAKAMYCZE, 2003.</li>
<li>Ochrona praw dziecka w sytuacjach nadzwyczajnych / Małgorzata Andrzejczak-Świątek. &#8211; Stan prawny: wrzesień 2013. &#8211; Warszawa : Biuro RPD, 2016.</li>
<li>Ochrona rozwoju dziecka przed zagrożeniami w aspekcie prawa międzynarodowego, europejskiego i krajowego / Marzena Czaja. &#8211; Stan prawny: wrzesień 2013. &#8211; Warszawa : RPD, 2016.</li>
<li>Prawa człowieka i ochrona praw dziecka w toku edukacji / dok. zebr. Małgorzata Tworkiewicz ; Wojewódzki Ośrodek Metodyczny w Łodzi. &#8211; Łódź : WOM, 1993.</li>
<li>Prawa dzieci w edukacji / Stuart Hart [i in.] ; przekł. Sylwia Pikiel ; [wstęp do wyd. pol. Tadeusz Lewowicki]. &#8211; Gdańsk : Gdańskie Wydaw. Psychologiczne, 2006.</li>
<li>Prawa dziecka : deklaracje i rzeczywistość / red. Jadwiga Bińczycka. &#8211; Kraków : Impuls, 1999.</li>
<li>Prawa dziecka : deklaracje i rzeczywistość : materiały z konferencji, Rembertów 19-21 czerwca 1992 r. / red. nauk. Jadwiga Bińczycka ; Wyższa Szkoła Pedagogiki Specjalnej im. Marii Grzegorzewskiej w Warszawie. &#8211; Kraków : Impuls, 1993.</li>
<li>Prawa dziecka : dokumenty Organizacji Narodów Zjednoczonych / zbiór i oprac. Paweł J. Jaros, Marek Michalak. &#8211; Wyd. 2. &#8211; Warszawa : Biuro RPD, 2016.</li>
<li>Prawa dziecka : dokumenty Rady Europy / zbiór i oprac. Paweł J. Jaros. &#8211; Warszawa : Biuro RPD, cop. 2013.</li>
<li>Prawa dziecka wczoraj, dziś i jutro : perspektywa korczakowska. T. 1-3 / pod red. Marka Michalaka ; [tł. Aleksandra Gellert]. &#8211; Warszawa : RPD, 2018.</li>
<li>Prawa dziecka we współczesnej praktyce życia społecznego / Teresa Ewa Olearczyk. &#8211; Częstochowa : EDUCATOR, 2001.</li>
<li>Prawo dziecka do edukacji : założenia pedagogiczno-prawne i bariery realizacyjne / Małgorzata Kozak. &#8211; Warszawa : Biuro RPD, 2013.</li>
<li>Respektowanie prawa do autoekspresji a rytuały oporu gimnazjalistów / Anna Babicka-Wirkus. &#8211; Warszawa : Biuro RPD, 2018.</li>
<li>Rodzina i piecza zastępcza nad dzieckiem w perspektywie zasady pomocniczości : analiza dyskursu retoryki politycznej / Agnieszka Regulska. &#8211; Warszawa : Wydaw. Nauk. UKSW, 2018.</li>
<li>Rok Janusza Korczaka 2012 : nie ma dzieci &#8211; są ludzie / red. Barbara Smolińska-Theiss ; tł. Aleksandra Gellert. &#8211; Warszawa : Biuro RPD, 2013.</li>
<li>Rzeczywistość praw dziecka w rodzinie / Anna Kwak, Andrzej Mościskier. &#8211; Warszawa : Żak, 2002.</li>
<li>Standardy ochrony praw dziecka / red. Marek Michalak. &#8211; Warszawa : Biuro RPD, cop. 2018.</li>
<li>Wokół problemu praw i potrzeb dziecka w przedszkolu / pod red. Ewy Kochanowskiej i Marii Królicy. &#8211; Bielsko-Biała : Kolegium Nauczycielskie, 2009.</li>
<li>Współczesne kierunki w opiece nad dzieckiem : wybór tekstów / red. nauk. Zofia Waleria Stelmaszuk. &#8211; Warszawa : Żak, 1999.</li>
<li>Wykonywanie władzy rodzicielskiej i kontaktów w warunkach istnienia elementu zagranicznego / Kornelia Hendrych ; [Biuro Rzecznika Praw Dziecka]. &#8211; Warszawa : RPD, 2016.</li>
<li>Wystąpienia generalne Rzecznika Praw Dziecka. T. 8-13, 2010-2015 / [oprac. Biuro Rzecznika Praw Dziecka]. &#8211; Warszawa : Biuro RPD, 2016.</li>
<li>Zamiast edukacji przymusowej : apel o przestrzeganie praw dziecka w edukacji / Peter Hartkamp ; przełożyła Martyna Mentel. &#8211; Gliwice : Wydaw. Element, 2017.</li>
<li>Zarys pedagogiki prawa : wybrane zagadnienia prawne dla pedagogów / Stanisław Leszek Stadniczeńko ; Uniwersytet Opolski. &#8211; Wyd. 2 poszerz. &#8211; Opole : Wydaw. Uniwersytetu Opolskiego, 1997.</li>
</ol>

<p>&nbsp; Dobro dziecka w dyskursie państwo &#8211; rodzina, inaczej o przemocy domowej / Kamila Kamińska. &#8211; Wyd. 2. &#8211; Kraków : Impuls, 2010. Dziecko i jego prawa : praca zbiorowa / red. Elżbieta Czyż. &#8211; Warszawa : Komitet Ochrony Praw Dziecka, 1992. Dziecko jako podmiot wolności sumienia i wyznania / Izabela Lach ; [Biuro Rzecznika Praw Dziecka]. &#8211; Stan prawny: maj 2014. &#8211; Warszawa : RPD, 2016. Edukacja na rzecz<span class="ellipsis">&hellip;</span></p>
<div class="read-more"><a href="https://pbp.womczest.edu.pl/new/prawa-dziecka-ksiazki/">Czytaj więcej &#8250;</a></div>
<p><!-- end of .read-more --></p>
