


{"id":24495,"date":"2024-03-06T13:13:08","date_gmt":"2024-03-06T12:13:08","guid":{"rendered":"https:\/\/pbp.womczest.edu.pl\/new\/?page_id=24495"},"modified":"2024-03-07T08:16:27","modified_gmt":"2024-03-07T07:16:27","slug":"vi-miedzyszkolny-konkurs-recytatorski-czarowanie-slowem","status":"publish","type":"page","link":"https:\/\/pbp.womczest.edu.pl\/new\/vi-miedzyszkolny-konkurs-recytatorski-czarowanie-slowem\/","title":{"rendered":"VI Mi\u0119dzyszkolny Konkurs Recytatorski \u201eCzarowanie s\u0142owem\u201d"},"content":{"rendered":"<p><strong><em><a href=\"https:\/\/pbp.womczest.edu.pl\/new\/wp-content\/uploads\/2023\/12\/logo_czarowanie_slowem_gotowe.jpg\"><img decoding=\"async\" loading=\"lazy\" class=\"aligncenter wp-image-24245\" src=\"https:\/\/pbp.womczest.edu.pl\/new\/wp-content\/uploads\/2023\/12\/logo_czarowanie_slowem_gotowe.jpg\" alt=\"\" width=\"205\" height=\"193\" srcset=\"https:\/\/pbp.womczest.edu.pl\/new\/wp-content\/uploads\/2023\/12\/logo_czarowanie_slowem_gotowe.jpg 1064w, https:\/\/pbp.womczest.edu.pl\/new\/wp-content\/uploads\/2023\/12\/logo_czarowanie_slowem_gotowe-300x283.jpg 300w, https:\/\/pbp.womczest.edu.pl\/new\/wp-content\/uploads\/2023\/12\/logo_czarowanie_slowem_gotowe-1000x942.jpg 1000w, https:\/\/pbp.womczest.edu.pl\/new\/wp-content\/uploads\/2023\/12\/logo_czarowanie_slowem_gotowe-768x723.jpg 768w, https:\/\/pbp.womczest.edu.pl\/new\/wp-content\/uploads\/2023\/12\/logo_czarowanie_slowem_gotowe-100x94.jpg 100w, https:\/\/pbp.womczest.edu.pl\/new\/wp-content\/uploads\/2023\/12\/logo_czarowanie_slowem_gotowe-150x141.jpg 150w, https:\/\/pbp.womczest.edu.pl\/new\/wp-content\/uploads\/2023\/12\/logo_czarowanie_slowem_gotowe-200x188.jpg 200w, https:\/\/pbp.womczest.edu.pl\/new\/wp-content\/uploads\/2023\/12\/logo_czarowanie_slowem_gotowe-450x424.jpg 450w, https:\/\/pbp.womczest.edu.pl\/new\/wp-content\/uploads\/2023\/12\/logo_czarowanie_slowem_gotowe-600x565.jpg 600w, https:\/\/pbp.womczest.edu.pl\/new\/wp-content\/uploads\/2023\/12\/logo_czarowanie_slowem_gotowe-900x848.jpg 900w\" sizes=\"(max-width: 205px) 100vw, 205px\" \/><\/a>Jak zaczarowa\u0107 poezj\u0119? Najlepiej pi\u0119knie j\u0105\u00a0recytuj\u0105c, tak\u00a0jak uczestnicy VI Mi\u0119dzyszkolnego Konkursu\u00a0 Recytatorskiego \u201eCzarowanie s\u0142owem\u201d.<\/em><\/strong><\/p>\n<p><strong>\u00a0<\/strong>29 lutego 2024\u00a0r. w\u00a0Auli\u00a0<em>Forum<\/em>\u00a0Regionalnego O\u015brodka Doskonalenia Nauczycieli \u201eWOM\u201d w\u00a0Cz\u0119stochowie odby\u0142 si\u0119 VI Mi\u0119dzyszkolny Konkurs Recytatorski \u201eCzarowanie s\u0142owem\u201d. Organizatorem konkursu by\u0142 Specjalny O\u015brodek Szkolno-Wychowawczy nr\u00a01 w\u00a0Cz\u0119stochowie w\u00a0partnerstwie z\u00a0Publiczn\u0105 Bibliotek\u0105 Pedagogiczn\u0105 RODN \u201eWOM\u201d w\u00a0Cz\u0119stochowie. Konkurs skierowany by\u0142 do\u00a0uczni\u00f3w z\u00a0niepe\u0142nosprawno\u015bci\u0105 intelektualn\u0105 szk\u00f3\u0142 podstawowych, szk\u00f3\u0142 przysposabiaj\u0105cych do\u00a0pracy oraz\u00a0szk\u00f3\u0142 bran\u017cowych. Celem konkursu by\u0142o szerzenie kultury \u017cywego s\u0142owa, rozbudzanie wra\u017cliwo\u015bci na\u00a0pi\u0119kno poezji oraz\u00a0integracja \u015brodowiska uczniowskiego.<\/p>\n<p>Tegoroczna edycja cieszy\u0142a si\u0119 ogromn\u0105 popularno\u015bci\u0105, a\u00a0liczba zg\u0142oszonych uczestnik\u00f3w przeros\u0142a oczekiwania organizator\u00f3w.<\/p>\n<p>Jury w\u00a0sk\u0142adzie:<br \/>\nCzes\u0142awa Monczka \u2013 aktorka Teatru im. Adama Mickiewicza w Cz\u0119stochowie,<br \/>\nTeresa Dzielska \u2013 aktorka Teatru im.\u00a0Adama Mickiewicza w\u00a0Cz\u0119stochowie,<br \/>\nDanuta Kr\u00f3liszewska \u2013 artystka malarka,<br \/>\nBeata Raczy\u0144ska \u2013 nauczyciel bibliotekarz PBP RODN \u201eWOM\u201d w\u00a0Cz\u0119stochowie,<\/p>\n<p>oceni\u0142o recytacje 65 uczni\u00f3w i\u00a0uczestnic w\u00a0czterech kategoriach.<\/p>\n<p>Konkurs dostarczy\u0142 wszystkim prawdziwych wzrusze\u0144 i\u00a0emocji. W\u00a0trakcie obrad jury uczestnicy konkursu mieli okazj\u0119 zwiedzi\u0107 bibliotek\u0119 pedagogiczn\u0105 i\u00a0zapozna\u0107 si\u0119 z\u00a0wystaw\u0105 \u201eZanim nasta\u0142y media cyfrowe\u201d. Oczekiwanie na\u00a0werdykt umili\u0142a projekcja filmu animowanego, a\u00a0ciekawym przerywnikiem by\u0142y r\u00f3wnie\u017c zabawy ruchowe przy muzyce. By\u0142 te\u017c czas na\u00a0s\u0142odki pocz\u0119stunek i\u00a0pami\u0105tkowe zdj\u0119cia.<\/p>\n<p>Wszystkim uczestnikom dzi\u0119kujemy za\u00a0zaanga\u017cowanie i\u00a0wysi\u0142ek, opiekunom za\u00a0po\u015bwi\u0119cony czas i\u00a0przygotowanie uczni\u00f3w do\u00a0konkursu.<\/p>\n<p>Laureatom serdecznie gratulujemy.<\/p>\n<p>Relacje z\u00a0wydarzenia:<\/p>\n<ul>\n<li><a href=\"https:\/\/sp53czest.szkolnastrona.pl\/a,564,miedzyszkolny-konkurs-recytatorski-czarowanie-slowem\">https:\/\/sp53czest.szkolnastrona.pl\/a,564,miedzyszkolny-konkurs-recytatorski-czarowanie-slowem<\/a><\/li>\n<li><a href=\"https:\/\/czestochowskie24.pl\/czestochowa\/szoste-czarowanie-slowem-za-nami\/\">https:\/\/czestochowskie24.pl\/czestochowa\/szoste-czarowanie-slowem-za-nami\/<\/a><\/li>\n<li><a href=\"https:\/\/fiat.fm\/info\/szoste-czarowanie-slowem-za-nami\/\">https:\/\/fiat.fm\/info\/szoste-czarowanie-slowem-za-nami\/<\/a><\/li>\n<li><a href=\"https:\/\/moj.powiat.pl\/szoste-czarowanie-slowem-za-nami-10354516.html\">https:\/\/moj.powiat.pl\/szoste-czarowanie-slowem-za-nami-10354516.html<\/a><\/li>\n<\/ul>\n<p style=\"text-align: right;\"><em>Tekst: Anna D\u0105browska,\u00a0<\/em><em>Anna Hiller<\/em><\/p>\n","protected":false},"excerpt":{"rendered":"<p>Jak zaczarowa\u0107 poezj\u0119? Najlepiej pi\u0119knie j\u0105\u00a0recytuj\u0105c, tak\u00a0jak uczestnicy VI Mi\u0119dzyszkolnego Konkursu\u00a0 Recytatorskiego \u201eCzarowanie s\u0142owem\u201d. \u00a029 lutego 2024\u00a0r. w\u00a0Auli\u00a0Forum\u00a0Regionalnego O\u015brodka Doskonalenia Nauczycieli \u201eWOM\u201d w\u00a0Cz\u0119stochowie odby\u0142 si\u0119 VI Mi\u0119dzyszkolny Konkurs Recytatorski \u201eCzarowanie s\u0142owem\u201d. Organizatorem konkursu by\u0142 Specjalny O\u015brodek Szkolno-Wychowawczy nr\u00a01 w\u00a0Cz\u0119stochowie w\u00a0partnerstwie z\u00a0Publiczn\u0105 Bibliotek\u0105 Pedagogiczn\u0105 RODN \u201eWOM\u201d w\u00a0Cz\u0119stochowie. Konkurs skierowany by\u0142 do\u00a0uczni\u00f3w z\u00a0niepe\u0142nosprawno\u015bci\u0105 intelektualn\u0105 szk\u00f3\u0142 podstawowych, szk\u00f3\u0142 przysposabiaj\u0105cych do\u00a0pracy oraz\u00a0szk\u00f3\u0142 bran\u017cowych. Celem konkursu by\u0142o szerzenie kultury \u017cywego s\u0142owa, rozbudzanie wra\u017cliwo\u015bci na\u00a0pi\u0119kno poezji<span class=\"ellipsis\">&hellip;<\/span><\/p>\n<div class=\"read-more\"><a href=\"https:\/\/pbp.womczest.edu.pl\/new\/vi-miedzyszkolny-konkurs-recytatorski-czarowanie-slowem\/\">Czytaj wi\u0119cej &#8250;<\/a><\/div>\n<p><!-- end of .read-more --><\/p>\n","protected":false},"author":6,"featured_media":0,"parent":0,"menu_order":0,"comment_status":"closed","ping_status":"closed","template":"","meta":{"footnotes":""},"jetpack_sharing_enabled":true,"jetpack_shortlink":"https:\/\/wp.me\/PgmV4H-6n5","_links":{"self":[{"href":"https:\/\/pbp.womczest.edu.pl\/new\/wp-json\/wp\/v2\/pages\/24495"}],"collection":[{"href":"https:\/\/pbp.womczest.edu.pl\/new\/wp-json\/wp\/v2\/pages"}],"about":[{"href":"https:\/\/pbp.womczest.edu.pl\/new\/wp-json\/wp\/v2\/types\/page"}],"author":[{"embeddable":true,"href":"https:\/\/pbp.womczest.edu.pl\/new\/wp-json\/wp\/v2\/users\/6"}],"replies":[{"embeddable":true,"href":"https:\/\/pbp.womczest.edu.pl\/new\/wp-json\/wp\/v2\/comments?post=24495"}],"version-history":[{"count":4,"href":"https:\/\/pbp.womczest.edu.pl\/new\/wp-json\/wp\/v2\/pages\/24495\/revisions"}],"predecessor-version":[{"id":24503,"href":"https:\/\/pbp.womczest.edu.pl\/new\/wp-json\/wp\/v2\/pages\/24495\/revisions\/24503"}],"wp:attachment":[{"href":"https:\/\/pbp.womczest.edu.pl\/new\/wp-json\/wp\/v2\/media?parent=24495"}],"curies":[{"name":"wp","href":"https:\/\/api.w.org\/{rel}","templated":true}]}}