


{"id":24274,"date":"2024-02-07T12:36:32","date_gmt":"2024-02-07T11:36:32","guid":{"rendered":"https:\/\/pbp.womczest.edu.pl\/new\/?page_id=24274"},"modified":"2024-03-20T10:11:05","modified_gmt":"2024-03-20T09:11:05","slug":"kazimierz-wierzynski","status":"publish","type":"page","link":"https:\/\/pbp.womczest.edu.pl\/new\/kazimierz-wierzynski\/","title":{"rendered":"Kazimierz Wierzy\u0144ski"},"content":{"rendered":"<p><img decoding=\"async\" loading=\"lazy\" class=\"size-thumbnail wp-image-24567 alignleft\" src=\"https:\/\/pbp.womczest.edu.pl\/new\/wp-content\/uploads\/2024\/03\/wierzynski-150x150.jpg\" alt=\"\" width=\"150\" height=\"150\" srcset=\"https:\/\/pbp.womczest.edu.pl\/new\/wp-content\/uploads\/2024\/03\/wierzynski-150x150.jpg 150w, https:\/\/pbp.womczest.edu.pl\/new\/wp-content\/uploads\/2024\/03\/wierzynski-300x300.jpg 300w, https:\/\/pbp.womczest.edu.pl\/new\/wp-content\/uploads\/2024\/03\/wierzynski-100x100.jpg 100w, https:\/\/pbp.womczest.edu.pl\/new\/wp-content\/uploads\/2024\/03\/wierzynski-200x200.jpg 200w, https:\/\/pbp.womczest.edu.pl\/new\/wp-content\/uploads\/2024\/03\/wierzynski-450x450.jpg 450w, https:\/\/pbp.womczest.edu.pl\/new\/wp-content\/uploads\/2024\/03\/wierzynski.jpg 591w\" sizes=\"(max-width: 150px) 100vw, 150px\" \/>Urodzony przed 130 laty w Drohobyczu na Podlasiu <strong>Kazimierz Wierzy\u0144ski<\/strong> w m\u0142odo\u015bci zaanga\u017cowany by\u0142 w konspiracj\u0119 niepodleg\u0142o\u015bciow\u0105. Pod koniec I wojny \u015bwiatowej podj\u0105\u0142 dzia\u0142alno\u015b\u0107 w Polskiej Organizacji Wojskowej. W czasie wojny polsko-bolszewickiej wst\u0105pi\u0142 w szeregi Wojska Polskiego. W\u0142a\u015bciwym debiutem literackim Wierzy\u0144skiego by\u0142 wydany w 1919 roku tom wierszy &#8222;Wiosna i wino&#8221;. By\u0142 jednym z tw\u00f3rc\u00f3w grupy literackiej Skamander. Wp\u0142yw na jego tw\u00f3rczo\u015b\u0107 mia\u0142a pasja sportowa, w 1928 roku za tom &#8222;Laur olimpijski&#8221; otrzyma\u0142 z\u0142oty medal na konkursie literackim igrzysk w Amsterdamie. W p\u00f3\u017aniejszych latach w swej tw\u00f3rczo\u015bci odnosi\u0142 si\u0119 do los\u00f3w Ojczyzny. Po wojnie pozosta\u0142 na uchod\u017astwie, mieszka\u0142 w Stanach Zjednoczonych i Wielkiej Brytanii, gdzie tworzy\u0142 poezj\u0119, proz\u0119, felietony i recenzje. Upomina\u0142 si\u0119 o prawd\u0119 o zbrodni katy\u0144skiej.<br \/>\nWi\u0119cej: <a href=\"https:\/\/www.sejm.gov.pl\/sejm9.nsf\/komunikat.xsp?documentId=470DB997878B521CC12589FD003E50E2&amp;symbol=M_WYDARZENIA_KOMUNIKAT\">https:\/\/www.sejm.gov.pl\/sejm9.nsf\/komunikat.xsp?documentId=470DB997878B521CC12589FD003E50E2&amp;symbol=M_WYDARZENIA_KOMUNIKAT<\/a><\/p>\n<p>Uchwa\u0142a Sejmu Rzeczypospolitej Polskiej z dnia 28 lipca 2023 r. w sprawie ustanowienia roku 2024 Rokiem Kazimierza Wierzy\u0144skiego: <a href=\"https:\/\/isap.sejm.gov.pl\/isap.nsf\/download.xsp\/WMP20230000882\/O\/M20230882.pdf\">https:\/\/isap.sejm.gov.pl\/isap.nsf\/download.xsp\/WMP20230000882\/O\/M20230882.pdf<\/a><\/p>\n<p><strong>Netografia:<\/strong><\/p>\n<ul>\n<li><a href=\"https:\/\/culture.pl\/pl\/tworca\/kazimierz-wierzynski\">Kazimierz Wierzy\u0144ski na portalu Culture.pl\u00a0<\/a><\/li>\n<li><a href=\"https:\/\/dzieje.pl\/tag\/kazimierz-wierzynski\">Kazimierz Wierzy\u0144ski na portalu Dzieje.pl\u00a0<\/a><\/li>\n<li><a href=\"https:\/\/ipn.gov.pl\/pl\/aktualnosci\/65857,50-rocznica-smierci-Kazimierza-Wierzynskiego-poety-prozaika-eseisty-zolnierza-pi.html\">&#8222;50. rocznica \u015bmierci Kazimierza Wierzy\u0144skiego &#8211; poety, prozaika, eseisty, \u017co\u0142nierza, pi\u0142sudczyka&#8221;, tekst na portalu Instytutu Pami\u0119ci Narodowej\u00a0<\/a><\/li>\n<li><a href=\"https:\/\/polskieradio24.pl\/kazimierz-wierzynski\/Tag44614\">Kazimierz Wierzy\u0144ski na portalu PolskieRadio24.pl\u00a0<\/a><\/li>\n<li><a href=\"https:\/\/www.polskieradio.pl\/8\/755\/artykul\/3306601,rok-kazimierza-wierzynskiego-archiwalne-gawedy-poety-posluchaj\">&#8222;Rok Kazimierza Wierzy\u0144skiego&#8221;, archiwalne gaw\u0119dy poety w Dw\u00f3jce Polskiego Radia\u00a0<\/a><\/li>\n<li><a href=\"https:\/\/vod.tvp.pl\/programy,88\/errata-do-biografii-odcinki,318765\/odcinek-39,S01E39,340091\">Kazimierz Wierzy\u0144ski [biografia emigracyjna] w dokumentalnym cyklu &#8222;Errata do biografii&#8221; w serwisie TVP VOD\u00a0<\/a><\/li>\n<li><a href=\"https:\/\/www.olimpijski.pl\/Media\/files\/Wierzynski_Laur%20Olimpijski.pdf\">Laur olimpijski : w 90-lecie zdobycia z\u0142otego medalu na Olimpiadzie w Amsterdamie \/ Kazimierz Wierzy\u0144ski. \u2013 Wyd. 3 popr. \u2013 Warszawa : Wydaw. Estrella, 2018 [online]\u00a0<\/a><\/li>\n<\/ul>\n<p><strong>W naszej bibliotece:<\/strong><\/p>\n<p><u>Dzie\u0142a Kazimierza Wierzy\u0144skiego<\/u><\/p>\n<ol>\n<li>Kazimierz Wierzy\u0144ski \/\/ W: Poeci polscy XX wieku : biogramy, wiersze, komentarze \/ oprac. Tomasz W\u00f3jcik. &#8211; Warszawa : Agencja Wydaw. MOREX, cop. 2000, s. 41-48<\/li>\n<li>Pobojowisko \/ Kazimierz Wierzy\u0144ski ; il. Zdzis\u0142aw Czerma\u0144ski. &#8211; Warszawa : Instytut Wydaw. Pax, 1989<\/li>\n<li>Poezja i proza. T. 1, Poezja \/ Kazimierz Wierzy\u0144ski ; wyb\u00f3r i pos\u0142owie Micha\u0142 Sprusi\u0144ski. &#8211; Krak\u00f3w : Wydaw. Literackie, 1981<\/li>\n<li>Poezja i proza. T. 2, Proza \/ Kazimierz Wierzy\u0144ski ; wyb\u00f3r i pos\u0142owie Micha\u0142 Sprusi\u0144ski. &#8211; Krak\u00f3w : Wydaw. Literackie, 1981<\/li>\n<li>Poezje \/ Kazimierz Wierzy\u0144ski ; wyboru dokona\u0142 Micha\u0142 Sprusi\u0144ski. &#8211; Krak\u00f3w : Wydaw. Literackie, 1975<\/li>\n<li>Poezje wybrane (II) \/ Kazimierz Wierzy\u0144ski ; wyb\u00f3r i wst\u0119p Andrzej Z. Makowiecki. &#8211; Warszawa : Ludowa Sp\u00f3\u0142dzielnia Wydawnicza, cop. 1989<\/li>\n<li>Skamandryci : [Julian Tuwim, Kazimierz Wierzy\u0144ski, Jaros\u0142aw Iwaszkiewicz, Antoni S\u0142onimski, Jan Lecho\u0144, Stanis\u0142aw Bali\u0144ski] \/ Jan Marx. &#8211; Warszawa : Wydaw. ALFA, 1993<\/li>\n<li>Wiersze wybrane \/ Kazimierz Wierzy\u0144ski ; wyb\u00f3r i wst\u0119p Micha\u0142 Sprusi\u0144ski. &#8211; Warszawa : PIW, 1974<\/li>\n<li>Wyb\u00f3r poezji \/ Kazimierz Wierzy\u0144ski ; wyb\u00f3r, oprac. tekstu, wst\u0119p Krzysztof Dybciak ; koment. Katarzyna Dybciak, Krzysztof Dybciak. \u2013 Wroc\u0142aw ; Warszawa : Zak\u0142. Nar. im. Ossoli\u0144skich. Wydaw., 1991<\/li>\n<\/ol>\n<p><u>O Kazimierzu Wierzy\u0144skim<\/u><\/p>\n<ol>\n<li>Gol w nie\u015bmiertelno\u015b\u0107 \/ Piotr Micha\u0142owski \/\/ Polonistyka. &#8211; 2008, nr 2, s. 48-53<\/li>\n<li>Gry i podr\u00f3\u017ce poetyckie &#8211; Kazimierz Wierzy\u0144ski \/ Krzysztof Dybciak \/\/ W: Poeci dwudziestolecia mi\u0119dzywojennego. [T. 2] \/ red. Irena Maciejewska. &#8211; Warszawa : Wiedza Powszechna, 1982, s. 444-487<\/li>\n<li>&#8222;Je\u015bli mi s\u0142owo bi\u0107 przestanie, co mi po sercu&#8221; : o tw\u00f3rczo\u015bci Kazimierza Wierzy\u0144skiego \/ Jolanta Dudek. &#8211; Krak\u00f3w : Instytut Literatury, 2023<\/li>\n<li>J\u00f3zefa Pi\u0142sudskiego wizerunek wielokrotny \/ Maria Cyran \/\/ J\u0119zyk Polski w Szkole Ponadpodstawowej. &#8211; 2018\/2019, nr 1, s. 30-50<\/li>\n<li>Kazimierz Wierzy\u0144ski &#8211; od skamandryckiej &#8222;filozofii \u017cycia&#8221; do utraconych z\u0142udze\u0144 m\u0142odo\u015bci \/ Maria Cyran \/\/ J\u0119zyk Polski w Szkole Ponadpodstawowej. &#8211; 2019\/2020, nr 1, s. 123-156<\/li>\n<li>Kazimierz Wierzy\u0144ski \/ Anna Nasi\u0142owska. &#8211; Warszawa : Oficyna Wydaw. INTERIM, 1991<\/li>\n<li>Kazimierz Wierzy\u0144ski \/ Stanis\u0142aw Zaj\u0105c \/\/ Wiadomo\u015bci Historyczne. &#8211; 2017, nr 4, s. 40-45<\/li>\n<li>Kazimierz Wierzy\u0144ski : [w dwudziestolecie \u015bmierci] \/\/ Poezja. &#8211; 1989, nr 6, s. 2-118 ; nr 7, s. 3-61<\/li>\n<li>Kazimierz Wierzy\u0144ski : 1894-1969 \/ oprac. Maria D\u0142uska \/\/ W: Literatura polska w okresie mi\u0119dzywojennym. T. 2 \/ red. Jerzy K\u0105dziela, Jerzy Kwiatkowski, Irena Wycza\u0144ska. &#8211; Krak\u00f3w : Wydaw. Literackie, 1979, s. 315-362<\/li>\n<li>Kazimierz Wierzy\u0144ski w teatrze \/ Halina Waszkiel \/ Dialog. &#8211; 1985, nr 4, s.135-143<\/li>\n<li>&#8222;Laur olimpijski&#8221; poety \/ Agnieszka Rydz \/\/ Polonistyka. &#8211; 2006, nr 4, s. 37-41<\/li>\n<li>O debiucie Kazimierza Wierzy\u0144skiego &#8211; &#8222;lutnisty ciemnego czasu i losu&#8221; \/ Gerard Sowi\u0144ski \/\/ Ruch Literacki. &#8211; 1985, z. 5\/6, s. 479-488<\/li>\n<li>Poetyka Williama B. Yeatsa i Kazimierza Wierzy\u0144skiego : paralela \/ Jolanta Dudek. &#8211; Krak\u00f3w : Universitas, cop. 2001<\/li>\n<li>Romantyzm emigracyjnego zw\u0105tpienia \/ Piotr Micha\u0142owski \/\/ Polonistyka. &#8211; 2005, nr 3, s. 176-178<\/li>\n<li>Skamander [m\u0142odzie\u0144cza tw\u00f3rczo\u015b\u0107 Kazimierza Wierzy\u0144skiego] \/ Jaros\u0142aw Marek Rymkiewicz \/\/ W: Literatura polska 1918-1975. T. 1, Literatura polska 1918-1932 \/ red. nauk. Alina Brodzka, Helena Zaworska, Stefan \u017b\u00f3\u0142kiewski. &#8211; Warszawa : Wiedza Powszechna, 1975, s. 288-292<\/li>\n<li>Skowyt nadcz\u0142owieczy spod ziemi dalekiej : powstanie warszawskie w poezji Kazimierza Wierzy\u0144skiego \/ Jakub Osi\u0144ski \/\/ Polonistyka. &#8211; 2014. nr 9, s. 16-18<\/li>\n<li>Wierzy\u0144ski i ideologia sanacji \/ Anna Nasi\u0142owska \/\/ W: Dwudziestolecie mi\u0119dzywojenne, II wojna \u015bwiatowa. T. 2 \/ pod red. Ryszarda Nycza. &#8211; Krak\u00f3w : Universitas, 1999, s. 73-86<\/li>\n<li>Wolno\u015b\u0107 tragiczna i wsp\u00f3lnota polskiego losu : Kazimierz\u00a0Wierzy\u0144ski\u00a0(1894-1969) \/ Marek Klecel \/\/ Biuletyn IPN. &#8211; 2019, nr 6, s. 132-144<\/li>\n<\/ol>\n<p><u>Zaj\u0119cia szkolne<\/u><\/p>\n<ol>\n<li>By\u0107 jak Kazimierz Wierzy\u0144ski : scenariusz lekcji bibliotecznej z elementami edukacji sportowej : szko\u0142a podstawowa, kl. VIII \/ Katarzyna John \/\/ Biblioteka w Szkole. &#8211; 2019, nr 12, s. 19-20<\/li>\n<li>Emigracyjne wiersze Kazimierza Wierzy\u0144skiego, Jana Lechonia i J\u00f3zefa \u0141obodowskiego &#8211; propozycja metodyczna dla klas maturalnych \/ Anna Szurczak \/\/ J\u0119zyk Polski w Szkole \u015aredniej. &#8211; 1990\/1991, nr 3, s. 37-46<\/li>\n<li>Ktokolwiek jeste\u015b bez ojczyzny&#8230; : monta\u017c poetycki : Kazimierz Wierzy\u0144ski (27 VIII 1894 &#8211; 13 II 1969) \/ Barbara Jachimczak \/\/ Poradnik Bibliotekarza. &#8211; 1993, nr 7\/8, s. 27-31<\/li>\n<li>&#8222;Najdro\u017cszy nasz Kaziu\u0144cio&#8221; : w 30 rocznic\u0119 \u015bmierci Kazimierza Wierzy\u0144skiego [scenariusz inscenizacji] \/ Maria Andres \/\/ Wychowawca. &#8211; 1999, nr 2, s. 42-43<\/li>\n<li>Nie znamy Wierzy\u0144skiego [lekcje w klasie IV i VIII] \/ Pawe\u0142 Wyszkowski \/\/ Polonistyka. &#8211; 1995, nr 6, s. 421-424<\/li>\n<li>O warto\u015bciach sportu i nie tylko : &#8222;Nurmi&#8221; Kazimierza Wierzy\u0144skiego w szkole gimnazjalnej \/ Pawe\u0142 Sporek \/\/ Polonistyka. &#8211; 2013, nr 8, s. 28-32<\/li>\n<li>Poezja i metody aktywizuj\u0105ce : scenariusze lekcji. Cz. 2 [&#8222;Zielono nam w g\u0142owie&#8221;] \/ Edyta W\u00f3jcicka \/\/ J\u0119zyk Polski w Gimnazjum. &#8211; 2016\/2017, nr 2, s. 87-107<\/li>\n<li>Poezja sportu : pi\u0119kno w &#8222;Matchu footballowym&#8221; Kazimierza Wierzy\u0144skiego : scenariusz lekcji dla gimnazjum (dwie godziny lekcyjne) \/ Marzena Tyl \/\/ Polski w Praktyce. &#8211; 2012, nr 4, s. 22-23<\/li>\n<li>Wiersze Kazimierza Wierzy\u0144skiego w klasie VII \/ Danuta Molin-Puczek \/\/ J\u0119zyk Polski w Szkole IV-VIII. \u2013 1987\/1988, z. 5, s. 606-608<\/li>\n<\/ol>\n","protected":false},"excerpt":{"rendered":"<p>Urodzony przed 130 laty w Drohobyczu na Podlasiu Kazimierz Wierzy\u0144ski w m\u0142odo\u015bci zaanga\u017cowany by\u0142 w konspiracj\u0119 niepodleg\u0142o\u015bciow\u0105. Pod koniec I wojny \u015bwiatowej podj\u0105\u0142 dzia\u0142alno\u015b\u0107 w Polskiej Organizacji Wojskowej. W czasie wojny polsko-bolszewickiej wst\u0105pi\u0142 w szeregi Wojska Polskiego. W\u0142a\u015bciwym debiutem literackim Wierzy\u0144skiego by\u0142 wydany w 1919 roku tom wierszy &#8222;Wiosna i wino&#8221;. By\u0142 jednym z tw\u00f3rc\u00f3w grupy literackiej Skamander. Wp\u0142yw na jego tw\u00f3rczo\u015b\u0107 mia\u0142a pasja sportowa, w 1928 roku za tom<span class=\"ellipsis\">&hellip;<\/span><\/p>\n<div class=\"read-more\"><a href=\"https:\/\/pbp.womczest.edu.pl\/new\/kazimierz-wierzynski\/\">Czytaj wi\u0119cej &#8250;<\/a><\/div>\n<p><!-- end of .read-more --><\/p>\n","protected":false},"author":6,"featured_media":0,"parent":0,"menu_order":0,"comment_status":"closed","ping_status":"closed","template":"","meta":{"footnotes":""},"jetpack_sharing_enabled":true,"jetpack_shortlink":"https:\/\/wp.me\/PgmV4H-6jw","_links":{"self":[{"href":"https:\/\/pbp.womczest.edu.pl\/new\/wp-json\/wp\/v2\/pages\/24274"}],"collection":[{"href":"https:\/\/pbp.womczest.edu.pl\/new\/wp-json\/wp\/v2\/pages"}],"about":[{"href":"https:\/\/pbp.womczest.edu.pl\/new\/wp-json\/wp\/v2\/types\/page"}],"author":[{"embeddable":true,"href":"https:\/\/pbp.womczest.edu.pl\/new\/wp-json\/wp\/v2\/users\/6"}],"replies":[{"embeddable":true,"href":"https:\/\/pbp.womczest.edu.pl\/new\/wp-json\/wp\/v2\/comments?post=24274"}],"version-history":[{"count":3,"href":"https:\/\/pbp.womczest.edu.pl\/new\/wp-json\/wp\/v2\/pages\/24274\/revisions"}],"predecessor-version":[{"id":24568,"href":"https:\/\/pbp.womczest.edu.pl\/new\/wp-json\/wp\/v2\/pages\/24274\/revisions\/24568"}],"wp:attachment":[{"href":"https:\/\/pbp.womczest.edu.pl\/new\/wp-json\/wp\/v2\/media?parent=24274"}],"curies":[{"name":"wp","href":"https:\/\/api.w.org\/{rel}","templated":true}]}}