


{"id":23701,"date":"2023-10-17T11:19:16","date_gmt":"2023-10-17T09:19:16","guid":{"rendered":"https:\/\/pbp.womczest.edu.pl\/new\/?page_id=23701"},"modified":"2023-10-19T09:19:10","modified_gmt":"2023-10-19T07:19:10","slug":"nprc-nowosci-czytelnicze-czesc-2","status":"publish","type":"page","link":"https:\/\/pbp.womczest.edu.pl\/new\/nprc-nowosci-czytelnicze-czesc-2\/","title":{"rendered":"NPRC \u2013 nowo\u015bci czytelnicze, cz\u0119\u015b\u0107 2"},"content":{"rendered":"<p><span style=\"color: #993300;\"><strong>Publiczna Biblioteka Pedagogiczna RODN \u201eWOM\u201d w\u00a0Cz\u0119stochowie zakupi\u0142a nowo\u015bci ksi\u0105\u017ckowe w\u00a0ramach Narodowego Programu Rozwoju Czytelnictwa. Poni\u017cej znajduje si\u0119 opis wybranych pozycji wraz z\u00a0sygnatur\u0105, u\u0142atwiaj\u0105c\u0105 wyszukanie ksi\u0105\u017cki w\u00a0katalogu biblioteki.<\/strong><\/span><\/p>\n<p><strong>Polskie legendy \/ Joanna Wieliczka-Szarkowa, sygnatura: <a href=\"https:\/\/sowa.womczest.edu.pl\/sowacgi.php?KatID=0&amp;typ=record&amp;001=CST%20WOM23000116\">83277<\/a><\/strong><\/p>\n<p>Ksi\u0105\u017cka z\u00a0serii \u201eKocham Polsk\u0119\u201d, kt\u00f3ra\u00a0wprowadza w\u00a0\u015bwiat narodowych legend, barwnych i\u00a0przygodowych historii, z\u00a0kt\u00f3rych\u00a0mo\u017cemy wyci\u0105gn\u0105\u0107 pouczaj\u0105ce tre\u015bci. Legendy pokazuj\u0105, jak kszta\u0142towa\u0142 si\u0119 nasz kraj i\u00a0polska \u015bwiadomo\u015b\u0107 narodowa. Publikacja zawiera wiele ilustracji, kt\u00f3re doskonale uzupe\u0142niaj\u0105 prezentowane teksty.<\/p>\n<p><strong>Polskie zwyczaje \/ Joanna i\u00a0Jaros\u0142aw Szarkowie, sygnatura: <a href=\"https:\/\/sowa.womczest.edu.pl\/sowacgi.php?KatID=0&amp;typ=record&amp;001=991053076777105066\">83278<\/a><\/strong><\/p>\n<p>Ksi\u0105\u017cka z\u00a0serii \u201eKocham Polsk\u0119\u201d. Zawiera wiedz\u0119 o\u00a0polskich zwyczajach, tradycjach i\u00a0obrz\u0119dach, kt\u00f3re stanowi\u0105 przymioty narodowe, okre\u015blaj\u0105c to\u017csamo\u015b\u0107 ka\u017cdego Polaka. Ksi\u0105\u017cka opowiada o\u00a0wielu obrz\u0119dach, miejscach, w\u00a0kt\u00f3rych\u00a0s\u0105\u00a0one wyj\u0105tkowo mocno obecne, oraz\u00a0o\u00a0tym, sk\u0105d wzi\u0119\u0142y si\u0119 na\u00a0polskiej ziemi. Publikacja mo\u017ce by\u0107 inspiracj\u0105 do\u00a0odtworzenia w\u00a0gronie najbli\u017cszych zamieraj\u0105cych tradycji i\u00a0obrz\u0119d\u00f3w.<\/p>\n<p><strong>Dzieje naszej ojczyzny \/ Joanna i\u00a0Jaros\u0142aw Szarkowie, sygnatura: <a href=\"https:\/\/sowa.womczest.edu.pl\/sowacgi.php?KatID=0&amp;typ=record&amp;001=991053076771905066\">83275<\/a><\/strong><\/p>\n<p>Ksi\u0105\u017cka z\u00a0serii \u201eKocham Polsk\u0119\u201d. Publikacja przeznaczona dla najm\u0142odszych czytelnik\u00f3w. W\u00a0przyst\u0119pny spos\u00f3b przekazuje informacje dotycz\u0105ce historii Polski i\u00a0wa\u017cnych wydarze\u0144 w\u00a0jej dziejach. Omawia narodziny Polski, jej w\u0142adc\u00f3w, czasy wojen i\u00a0histori\u0119 najnowsz\u0105.<\/p>\n<p><strong>Elementarz ma\u0142ego Polaka \/ Joanna i\u00a0Jaros\u0142aw Szarkowie, sygnatura: <a href=\"https:\/\/sowa.womczest.edu.pl\/sowacgi.php?KatID=0&amp;typ=record&amp;001=991053076773405066\">83276<\/a><\/strong><\/p>\n<p>Ksi\u0105\u017cka z\u00a0serii \u201eKocham Polsk\u0119\u201d. W\u00a0ksi\u0105\u017cce znajdziemy materia\u0142 dotycz\u0105cy symboli narodowych, historii powstania hymnu narodowego czy\u00a0stroj\u00f3w narodowych. Publikacja prezentuje r\u00f3wnie\u017c sylwetki s\u0142awnych Polak\u00f3w: Jana Paw\u0142a II, Fryderyka Chopina i\u00a0Miko\u0142aja Kopernika.<\/p>\n<p><strong>Rozstrzelane pokolenie : podziemie niepodleg\u0142o\u015bciowe w\u00a0Polsce w\u00a0latach 1944-1956 \/ \u0141ukasz Bojko, sygnatura: <a href=\"https:\/\/sowa.womczest.edu.pl\/sowacgi.php?KatID=0&amp;typ=record&amp;001=991052729017805066\">83303<\/a><\/strong><\/p>\n<p>Ksi\u0105\u017cka oparta na\u00a0najnowszych badaniach historycznych. Opowiada o\u00a0ludziach, kt\u00f3rzy\u00a0z\u00a0broni\u0105 w\u00a0r\u0119ku postanowili walczy\u0107 z\u00a0komunistycznym re\u017cimem i\u00a0zap\u0142acili za\u00a0to\u00a0\u017cyciem. Autor zapoznaje czytelnik\u00f3w z\u00a0aktualn\u0105 wiedz\u0105 na\u00a0temat powojennej konspiracji, w\u00a0tym z\u00a0tematami kontrowersyjnymi, stanowi\u0105cymi obecnie przedmiot debaty publicznej. Czytelnik znajdzie w\u00a0ksi\u0105\u017cce m.in.\u00a0opis genezy, specyfiki, struktury, zasi\u0119gu i\u00a0form aktywno\u015bci powojennego podziemia, oraz\u00a0informacje o\u00a0sytuacji politycznej Polski i\u00a0podziemia w\u00a0okresie powojennym.<\/p>\n<p><strong>Historia Polski 1914-1922 : nie\u00a0tylko\u00a0dla m\u0142odzie\u017cy \/ Grzegorz Kucharczyk, sygnatura: <a href=\"https:\/\/sowa.womczest.edu.pl\/sowacgi.php?KatID=0&amp;typ=record&amp;001=991053063366605066\">83269<\/a><\/strong><\/p>\n<p>Ksi\u0105\u017cka polskiego historyka Grzegorza Kucharczyka stanowi uzupe\u0142nienie s\u0142ynnych \u201eDziej\u00f3w Polski\u201d i\u00a0\u201eDziej\u00f3w Polski opowiedzianych dla m\u0142odzie\u017cy\u201d Feliksa Konecznego. Obejmuje okres od\u00a0momentu wybuchu Wielkiej Wojny do\u00a0roku 2022. Publikacja przedstawia dzieje naszego kraju tego burzliwego okresie.<\/p>\n<p><strong>Co\u00a0Polska i\u00a0Polacy dali \u015bwiatu : wodzowie i\u00a0\u017co\u0142nierze, biznesmeni, politycy i\u00a0tytani ducha \/ Teresa Kowalik, Przemys\u0142aw S\u0142owi\u0144ski, sygnatura: <a href=\"https:\/\/sowa.womczest.edu.pl\/sowacgi.php?KatID=0&amp;typ=record&amp;001=991052898508005066\">83259<\/a><\/strong><\/p>\n<p>Ksi\u0105\u017cka prezentuje sylwetki \u017co\u0142nierzy i\u00a0wodz\u00f3w (m.in.\u00a0Krzysztof Arciszewski \u2013 Rogata dusza,<br \/>\nJan III Sobieski \u2013 Lew Lechistanu, Tadeusz Ko\u015bciuszko \u2013 Polski i\u00a0ameryka\u0144ski bohater), polityk\u00f3w (m.in.\u00a0Maryna Mniszch\u00f3wna \u2013 Polska caryca, J\u00f3zef Retinger \u2013 Posta\u0107 tajemnicza, fascynuj\u0105co-intryguj\u0105ca, Zbigniew Brzezi\u0144ski \u2013 Polak w\u00a0Bia\u0142ym Domu), \u00a0biznesmen\u00f3w (m.in.\u00a0Jerzy Franciszek Kulczycki \u2013 Nauczy\u0142 Europejczyk\u00f3w pi\u0107 kaw\u0119, Helena Rubinstein \u2013 Cesarzowa pi\u0119kna, Antoni Cierplikowski \u2013 \u201eKr\u00f3l fryzjer\u00f3w i\u00a0fryzjer kr\u00f3l\u00f3w\u201d), duchownych (m.in.\u00a0Maksymilian Kolbe \u2013Teolog, Bo\u017cy szaleniec, m\u0119czennik z\u00a0Auschwitz, W\u0142adys\u0142aw Bukowi\u0144ski (i\u00a0inni aposto\u0142owie ZSRS) \u2013 Przewodnicy do\u00a0Niebieskiego Jeruzalem, Jan Pawe\u0142 II\u00a0\u2013 Pomazaniec z\u00a0Krakowa) i\u00a0bohater\u00f3w ratuj\u0105cych ludzkie \u017cycie (m.in.\u00a0Henryk S\u0142awik \u2013 Wielki zapomniany bohater trzech narod\u00f3w,<br \/>\nIrena Sendlerowa \u2013 Matka dzieci Holocaustu, Wanda B\u0142e\u0144ska \u2013 Matka tr\u0119dowatych .<\/p>\n<p><strong>Pedagog w\u00a0klasie : scenariusze zaj\u0119\u0107 profilaktycznych i\u00a0doradczych \/ [autorzy Ma\u0142gorzata Sw\u0119drowska, Natalia Perek, Renata Krekora, Katarzyna Ok\u00f3lska, Ewa Kruk-Krymula, Marta Koch-Kozio\u0142, Agnieszka Ko\u015bkiewicz, Joanna Gajdzi\u0144ska, Katarzyna Druczak, Beata Zieli\u0144ska-Rocha, Katarzyna St\u0119pniak, Katarzyna Topolska], sygnatura: <a href=\"https:\/\/sowa.womczest.edu.pl\/sowacgi.php?KatID=0&amp;typ=record&amp;001=991053062871205066\">83243<\/a><\/strong><\/p>\n<p>Ksi\u0105\u017cka stanowi praktyczny poradnik dla ka\u017cdego pedagoga. Zawiera 20 scenariuszy zaj\u0119\u0107 z\u00a0uczniami. S\u0105\u00a0to\u00a0m.in.\u00a0praktyczne karty pracy, \u0107wiczenia, formularze, ankiety. Ca\u0142y materia\u0142 zosta\u0142 podzielony na\u00a0trzy bloki tematyczne: scenariusze zaj\u0119\u0107 dla najm\u0142odszych uczni\u00f3w, scenariusze dotycz\u0105ce doradztwa zawodowego i\u00a0materia\u0142 dotycz\u0105cy integracji uczni\u00f3w.<\/p>\n<p><strong>Szko\u0142a przyjazna kreatywno\u015bci : czynniki sukcesu \/ Jan Fizlagi\u0107, sygnatura: <a href=\"https:\/\/sowa.womczest.edu.pl\/sowacgi.php?KatID=0&amp;typ=record&amp;001=991053084937705066\">83308<\/a><\/strong><\/p>\n<p>Ksi\u0105\u017cka zawiera wiele cennych i\u00a0praktycznych porad dotycz\u0105cych organizacji pracy szko\u0142y w\u00a0epoce sztucznej inteligencji. Stanowi kompendium wiedzy o\u00a0tym, jak zrozumie\u0107 kreatywno\u015b\u0107 uczni\u00f3w i\u00a0jak j\u0105\u00a0rozwija\u0107. Wiedza i\u00a0umiej\u0119tno\u015bci propagowane w\u00a0tej\u00a0publikacji wykraczaj\u0105 poza program studi\u00f3w i\u00a0szkole\u0144 dla nauczycieli. Ksi\u0105\u017cka skierowana jest nie\u00a0tylko\u00a0do\u00a0nauczycieli i\u00a0dyrektor\u00f3w szk\u00f3\u0142 , ale\u00a0r\u00f3wnie\u017c dla rodzic\u00f3w, dbaj\u0105cych o\u00a0wszechstronny rozw\u00f3j swoich dzieci.<\/p>\n<p><strong>Wychowanie obywatelskie w\u00a0m\u0142odszym wieku szkolnym \/ Emilia Jakubowska, sygnatura: <a href=\"https:\/\/sowa.womczest.edu.pl\/sowacgi.php?KatID=0&amp;typ=record&amp;001=991052996396405066\">83324<\/a><\/strong><\/p>\n<p>Publikacja przydatna zar\u00f3wno dla nauczycieli edukacji wczesnoszkolnej, jak i\u00a0student\u00f3w- przysz\u0142ych nauczycieli klas I-III. Podejmuje problematyk\u0119 wychowania obywatelskiego w\u00a0m\u0142odszym wieku szkolnym. Ksi\u0105\u017ck\u0119 charakteryzuj\u0105: oryginalno\u015b\u0107, rzetelno\u015b\u0107 i\u00a0pog\u0142\u0119biona refleksja nad\u00a0wychowaniem obywatelskim. Na\u00a0szczeg\u00f3ln\u0105 uwag\u0119 zas\u0142uguje rozdzia\u0142 dotycz\u0105cy sposob\u00f3w realizacji wychowania obywatelskiego przez\u00a0nauczycieli edukacji wczesnoszkolnej.<\/p>\n<p style=\"text-align: right;\"><em>Opracowanie: Anna P\u0142usa<\/em><\/p>\n","protected":false},"excerpt":{"rendered":"<p>Publiczna Biblioteka Pedagogiczna RODN \u201eWOM\u201d w\u00a0Cz\u0119stochowie zakupi\u0142a nowo\u015bci ksi\u0105\u017ckowe w\u00a0ramach Narodowego Programu Rozwoju Czytelnictwa. Poni\u017cej znajduje si\u0119 opis wybranych pozycji wraz z\u00a0sygnatur\u0105, u\u0142atwiaj\u0105c\u0105 wyszukanie ksi\u0105\u017cki w\u00a0katalogu biblioteki. Polskie legendy \/ Joanna Wieliczka-Szarkowa, sygnatura: 83277 Ksi\u0105\u017cka z\u00a0serii \u201eKocham Polsk\u0119\u201d, kt\u00f3ra\u00a0wprowadza w\u00a0\u015bwiat narodowych legend, barwnych i\u00a0przygodowych historii, z\u00a0kt\u00f3rych\u00a0mo\u017cemy wyci\u0105gn\u0105\u0107 pouczaj\u0105ce tre\u015bci. Legendy pokazuj\u0105, jak kszta\u0142towa\u0142 si\u0119 nasz kraj i\u00a0polska \u015bwiadomo\u015b\u0107 narodowa. Publikacja zawiera wiele ilustracji, kt\u00f3re doskonale uzupe\u0142niaj\u0105 prezentowane teksty. Polskie zwyczaje<span class=\"ellipsis\">&hellip;<\/span><\/p>\n<div class=\"read-more\"><a href=\"https:\/\/pbp.womczest.edu.pl\/new\/nprc-nowosci-czytelnicze-czesc-2\/\">Czytaj wi\u0119cej &#8250;<\/a><\/div>\n<p><!-- end of .read-more --><\/p>\n","protected":false},"author":6,"featured_media":0,"parent":0,"menu_order":0,"comment_status":"closed","ping_status":"closed","template":"full-width-page.php","meta":{"footnotes":""},"jetpack_sharing_enabled":true,"jetpack_shortlink":"https:\/\/wp.me\/PgmV4H-6ah","_links":{"self":[{"href":"https:\/\/pbp.womczest.edu.pl\/new\/wp-json\/wp\/v2\/pages\/23701"}],"collection":[{"href":"https:\/\/pbp.womczest.edu.pl\/new\/wp-json\/wp\/v2\/pages"}],"about":[{"href":"https:\/\/pbp.womczest.edu.pl\/new\/wp-json\/wp\/v2\/types\/page"}],"author":[{"embeddable":true,"href":"https:\/\/pbp.womczest.edu.pl\/new\/wp-json\/wp\/v2\/users\/6"}],"replies":[{"embeddable":true,"href":"https:\/\/pbp.womczest.edu.pl\/new\/wp-json\/wp\/v2\/comments?post=23701"}],"version-history":[{"count":5,"href":"https:\/\/pbp.womczest.edu.pl\/new\/wp-json\/wp\/v2\/pages\/23701\/revisions"}],"predecessor-version":[{"id":23711,"href":"https:\/\/pbp.womczest.edu.pl\/new\/wp-json\/wp\/v2\/pages\/23701\/revisions\/23711"}],"wp:attachment":[{"href":"https:\/\/pbp.womczest.edu.pl\/new\/wp-json\/wp\/v2\/media?parent=23701"}],"curies":[{"name":"wp","href":"https:\/\/api.w.org\/{rel}","templated":true}]}}