


{"id":23617,"date":"2023-10-06T12:33:40","date_gmt":"2023-10-06T10:33:40","guid":{"rendered":"https:\/\/pbp.womczest.edu.pl\/new\/?page_id=23617"},"modified":"2023-10-17T11:30:36","modified_gmt":"2023-10-17T09:30:36","slug":"narodowy-program-rozwoju-czytelnictwa-2-0-na-lata-2021-2025","status":"publish","type":"page","link":"https:\/\/pbp.womczest.edu.pl\/new\/narodowy-program-rozwoju-czytelnictwa-2-0-na-lata-2021-2025\/","title":{"rendered":"Narodowy Program Rozwoju Czytelnictwa 2.0. na lata 2021-2025"},"content":{"rendered":"<p><a href=\"https:\/\/pbp.womczest.edu.pl\/new\/wp-content\/uploads\/2022\/04\/logo_nprc.jpg\"><img decoding=\"async\" loading=\"lazy\" class=\"aligncenter wp-image-20141\" src=\"https:\/\/pbp.womczest.edu.pl\/new\/wp-content\/uploads\/2022\/04\/logo_nprc.jpg\" alt=\"\" width=\"251\" height=\"143\" srcset=\"https:\/\/pbp.womczest.edu.pl\/new\/wp-content\/uploads\/2022\/04\/logo_nprc.jpg 1922w, https:\/\/pbp.womczest.edu.pl\/new\/wp-content\/uploads\/2022\/04\/logo_nprc-300x171.jpg 300w, https:\/\/pbp.womczest.edu.pl\/new\/wp-content\/uploads\/2022\/04\/logo_nprc-1000x569.jpg 1000w, https:\/\/pbp.womczest.edu.pl\/new\/wp-content\/uploads\/2022\/04\/logo_nprc-768x437.jpg 768w, https:\/\/pbp.womczest.edu.pl\/new\/wp-content\/uploads\/2022\/04\/logo_nprc-1536x874.jpg 1536w, https:\/\/pbp.womczest.edu.pl\/new\/wp-content\/uploads\/2022\/04\/logo_nprc-100x57.jpg 100w, https:\/\/pbp.womczest.edu.pl\/new\/wp-content\/uploads\/2022\/04\/logo_nprc-150x85.jpg 150w, https:\/\/pbp.womczest.edu.pl\/new\/wp-content\/uploads\/2022\/04\/logo_nprc-200x114.jpg 200w, https:\/\/pbp.womczest.edu.pl\/new\/wp-content\/uploads\/2022\/04\/logo_nprc-450x256.jpg 450w, https:\/\/pbp.womczest.edu.pl\/new\/wp-content\/uploads\/2022\/04\/logo_nprc-600x342.jpg 600w, https:\/\/pbp.womczest.edu.pl\/new\/wp-content\/uploads\/2022\/04\/logo_nprc-900x512.jpg 900w\" sizes=\"(max-width: 251px) 100vw, 251px\" \/><\/a><\/p>\n<ul>\n<li><a href=\"https:\/\/bip.mkidn.gov.pl\/pages\/legislacja\/programy-wieloletnie\/narodowy-program-rozwoju-czytelnictwa-2-0-na-lata-2021-2025.php\">Uchwa\u0142a Nr 69\/2021 Rady Ministr\u00f3w NPRCz 2.0. na lata 2021-2025<\/a><\/li>\n<li><a href=\"https:\/\/dziennikustaw.gov.pl\/D2021000167501.pdf\">Rozporz\u0105dzenie Rady Ministr\u00f3w z dnia 10 wrze\u015bnia 2021 r. w sprawie szczeg\u00f3\u0142owych warunk\u00f3w, form i trybu realizacji Priorytetu 3 \u201eNarodowego Programu Rozwoju Czytelnictwa 2.0. na lata 2021-2025\u201d<\/a><\/li>\n<li><a href=\"https:\/\/isap.sejm.gov.pl\/isap.nsf\/download.xsp\/WDU20230000441\/O\/D20230441.pdf\">Rozporz\u0105dzenie Rady Ministr\u00f3w z dnia 28 lutego 2023 r. zmieniaj\u0105ce rozporz\u0105dzenie w sprawie szczeg\u00f3\u0142owych warunk\u00f3w, form i trybu realizacji Priorytetu 3 \u201eNarodowego Programu Rozwoju Czytelnictwa 2.0. na lata 2021\u20132025<\/a><\/li>\n<li><a href=\"https:\/\/www.gov.pl\/web\/edukacja-i-nauka\/rozpoczyna-sie-realizacja-priorytetu-3-narodowego-programu-rozwoju-czytelnictwa-20-na-lata-2021-2025\">Formularz wniosku dyrektora plac\u00f3wki wychowania przedszkolnego oraz formularz wniosku dyrektora szko\u0142y \/ biblioteki pedagogicznej<\/a><\/li>\n<li><a href=\"https:\/\/nprcz.pl\/\">Strona internetowa NPRC<\/a><\/li>\n<li><a href=\"https:\/\/programy.edukacja.gov.pl\/programy-ministra\/narodowy-program-rozwoju-czytelnictwa-2-0-na-lata-2021-2025\/\">NPRC &#8211; Ministerstwo Edukacji i Nauki<\/a><\/li>\n<li>Przydatne materia\u0142y:<br \/>\n<a href=\"https:\/\/pbp.womczest.edu.pl\/new\/wp-content\/uploads\/2022\/04\/Ksiega-znaku-NPRCz-2.0.pdf\">&#8211; Narodowy Program Rozwoju Czytelnictwa &#8211; ksi\u0119ga znaku<\/a><br \/>\n<a href=\"https:\/\/pbp.womczest.edu.pl\/new\/wp-content\/uploads\/2022\/04\/NPRCZ20-ksiega-szablony-v01.pdf\">&#8211; Narodowy Program Rozwoju czytelnictwa &#8211; ksi\u0119ga identyfikacji wizualnej<\/a><br \/>\n<a href=\"https:\/\/pbp.womczest.edu.pl\/new\/wp-content\/uploads\/2022\/04\/rekomendacje-dla-beneficjentow.pdf\">&#8211; Rekomendacje dla beneficjent\u00f3w NPRC<\/a><\/li>\n<\/ul>\n<p>&nbsp;<\/p>\n","protected":false},"excerpt":{"rendered":"<p>Uchwa\u0142a Nr 69\/2021 Rady Ministr\u00f3w NPRCz 2.0. na lata 2021-2025 Rozporz\u0105dzenie Rady Ministr\u00f3w z dnia 10 wrze\u015bnia 2021 r. w sprawie szczeg\u00f3\u0142owych warunk\u00f3w, form i trybu realizacji Priorytetu 3 \u201eNarodowego Programu Rozwoju Czytelnictwa 2.0. na lata 2021-2025\u201d Rozporz\u0105dzenie Rady Ministr\u00f3w z dnia 28 lutego 2023 r. zmieniaj\u0105ce rozporz\u0105dzenie w sprawie szczeg\u00f3\u0142owych warunk\u00f3w, form i trybu realizacji Priorytetu 3 \u201eNarodowego Programu Rozwoju Czytelnictwa 2.0. na lata 2021\u20132025 Formularz wniosku dyrektora plac\u00f3wki<span class=\"ellipsis\">&hellip;<\/span><\/p>\n<div class=\"read-more\"><a href=\"https:\/\/pbp.womczest.edu.pl\/new\/narodowy-program-rozwoju-czytelnictwa-2-0-na-lata-2021-2025\/\">Czytaj wi\u0119cej &#8250;<\/a><\/div>\n<p><!-- end of .read-more --><\/p>\n","protected":false},"author":6,"featured_media":0,"parent":0,"menu_order":0,"comment_status":"closed","ping_status":"closed","template":"","meta":{"footnotes":""},"jetpack_sharing_enabled":true,"jetpack_shortlink":"https:\/\/wp.me\/PgmV4H-68V","_links":{"self":[{"href":"https:\/\/pbp.womczest.edu.pl\/new\/wp-json\/wp\/v2\/pages\/23617"}],"collection":[{"href":"https:\/\/pbp.womczest.edu.pl\/new\/wp-json\/wp\/v2\/pages"}],"about":[{"href":"https:\/\/pbp.womczest.edu.pl\/new\/wp-json\/wp\/v2\/types\/page"}],"author":[{"embeddable":true,"href":"https:\/\/pbp.womczest.edu.pl\/new\/wp-json\/wp\/v2\/users\/6"}],"replies":[{"embeddable":true,"href":"https:\/\/pbp.womczest.edu.pl\/new\/wp-json\/wp\/v2\/comments?post=23617"}],"version-history":[{"count":1,"href":"https:\/\/pbp.womczest.edu.pl\/new\/wp-json\/wp\/v2\/pages\/23617\/revisions"}],"predecessor-version":[{"id":23618,"href":"https:\/\/pbp.womczest.edu.pl\/new\/wp-json\/wp\/v2\/pages\/23617\/revisions\/23618"}],"wp:attachment":[{"href":"https:\/\/pbp.womczest.edu.pl\/new\/wp-json\/wp\/v2\/media?parent=23617"}],"curies":[{"name":"wp","href":"https:\/\/api.w.org\/{rel}","templated":true}]}}

<p><a href="https://pbp.womczest.edu.pl/new/wp-content/uploads/2022/04/logo_nprc.jpg"><img decoding="async" loading="lazy" class="aligncenter wp-image-20141" src="https://pbp.womczest.edu.pl/new/wp-content/uploads/2022/04/logo_nprc.jpg" alt="" width="251" height="143" srcset="https://pbp.womczest.edu.pl/new/wp-content/uploads/2022/04/logo_nprc.jpg 1922w, https://pbp.womczest.edu.pl/new/wp-content/uploads/2022/04/logo_nprc-300x171.jpg 300w, https://pbp.womczest.edu.pl/new/wp-content/uploads/2022/04/logo_nprc-1000x569.jpg 1000w, https://pbp.womczest.edu.pl/new/wp-content/uploads/2022/04/logo_nprc-768x437.jpg 768w, https://pbp.womczest.edu.pl/new/wp-content/uploads/2022/04/logo_nprc-1536x874.jpg 1536w, https://pbp.womczest.edu.pl/new/wp-content/uploads/2022/04/logo_nprc-100x57.jpg 100w, https://pbp.womczest.edu.pl/new/wp-content/uploads/2022/04/logo_nprc-150x85.jpg 150w, https://pbp.womczest.edu.pl/new/wp-content/uploads/2022/04/logo_nprc-200x114.jpg 200w, https://pbp.womczest.edu.pl/new/wp-content/uploads/2022/04/logo_nprc-450x256.jpg 450w, https://pbp.womczest.edu.pl/new/wp-content/uploads/2022/04/logo_nprc-600x342.jpg 600w, https://pbp.womczest.edu.pl/new/wp-content/uploads/2022/04/logo_nprc-900x512.jpg 900w" sizes="(max-width: 251px) 100vw, 251px" /></a></p>
<ul>
<li><a href="https://bip.mkidn.gov.pl/pages/legislacja/programy-wieloletnie/narodowy-program-rozwoju-czytelnictwa-2-0-na-lata-2021-2025.php">Uchwała Nr 69/2021 Rady Ministrów NPRCz 2.0. na lata 2021-2025</a></li>
<li><a href="https://dziennikustaw.gov.pl/D2021000167501.pdf">Rozporządzenie Rady Ministrów z dnia 10 września 2021 r. w sprawie szczegółowych warunków, form i trybu realizacji Priorytetu 3 „Narodowego Programu Rozwoju Czytelnictwa 2.0. na lata 2021-2025”</a></li>
<li><a href="https://isap.sejm.gov.pl/isap.nsf/download.xsp/WDU20230000441/O/D20230441.pdf">Rozporządzenie Rady Ministrów z dnia 28 lutego 2023 r. zmieniające rozporządzenie w sprawie szczegółowych warunków, form i trybu realizacji Priorytetu 3 „Narodowego Programu Rozwoju Czytelnictwa 2.0. na lata 2021–2025</a></li>
<li><a href="https://www.gov.pl/web/edukacja-i-nauka/rozpoczyna-sie-realizacja-priorytetu-3-narodowego-programu-rozwoju-czytelnictwa-20-na-lata-2021-2025">Formularz wniosku dyrektora placówki wychowania przedszkolnego oraz formularz wniosku dyrektora szkoły / biblioteki pedagogicznej</a></li>
<li><a href="https://nprcz.pl/">Strona internetowa NPRC</a></li>
<li><a href="https://programy.edukacja.gov.pl/programy-ministra/narodowy-program-rozwoju-czytelnictwa-2-0-na-lata-2021-2025/">NPRC &#8211; Ministerstwo Edukacji i Nauki</a></li>
<li>Przydatne materiały:<br />
<a href="https://pbp.womczest.edu.pl/new/wp-content/uploads/2022/04/Ksiega-znaku-NPRCz-2.0.pdf">&#8211; Narodowy Program Rozwoju Czytelnictwa &#8211; księga znaku</a><br />
<a href="https://pbp.womczest.edu.pl/new/wp-content/uploads/2022/04/NPRCZ20-ksiega-szablony-v01.pdf">&#8211; Narodowy Program Rozwoju czytelnictwa &#8211; księga identyfikacji wizualnej</a><br />
<a href="https://pbp.womczest.edu.pl/new/wp-content/uploads/2022/04/rekomendacje-dla-beneficjentow.pdf">&#8211; Rekomendacje dla beneficjentów NPRC</a></li>
</ul>
<p>&nbsp;</p>

<p>Uchwała Nr 69/2021 Rady Ministrów NPRCz 2.0. na lata 2021-2025 Rozporządzenie Rady Ministrów z dnia 10 września 2021 r. w sprawie szczegółowych warunków, form i trybu realizacji Priorytetu 3 „Narodowego Programu Rozwoju Czytelnictwa 2.0. na lata 2021-2025” Rozporządzenie Rady Ministrów z dnia 28 lutego 2023 r. zmieniające rozporządzenie w sprawie szczegółowych warunków, form i trybu realizacji Priorytetu 3 „Narodowego Programu Rozwoju Czytelnictwa 2.0. na lata 2021–2025 Formularz wniosku dyrektora placówki<span class="ellipsis">&hellip;</span></p>
<div class="read-more"><a href="https://pbp.womczest.edu.pl/new/narodowy-program-rozwoju-czytelnictwa-2-0-na-lata-2021-2025/">Czytaj więcej &#8250;</a></div>
<p><!-- end of .read-more --></p>
