


{"id":23194,"date":"2023-06-20T09:23:22","date_gmt":"2023-06-20T07:23:22","guid":{"rendered":"https:\/\/pbp.womczest.edu.pl\/new\/?page_id=23194"},"modified":"2023-06-20T09:23:22","modified_gmt":"2023-06-20T07:23:22","slug":"miedzyszkolny-konkurs-czytelniczy-najaktywniej-czytajacy-trzecioklasista","status":"publish","type":"page","link":"https:\/\/pbp.womczest.edu.pl\/new\/miedzyszkolny-konkurs-czytelniczy-najaktywniej-czytajacy-trzecioklasista\/","title":{"rendered":"Mi\u0119dzyszkolny konkurs czytelniczy \u201eNajaktywniej Czytaj\u0105cy Trzecioklasista\u201d"},"content":{"rendered":"<p><strong>12.06.2023 r. zosta\u0142 rozstrzygni\u0119ty mi\u0119dzyszkolny konkurs czytelniczy \u201eNajaktywniej Czytaj\u0105cy Trzecioklasista\u201d, kt\u00f3rego organizatorami by\u0142a Publiczna Biblioteka Pedagogiczna RODN \u201eWOM\u201d w Cz\u0119stochowie Filia w Lubli\u0144cu i biblioteka Szko\u0142y Podstawowej nr\u00a01 w\u00a0Lubli\u0144cu.<\/strong><\/p>\n<p><strong>I miejsce<\/strong> zaj\u0119\u0142a <strong>ALEKSANDRA \u015aL\u0118ZOK<\/strong> z Zespo\u0142u Plac\u00f3wek O\u015bwiatowych im. Unii Europejskiej w\u00a0Boronowie \u2013 230 przeczytanych ksi\u0105\u017cek, pod opiek\u0105 nauczyciela bibliotekarza &#8211; Pani Agaty Sart.<\/p>\n<p><strong>II<\/strong><strong> miejsce<\/strong> zaj\u0119\u0142a <strong>ZOFIA MINKINA<\/strong> z Zespo\u0142u Szkolno-Przedszkolnego Szko\u0142y Podstawowej im.\u00a074 GPP w Sadowie \u2013 187 przeczytanych ksi\u0105\u017cek, pod opiek\u0105 nauczyciela bibliotekarza Pani Anny Lipi\u0144skiej.<\/p>\n<p><strong>III miejsce<\/strong> zaj\u0119\u0142a <strong>EMILIA WICHER<\/strong> ze Szko\u0142y Podstawowej nr 3 im. Bohater\u00f3w Westerplatte w\u00a0Lubli\u0144cu \u2013 90 przeczytanych ksi\u0105\u017cek, pod opiek\u0105 nauczyciela bibliotekarza Pani Barbary Brewki.<\/p>\n<p><strong>GRATULUJEMY!<\/strong><\/p>\n<p>Dzi\u0119kujemy za udzia\u0142 pozosta\u0142ym uczestnikom konkursu i ich opiekunom:<\/p>\n<p><strong>JULII BARTOCHA I KAMILOWI KMIECIKOWI<\/strong> ze Szko\u0142y Podstawowej nr 3 im. Bohater\u00f3w Westerplatte w Lubli\u0144cu pod opiek\u0105 nauczyciela bibliotekarza Pani Barbary Brewki.<\/p>\n<p><strong>VANESSIE PE\u0141KA<\/strong> ze Szko\u0142y Podstawowej nr 1 im. Marii Konopnickiej w Lubli\u0144cu pod opiek\u0105 El\u017cbiety Kulisz.<\/p>\n<p><strong>NADII CUKROWSKIEJ <\/strong>ze Szko\u0142y Podstawowej im. Jana Paw\u0142a II w Psarach, pod opiek\u0105 nauczyciela bibliotekarza Pani Renaty Mazur.<\/p>\n<p><strong>JANOWI ZAWADCE<\/strong> ze Szko\u0142y Podstawowej Katolickiego Zespo\u0142u Szkolno-Przedszkolnego<br \/>\nim. \u015bw. Edyty Stein Fundacji Edukacji Katolickiej w Lubli\u0144cu, pod opiek\u0105 nauczyciela bibliotekarza Pani Liliany Mzyk.<\/p>\n<p>Konkurs przyczyni\u0142 si\u0119 do promocji czytelnictwa w\u015br\u00f3d dzieci i podkre\u015bli\u0142 znaczenie ksi\u0105\u017cek w\u00a0ich \u017cyciu. Uczestnicy przekonali si\u0119, \u017ce czytanie jest nie tylko przyjemne, ale tak\u017ce wa\u017cne dla rozwoju osobistego i intelektualnego.<\/p>\n<p style=\"text-align: right;\"><em>Olimpia Zieli\u0144ska<\/em><\/p>\n","protected":false},"excerpt":{"rendered":"<p>12.06.2023 r. zosta\u0142 rozstrzygni\u0119ty mi\u0119dzyszkolny konkurs czytelniczy \u201eNajaktywniej Czytaj\u0105cy Trzecioklasista\u201d, kt\u00f3rego organizatorami by\u0142a Publiczna Biblioteka Pedagogiczna RODN \u201eWOM\u201d w Cz\u0119stochowie Filia w Lubli\u0144cu i biblioteka Szko\u0142y Podstawowej nr\u00a01 w\u00a0Lubli\u0144cu. I miejsce zaj\u0119\u0142a ALEKSANDRA \u015aL\u0118ZOK z Zespo\u0142u Plac\u00f3wek O\u015bwiatowych im. Unii Europejskiej w\u00a0Boronowie \u2013 230 przeczytanych ksi\u0105\u017cek, pod opiek\u0105 nauczyciela bibliotekarza &#8211; Pani Agaty Sart. II miejsce zaj\u0119\u0142a ZOFIA MINKINA z Zespo\u0142u Szkolno-Przedszkolnego Szko\u0142y Podstawowej im.\u00a074 GPP w Sadowie \u2013 187<span class=\"ellipsis\">&hellip;<\/span><\/p>\n<div class=\"read-more\"><a href=\"https:\/\/pbp.womczest.edu.pl\/new\/miedzyszkolny-konkurs-czytelniczy-najaktywniej-czytajacy-trzecioklasista\/\">Czytaj wi\u0119cej &#8250;<\/a><\/div>\n<p><!-- end of .read-more --><\/p>\n","protected":false},"author":6,"featured_media":0,"parent":0,"menu_order":0,"comment_status":"closed","ping_status":"closed","template":"","meta":{"footnotes":""},"jetpack_sharing_enabled":true,"jetpack_shortlink":"https:\/\/wp.me\/PgmV4H-626","_links":{"self":[{"href":"https:\/\/pbp.womczest.edu.pl\/new\/wp-json\/wp\/v2\/pages\/23194"}],"collection":[{"href":"https:\/\/pbp.womczest.edu.pl\/new\/wp-json\/wp\/v2\/pages"}],"about":[{"href":"https:\/\/pbp.womczest.edu.pl\/new\/wp-json\/wp\/v2\/types\/page"}],"author":[{"embeddable":true,"href":"https:\/\/pbp.womczest.edu.pl\/new\/wp-json\/wp\/v2\/users\/6"}],"replies":[{"embeddable":true,"href":"https:\/\/pbp.womczest.edu.pl\/new\/wp-json\/wp\/v2\/comments?post=23194"}],"version-history":[{"count":1,"href":"https:\/\/pbp.womczest.edu.pl\/new\/wp-json\/wp\/v2\/pages\/23194\/revisions"}],"predecessor-version":[{"id":23195,"href":"https:\/\/pbp.womczest.edu.pl\/new\/wp-json\/wp\/v2\/pages\/23194\/revisions\/23195"}],"wp:attachment":[{"href":"https:\/\/pbp.womczest.edu.pl\/new\/wp-json\/wp\/v2\/media?parent=23194"}],"curies":[{"name":"wp","href":"https:\/\/api.w.org\/{rel}","templated":true}]}}