


{"id":23180,"date":"2023-06-16T12:21:36","date_gmt":"2023-06-16T10:21:36","guid":{"rendered":"https:\/\/pbp.womczest.edu.pl\/new\/?page_id=23180"},"modified":"2023-07-05T09:10:41","modified_gmt":"2023-07-05T07:10:41","slug":"biblioteka-szkolna-jako-przestrzen-edukacyjna-terapeutyczna-i-relaksacyjna-dzieci-i-mlodziezy","status":"publish","type":"page","link":"https:\/\/pbp.womczest.edu.pl\/new\/biblioteka-szkolna-jako-przestrzen-edukacyjna-terapeutyczna-i-relaksacyjna-dzieci-i-mlodziezy\/","title":{"rendered":"Biblioteka szkolna jako przestrze\u0144 edukacyjna, terapeutyczna i relaksacyjna dzieci i m\u0142odzie\u017cy"},"content":{"rendered":"<div id=\"content\" class=\"grid col-620\" role=\"main\">\n<div id=\"post-22564\" class=\"post-22564 page type-page status-publish hentry\">\n<div class=\"post-entry\">\n<div class=\"wp-block-image\">\n<div class=\"wp-block-image\">\n<p>Publiczna Biblioteka Pedagogiczna RODN \u201eWOM\u201d w\u00a0Cz\u0119stochowie Filia w\u00a0Lubli\u0144cu zako\u0144czy\u0142a realizacj\u0119\u00a0sieci wsp\u00f3\u0142pracy i\u00a0samokszta\u0142cenia pt<em>.\u00a0<\/em><em>Biblioteka szkolna jako przestrze\u0144 edukacyjna, terapeutyczna i\u00a0relaksacyjna dzieci i\u00a0m\u0142odzie\u017cy. Nauczyciele uczestniczyli w\u00a0spotkaniach w\u00a0okresie od\u00a026 kwietnia do\u00a031 maja 2023\u00a0r. Koordynatorami sieci byli nauczyciele bibliotekarze: Olimpia Zieli\u0144ska, Anna Bidzi\u0144ska-Kristof, Ma\u0142gorzata Goinda. Uczestnicy sieci podczas wsp\u00f3lnych warsztat\u00f3w dzielili si\u0119 do\u015bwiadczeniem i\u00a0nabywali nowe umiej\u0119tno\u015bci przydatne w\u00a0pracy zawodowej.\u00a0<\/em><\/p>\n<p>W\u00a0ramach sieci odby\u0142y si\u0119 3 spotkania:<br \/>\n<em>&#8211; Dzia\u0142ania biblioteki szkolnej wspieraj\u0105ce bezpiecze\u0144stwo dzieci i m\u0142odzie\u017cy w cyberprzestrzeni \u2013 spotkanie online.<br \/>\n<\/em><em>&#8211; Gry i zabawy w bibliotece.<br \/>\n<\/em><em>&#8211; Bajka terapeutyczna jako forma pracy z uczniem w bibliotece.<\/em><\/p>\n<p>Zosta\u0142y zrealizowane g\u0142\u00f3wne cele sieci:<br \/>\n1. Promowanie dzia\u0142a\u0144 bibliotek szkolnych w\u00a0zakresie edukacji, terapii i\u00a0zabawy jako r\u00f3\u017cnych form pracy z\u00a0uczniem.<br \/>\n2. Wspieranie nauczycieli bibliotekarzy w\u00a0prowadzeniu zaj\u0119\u0107 w\u00a0bibliotece szkolnej.<br \/>\n3. Wymiana do\u015bwiadcze\u0144 i\u00a0dzielenie si\u0119 dobrymi praktykami mi\u0119dzy nauczycielami bibliotekarzami.<\/p>\n<p>Uczestnicy sieci:<br \/>\n\u2013 poznali przyk\u0142ady prowadzenia zaj\u0119\u0107 nt.\u00a0bezpiecze\u0144stwa w\u00a0cyberprzestrzeni i\u00a0zagro\u017ce\u0144 wynikaj\u0105cych z\u00a0nieumiej\u0119tnego korzystania z\u00a0medi\u00f3w spo\u0142eczno\u015bciowych.<br \/>\n\u2013 zapoznali si\u0119 z\u00a0literatur\u0105 terapeutyczn\u0105 i\u00a0jej praktycznym wykorzystaniem w\u00a0kontek\u015bcie sytuacji psychospo\u0142ecznej dziecka.<br \/>\n\u2013 dowiedzieli si\u0119 o\u00a0r\u00f3\u017cnych formach zaj\u0119\u0107 relaksacyjnych z\u00a0wykorzystaniem gier i\u00a0zabaw.<\/p>\n<p>&nbsp;<\/p>\n<p style=\"text-align: right;\"><em>Olimpia Zieli\u0144ska<\/em><\/p>\n<\/div>\n<\/div>\n<\/div>\n<\/div>\n<\/div>\n","protected":false},"excerpt":{"rendered":"<p>Publiczna Biblioteka Pedagogiczna RODN \u201eWOM\u201d w\u00a0Cz\u0119stochowie Filia w\u00a0Lubli\u0144cu zako\u0144czy\u0142a realizacj\u0119\u00a0sieci wsp\u00f3\u0142pracy i\u00a0samokszta\u0142cenia pt.\u00a0Biblioteka szkolna jako przestrze\u0144 edukacyjna, terapeutyczna i\u00a0relaksacyjna dzieci i\u00a0m\u0142odzie\u017cy. Nauczyciele uczestniczyli w\u00a0spotkaniach w\u00a0okresie od\u00a026 kwietnia do\u00a031 maja 2023\u00a0r. Koordynatorami sieci byli nauczyciele bibliotekarze: Olimpia Zieli\u0144ska, Anna Bidzi\u0144ska-Kristof, Ma\u0142gorzata Goinda. Uczestnicy sieci podczas wsp\u00f3lnych warsztat\u00f3w dzielili si\u0119 do\u015bwiadczeniem i\u00a0nabywali nowe umiej\u0119tno\u015bci przydatne w\u00a0pracy zawodowej.\u00a0 W\u00a0ramach sieci odby\u0142y si\u0119 3 spotkania: &#8211; Dzia\u0142ania biblioteki szkolnej wspieraj\u0105ce bezpiecze\u0144stwo dzieci i m\u0142odzie\u017cy<span class=\"ellipsis\">&hellip;<\/span><\/p>\n<div class=\"read-more\"><a href=\"https:\/\/pbp.womczest.edu.pl\/new\/biblioteka-szkolna-jako-przestrzen-edukacyjna-terapeutyczna-i-relaksacyjna-dzieci-i-mlodziezy\/\">Czytaj wi\u0119cej &#8250;<\/a><\/div>\n<p><!-- end of .read-more --><\/p>\n","protected":false},"author":6,"featured_media":0,"parent":0,"menu_order":0,"comment_status":"closed","ping_status":"closed","template":"full-width-page.php","meta":{"footnotes":""},"jetpack_sharing_enabled":true,"jetpack_shortlink":"https:\/\/wp.me\/PgmV4H-61S","_links":{"self":[{"href":"https:\/\/pbp.womczest.edu.pl\/new\/wp-json\/wp\/v2\/pages\/23180"}],"collection":[{"href":"https:\/\/pbp.womczest.edu.pl\/new\/wp-json\/wp\/v2\/pages"}],"about":[{"href":"https:\/\/pbp.womczest.edu.pl\/new\/wp-json\/wp\/v2\/types\/page"}],"author":[{"embeddable":true,"href":"https:\/\/pbp.womczest.edu.pl\/new\/wp-json\/wp\/v2\/users\/6"}],"replies":[{"embeddable":true,"href":"https:\/\/pbp.womczest.edu.pl\/new\/wp-json\/wp\/v2\/comments?post=23180"}],"version-history":[{"count":5,"href":"https:\/\/pbp.womczest.edu.pl\/new\/wp-json\/wp\/v2\/pages\/23180\/revisions"}],"predecessor-version":[{"id":23290,"href":"https:\/\/pbp.womczest.edu.pl\/new\/wp-json\/wp\/v2\/pages\/23180\/revisions\/23290"}],"wp:attachment":[{"href":"https:\/\/pbp.womczest.edu.pl\/new\/wp-json\/wp\/v2\/media?parent=23180"}],"curies":[{"name":"wp","href":"https:\/\/api.w.org\/{rel}","templated":true}]}}