


{"id":22242,"date":"2023-03-02T12:17:25","date_gmt":"2023-03-02T11:17:25","guid":{"rendered":"https:\/\/pbp.womczest.edu.pl\/new\/?page_id=22242"},"modified":"2023-03-02T12:17:25","modified_gmt":"2023-03-02T11:17:25","slug":"bajka-dobra-na-wszystko-nawet-na-covid-19","status":"publish","type":"page","link":"https:\/\/pbp.womczest.edu.pl\/new\/bajka-dobra-na-wszystko-nawet-na-covid-19\/","title":{"rendered":"Bajka dobra na wszystko nawet na COVID-19"},"content":{"rendered":"<p>W\u00a0miesi\u0105cu pa\u017adzierniku zako\u0144czyli\u015bmy\u00a0 w\u00a0klasie II\u00a0i\u00a0III Zespo\u0142u Szkolno-Przedszkolnego w\u00a0Lelowie zaj\u0119cia czytelnicze pod\u00a0nazw\u0105\u00a0<strong>\u201eBajka dobra na\u00a0wszystko nawet na\u00a0COVID-19\u201d\u00a0<\/strong>. Polega\u0142y one na\u00a0g\u0142o\u015bnym czytaniu opowiada\u0144 zwi\u0105zanych z\u00a0tematyk\u0105 COVID-19 i\u00a0rozmowie o\u00a0do\u015bwiadczeniach dzieci w\u00a0tym zakresie.<\/p>\n<p>W\u00a0czasie od\u00a014.09.2021 r. do\u00a026.10.2021 r. odby\u0142o si\u0119 po\u00a0sze\u015b\u0107 spotka\u0144 w\u00a0ka\u017cdej klasie.<\/p>\n<p>Celem zaj\u0119\u0107 by\u0142a pomoc w zrozumieniu wyj\u0105tkowej sytuacji jak\u0105 jest pandemia, ochrona przed l\u0119kiem zwi\u0105zanym z niebezpiecze\u0144stwem, odpr\u0119\u017cenie, uspokojenie i wyciszenie emocji oraz uczenie wzajemnej empatii.\u00a0Paniom Wychowawczyniom dzi\u0119kujemy za wsp\u00f3\u0142prac\u0119.<\/p>\n<p style=\"text-align: right;\"><em>Tekst: Dorota Kulawiak<\/em><\/p>\n","protected":false},"excerpt":{"rendered":"<p>W\u00a0miesi\u0105cu pa\u017adzierniku zako\u0144czyli\u015bmy\u00a0 w\u00a0klasie II\u00a0i\u00a0III Zespo\u0142u Szkolno-Przedszkolnego w\u00a0Lelowie zaj\u0119cia czytelnicze pod\u00a0nazw\u0105\u00a0\u201eBajka dobra na\u00a0wszystko nawet na\u00a0COVID-19\u201d\u00a0. Polega\u0142y one na\u00a0g\u0142o\u015bnym czytaniu opowiada\u0144 zwi\u0105zanych z\u00a0tematyk\u0105 COVID-19 i\u00a0rozmowie o\u00a0do\u015bwiadczeniach dzieci w\u00a0tym zakresie. W\u00a0czasie od\u00a014.09.2021 r. do\u00a026.10.2021 r. odby\u0142o si\u0119 po\u00a0sze\u015b\u0107 spotka\u0144 w\u00a0ka\u017cdej klasie. Celem zaj\u0119\u0107 by\u0142a pomoc w zrozumieniu wyj\u0105tkowej sytuacji jak\u0105 jest pandemia, ochrona przed l\u0119kiem zwi\u0105zanym z niebezpiecze\u0144stwem, odpr\u0119\u017cenie, uspokojenie i wyciszenie emocji oraz uczenie wzajemnej empatii.\u00a0Paniom Wychowawczyniom dzi\u0119kujemy za wsp\u00f3\u0142prac\u0119. Tekst:<span class=\"ellipsis\">&hellip;<\/span><\/p>\n<div class=\"read-more\"><a href=\"https:\/\/pbp.womczest.edu.pl\/new\/bajka-dobra-na-wszystko-nawet-na-covid-19\/\">Czytaj wi\u0119cej &#8250;<\/a><\/div>\n<p><!-- end of .read-more --><\/p>\n","protected":false},"author":6,"featured_media":0,"parent":0,"menu_order":0,"comment_status":"closed","ping_status":"closed","template":"","meta":{"footnotes":""},"jetpack_sharing_enabled":true,"jetpack_shortlink":"https:\/\/wp.me\/PgmV4H-5MK","_links":{"self":[{"href":"https:\/\/pbp.womczest.edu.pl\/new\/wp-json\/wp\/v2\/pages\/22242"}],"collection":[{"href":"https:\/\/pbp.womczest.edu.pl\/new\/wp-json\/wp\/v2\/pages"}],"about":[{"href":"https:\/\/pbp.womczest.edu.pl\/new\/wp-json\/wp\/v2\/types\/page"}],"author":[{"embeddable":true,"href":"https:\/\/pbp.womczest.edu.pl\/new\/wp-json\/wp\/v2\/users\/6"}],"replies":[{"embeddable":true,"href":"https:\/\/pbp.womczest.edu.pl\/new\/wp-json\/wp\/v2\/comments?post=22242"}],"version-history":[{"count":1,"href":"https:\/\/pbp.womczest.edu.pl\/new\/wp-json\/wp\/v2\/pages\/22242\/revisions"}],"predecessor-version":[{"id":22244,"href":"https:\/\/pbp.womczest.edu.pl\/new\/wp-json\/wp\/v2\/pages\/22242\/revisions\/22244"}],"wp:attachment":[{"href":"https:\/\/pbp.womczest.edu.pl\/new\/wp-json\/wp\/v2\/media?parent=22242"}],"curies":[{"name":"wp","href":"https:\/\/api.w.org\/{rel}","templated":true}]}}