


{"id":22191,"date":"2023-03-01T14:25:42","date_gmt":"2023-03-01T13:25:42","guid":{"rendered":"https:\/\/pbp.womczest.edu.pl\/new\/?page_id=22191"},"modified":"2023-03-01T14:25:42","modified_gmt":"2023-03-01T13:25:42","slug":"czytanie-wartosci-2020-2021","status":"publish","type":"page","link":"https:\/\/pbp.womczest.edu.pl\/new\/czytanie-wartosci-2020-2021\/","title":{"rendered":"Czytanie warto\u015bci 2020\/2021"},"content":{"rendered":"<p>W\u00a0ramach projektu\u00a0<strong><em>Czytanie warto\u015bci<\/em><\/strong>\u00a0zako\u0144czyli\u015bmy si\u00f3dm\u0105 edycj\u0119 spotka\u0144 z\u00a0uczniami klasy I\u00a0Zespo\u0142u Szkolno-Przedszkolnego w\u00a0Lelowie.<\/p>\n<p>Realizacja zaj\u0119\u0107 rozpocz\u0119\u0142a si\u0119 planowo\u00a007.10.2020 r., jednak ze\u00a0wzgl\u0119du na\u00a0sytuacj\u0119 epidemiologiczn\u0105 w\u00a0kraju COVID-19 i\u00a0nauk\u0119 zdaln\u0105 uczni\u00f3w cz\u0119\u015b\u0107 spotka\u0144 uleg\u0142a przesuni\u0119ciu. Projekt zako\u0144czy\u0142 si\u0119\u00a017.03.2021 r.<\/p>\n<p>Og\u00f3\u0142em odby\u0142o si\u0119 10 spotka\u0144, kt\u00f3rych\u00a0celem by\u0142o skierowanie uwagi dzieci na\u00a0ponadczasowy przekaz warto\u015bci zawartych w\u00a0bajkach, ba\u015bniach, opowiadaniach. Tematyka czytanych pozycji dotyczy\u0142a czterech obszar\u00f3w: szacunku, uczciwo\u015bci, odpowiedzialno\u015bci, rodziny-emocji. Czytanie o\u00a0ka\u017cdej z\u00a0tych warto\u015bci poprzedzone by\u0142o jej om\u00f3wieniem i\u00a0zach\u0119caniem do\u00a0w\u0142a\u015bciwego post\u0119powania.<\/p>\n<p>Uczniowie ch\u0119tnie uczestniczyli w\u00a0organizowanych zaj\u0119ciach, zdobywali wiedz\u0119 na\u00a0temat systemu warto\u015bci w\u00a0przekonaniu, \u017ce\u00a0warto w\u00a0\u017cyciu post\u0119powa\u0107 zgodnie z\u00a0zasadami. Potrafili oceni\u0107 zachowanie i\u00a0post\u0119powanie ksi\u0105\u017ckowych bohater\u00f3w oraz\u00a0por\u00f3wna\u0107 je\u00a0do\u00a0r\u00f3\u017cnych, znanych sobie sytuacji.<\/p>\n<p><strong>W\u00a0projekcie wykorzystano m.in.\u00a0pozycje ksi\u0105\u017ckowe zakupione ze\u00a0\u015brodk\u00f3w Narodowego Programu Rozwoju Czytelnictwa.<\/strong>\u00a0W\u00a0rol\u0119 lektor\u00f3w wcielili si\u0119 nauczyciele bibliotekarze PBP RODN \u201eWOM\u201d w\u00a0Cz\u0119stochowie Filia w\u00a0Lelowie.<\/p>\n<p style=\"text-align: right;\"><em>Tekst: Dorota Kulawiak<\/em><\/p>\n","protected":false},"excerpt":{"rendered":"<p>W\u00a0ramach projektu\u00a0Czytanie warto\u015bci\u00a0zako\u0144czyli\u015bmy si\u00f3dm\u0105 edycj\u0119 spotka\u0144 z\u00a0uczniami klasy I\u00a0Zespo\u0142u Szkolno-Przedszkolnego w\u00a0Lelowie. Realizacja zaj\u0119\u0107 rozpocz\u0119\u0142a si\u0119 planowo\u00a007.10.2020 r., jednak ze\u00a0wzgl\u0119du na\u00a0sytuacj\u0119 epidemiologiczn\u0105 w\u00a0kraju COVID-19 i\u00a0nauk\u0119 zdaln\u0105 uczni\u00f3w cz\u0119\u015b\u0107 spotka\u0144 uleg\u0142a przesuni\u0119ciu. Projekt zako\u0144czy\u0142 si\u0119\u00a017.03.2021 r. Og\u00f3\u0142em odby\u0142o si\u0119 10 spotka\u0144, kt\u00f3rych\u00a0celem by\u0142o skierowanie uwagi dzieci na\u00a0ponadczasowy przekaz warto\u015bci zawartych w\u00a0bajkach, ba\u015bniach, opowiadaniach. Tematyka czytanych pozycji dotyczy\u0142a czterech obszar\u00f3w: szacunku, uczciwo\u015bci, odpowiedzialno\u015bci, rodziny-emocji. Czytanie o\u00a0ka\u017cdej z\u00a0tych warto\u015bci poprzedzone by\u0142o jej om\u00f3wieniem i\u00a0zach\u0119caniem<span class=\"ellipsis\">&hellip;<\/span><\/p>\n<div class=\"read-more\"><a href=\"https:\/\/pbp.womczest.edu.pl\/new\/czytanie-wartosci-2020-2021\/\">Czytaj wi\u0119cej &#8250;<\/a><\/div>\n<p><!-- end of .read-more --><\/p>\n","protected":false},"author":6,"featured_media":0,"parent":0,"menu_order":0,"comment_status":"closed","ping_status":"closed","template":"","meta":{"footnotes":""},"jetpack_sharing_enabled":true,"jetpack_shortlink":"https:\/\/wp.me\/PgmV4H-5LV","_links":{"self":[{"href":"https:\/\/pbp.womczest.edu.pl\/new\/wp-json\/wp\/v2\/pages\/22191"}],"collection":[{"href":"https:\/\/pbp.womczest.edu.pl\/new\/wp-json\/wp\/v2\/pages"}],"about":[{"href":"https:\/\/pbp.womczest.edu.pl\/new\/wp-json\/wp\/v2\/types\/page"}],"author":[{"embeddable":true,"href":"https:\/\/pbp.womczest.edu.pl\/new\/wp-json\/wp\/v2\/users\/6"}],"replies":[{"embeddable":true,"href":"https:\/\/pbp.womczest.edu.pl\/new\/wp-json\/wp\/v2\/comments?post=22191"}],"version-history":[{"count":1,"href":"https:\/\/pbp.womczest.edu.pl\/new\/wp-json\/wp\/v2\/pages\/22191\/revisions"}],"predecessor-version":[{"id":22192,"href":"https:\/\/pbp.womczest.edu.pl\/new\/wp-json\/wp\/v2\/pages\/22191\/revisions\/22192"}],"wp:attachment":[{"href":"https:\/\/pbp.womczest.edu.pl\/new\/wp-json\/wp\/v2\/media?parent=22191"}],"curies":[{"name":"wp","href":"https:\/\/api.w.org\/{rel}","templated":true}]}}