


{"id":22098,"date":"2023-02-28T13:54:51","date_gmt":"2023-02-28T12:54:51","guid":{"rendered":"https:\/\/pbp.womczest.edu.pl\/new\/?page_id=22098"},"modified":"2023-02-28T13:54:51","modified_gmt":"2023-02-28T12:54:51","slug":"litery-znam-wiec-czytam-sam","status":"publish","type":"page","link":"https:\/\/pbp.womczest.edu.pl\/new\/litery-znam-wiec-czytam-sam\/","title":{"rendered":"Litery znam, wi\u0119c czytam sam"},"content":{"rendered":"<p>Dnia 27 kwietnia 2022 r. w\u00a0Publicznej Bibliotece Pedagogicznej RODN \u201eWOM\u201d w\u00a0Cz\u0119stochowie Filia w\u00a0Lelowie odby\u0142a si\u0119 VI edycja konkursu pi\u0119knego czytania\u00a0<strong><em>Litery znam, wi\u0119c\u00a0czytam sam.<\/em><\/strong><\/p>\n<p>Adresatami konkursu byli uczniowie klas III szk\u00f3\u0142 podstawowych\u00a0 z\u00a0terenu Gminy Lel\u00f3w: Zespo\u0142u Szkolno-Przedszkolnego w\u00a0Lelowie, Szko\u0142y Podstawowej w\u00a0Podlesiu, Szko\u0142y Podstawowej w\u00a0\u015al\u0119zanach.<\/p>\n<p>Na pocz\u0105tki spotkania uczniowie czytali\u00a0 tekst wyuczony, a nast\u0119pnie losowali nowe teksty \u2013 zwi\u0105zane z histori\u0105 Polski i patriotyzmem.<\/p>\n<p>Ocenie podlega\u0142y: p\u0142ynno\u015b\u0107, bezb\u0142\u0119dno\u015b\u0107 czytania, dykcja, interpretacja czytanego tekstu.<\/p>\n<p><strong>Zmagania uczestnik\u00f3w konkursu ocenia\u0142a komisja, kt\u00f3ra\u00a0przyzna\u0142a nast\u0119puj\u0105ce miejsca:<\/strong><\/p>\n<p><strong>I\u00a0miejsce \u2013\u00a0\u00a0 Natalia G\u00f3ral\u00a0 \u2013 Zesp\u00f3\u0142 Szkolno-Przedszkolny w Lelowie<\/strong><\/p>\n<p><strong>II\u00a0miejsce \u2013\u00a0 Marcelina Dziura \u2013 Zesp\u00f3\u0142 Szkolno-Przedszkolny w Lelowie<\/strong><\/p>\n<p><strong>III\u00a0miejsce \u2013\u00a0 Franciszek Nowi\u0144ski \u2013 Szko\u0142a Podstawowa w Podlesiu<\/strong><\/p>\n<p><strong>Wyr\u00f3\u017cnienie \u2013 Alicja Konieczko \u2013 Szko\u0142a Podstawowa w\u00a0\u015al\u0119zanach<\/strong><\/p>\n<p>Podsumowanie konkursu, og\u0142oszenie wynik\u00f3w i\u00a0wr\u0119czenie nagr\u00f3d odby\u0142o si\u0119 tego samego dnia.<\/p>\n<p style=\"text-align: right;\"><em>Tekst i zdj\u0119cia: Dorota Kulawiak<\/em><\/p>\n","protected":false},"excerpt":{"rendered":"<p>Dnia 27 kwietnia 2022 r. w\u00a0Publicznej Bibliotece Pedagogicznej RODN \u201eWOM\u201d w\u00a0Cz\u0119stochowie Filia w\u00a0Lelowie odby\u0142a si\u0119 VI edycja konkursu pi\u0119knego czytania\u00a0Litery znam, wi\u0119c\u00a0czytam sam. Adresatami konkursu byli uczniowie klas III szk\u00f3\u0142 podstawowych\u00a0 z\u00a0terenu Gminy Lel\u00f3w: Zespo\u0142u Szkolno-Przedszkolnego w\u00a0Lelowie, Szko\u0142y Podstawowej w\u00a0Podlesiu, Szko\u0142y Podstawowej w\u00a0\u015al\u0119zanach. Na pocz\u0105tki spotkania uczniowie czytali\u00a0 tekst wyuczony, a nast\u0119pnie losowali nowe teksty \u2013 zwi\u0105zane z histori\u0105 Polski i patriotyzmem. Ocenie podlega\u0142y: p\u0142ynno\u015b\u0107, bezb\u0142\u0119dno\u015b\u0107 czytania, dykcja, interpretacja czytanego<span class=\"ellipsis\">&hellip;<\/span><\/p>\n<div class=\"read-more\"><a href=\"https:\/\/pbp.womczest.edu.pl\/new\/litery-znam-wiec-czytam-sam\/\">Czytaj wi\u0119cej &#8250;<\/a><\/div>\n<p><!-- end of .read-more --><\/p>\n","protected":false},"author":6,"featured_media":0,"parent":0,"menu_order":0,"comment_status":"closed","ping_status":"closed","template":"","meta":{"footnotes":""},"jetpack_sharing_enabled":true,"jetpack_shortlink":"https:\/\/wp.me\/PgmV4H-5Kq","_links":{"self":[{"href":"https:\/\/pbp.womczest.edu.pl\/new\/wp-json\/wp\/v2\/pages\/22098"}],"collection":[{"href":"https:\/\/pbp.womczest.edu.pl\/new\/wp-json\/wp\/v2\/pages"}],"about":[{"href":"https:\/\/pbp.womczest.edu.pl\/new\/wp-json\/wp\/v2\/types\/page"}],"author":[{"embeddable":true,"href":"https:\/\/pbp.womczest.edu.pl\/new\/wp-json\/wp\/v2\/users\/6"}],"replies":[{"embeddable":true,"href":"https:\/\/pbp.womczest.edu.pl\/new\/wp-json\/wp\/v2\/comments?post=22098"}],"version-history":[{"count":1,"href":"https:\/\/pbp.womczest.edu.pl\/new\/wp-json\/wp\/v2\/pages\/22098\/revisions"}],"predecessor-version":[{"id":22099,"href":"https:\/\/pbp.womczest.edu.pl\/new\/wp-json\/wp\/v2\/pages\/22098\/revisions\/22099"}],"wp:attachment":[{"href":"https:\/\/pbp.womczest.edu.pl\/new\/wp-json\/wp\/v2\/media?parent=22098"}],"curies":[{"name":"wp","href":"https:\/\/api.w.org\/{rel}","templated":true}]}}