


{"id":20228,"date":"2022-04-13T13:33:09","date_gmt":"2022-04-13T11:33:09","guid":{"rendered":"https:\/\/pbp.womczest.edu.pl\/new\/?page_id=20228"},"modified":"2022-06-14T14:25:40","modified_gmt":"2022-06-14T12:25:40","slug":"rok-marii-konopnickiej","status":"publish","type":"page","link":"https:\/\/pbp.womczest.edu.pl\/new\/rok-marii-konopnickiej\/","title":{"rendered":"Rok Marii Konopnickiej"},"content":{"rendered":"<p><strong>Sejm Rzeczypospolitej Polskiej, doceniaj\u0105c literacki dorobek Marii Konopnickiej oraz jej wk\u0142ad w dzia\u0142alno\u015b\u0107 patriotyczn\u0105, ustanowi\u0142 rok 2022 Rokiem Marii Konopnickiej<\/strong>:<br \/>\n<a href=\"https:\/\/isap.sejm.gov.pl\/isap.nsf\/download.xsp\/WMP20210000990\/O\/M20210990.pdf\">https:\/\/isap.sejm.gov.pl\/isap.nsf\/download.xsp\/WMP20210000990\/O\/M20210990.pdf<\/a><\/p>\n<p>&nbsp;<\/p>\n<p><strong>Maria Stanis\u0142awa Konopnicka<\/strong>\u00a0z domu\u00a0Wasi\u0142owska,\u00a0urodzi\u0142a si\u0119\u00a023 maja\u00a01842 roku\u00a0w\u00a0Suwa\u0142kach. Polska poetka i nowelistka okresu pozytywizmu,\u00a0krytyczka literacka, publicystka i t\u0142umaczka; jedna z najwybitniejszych pisarek w\u00a0historii literatury polskiej. U\u017cywa\u0142a\u00a0pseudonim\u00f3w: .\u00a0\u201eM. K.\u201d, \u201eK.\u201d, \u201eKo-mar\u201d, \u201eJan Sawa\u201d, \u201eMarko\u201d, \u201eJan War\u0119\u017c\u201d, \u201eHumanus\u201d, \u201eUrsus\u201d, \u201eMruczys\u0142aw Pazurek\u201d. <strong>\u00a0<\/strong>We wrze\u015bniu 1862 w kaliskim ko\u015bciele \u015bw. Miko\u0142aja Biskupa Maria Wasi\u0142owska po\u015blubi\u0142a Jaros\u0142awa Konopnickiego herbu Jastrz\u0119biec, starszego od niej o 12 lat. W czasie dziesi\u0119ciu lat ma\u0142\u017ce\u0144stwa Maria urodzi\u0142a o\u015bmioro dzieci.<\/p>\n<p>Maria Konopnicka debiutowa\u0142a w 1870 w Kaliszu wierszem W zimowy poranek og\u0142oszonym pod pseudonimem \u201eMarko\u201d w dzienniku \u201eKaliszanin\u201d; utw\u00f3r zosta\u0142 dobrze przyj\u0119ty. Kaliszowi po\u015bwi\u0119ci\u0142a trzy utwory poetyckie: dwa zatytu\u0142owane Kaliszowi (1888, 1907) i Memu miastu (1897). W latach 1884\u20131886 redagowa\u0142a pismo dla kobiet \u201e\u015awit\u201d; pr\u00f3buj\u0105c zradykalizowa\u0107 jego program, wywo\u0142a\u0142a sprzeciw zachowawczej opinii i cenzury. Wsp\u00f3\u0142pracowa\u0142a z tygodnikiem dla kobiet \u201eBluszcz\u201d. Otrzyma\u0142a tytu\u0142 cz\u0142onka honorowego Towarzystwa Szko\u0142y Ludowej. Nowele pisa\u0142a od pocz\u0105tku lat osiemdziesi\u0105tych XIX wieku a\u017c do \u015bmierci. Maria Konopnicka zajmowa\u0142a si\u0119 tak\u017ce krytyk\u0105 literack\u0105, kt\u00f3r\u0105 uprawia\u0142a od 1881, pocz\u0105tkowo na \u0142amach \u201eK\u0142os\u00f3w\u201d, \u201e\u015awitu\u201d, \u201eGazety Polskiej\u201d, \u201eKuriera Warszawskiego\u201d, nast\u0119pnie w wielu innych pismach. Do 1890 przewa\u017ca\u0142y artyku\u0142y recenzyjne o tekstach wsp\u00f3\u0142czesnych autor\u00f3w polskich i zagranicznych. Konopnicka jest znana z cz\u0119\u015bci swojego dorobku obejmuj\u0105cego proz\u0119 i tworzonego dla dzieci. Utwory Konopnickiej dla dzieci og\u0142aszane od 1884, eliminuj\u0105ce natr\u0119tny dydaktyzm, rozbudzaj\u0105ce wra\u017cliwo\u015b\u0107 odbiorc\u00f3w by\u0142y nowo\u015bci\u0105 w tej dziedzinie pisarstwa. Utwory Konopnickiej zawieraj\u0105 protest przeciwko niesprawiedliwo\u015bci spo\u0142ecznej oraz ustrojowi nios\u0105cemu ucisk i krzywd\u0119. Nacechowane s\u0105 patriotyzmem, liryzmem i sentymentalizmem.<\/p>\n<p>Maria Konopnicka zmar\u0142a na zapalenie p\u0142uc 8 pa\u017adziernika 1910 w sanatorium \u201eKisielki\u201d we Lwowie. Zosta\u0142a pochowana 11 pa\u017adziernika 1910 na cmentarzu \u0141yczakowskim we Lwowie, w Panteonie Wielkich Lwowian.<\/p>\n<p><em>\u0179r\u00f3d\u0142o: <a href=\"https:\/\/pl.wikipedia.org\/wiki\/Maria_Konopnicka\">https:\/\/pl.wikipedia.org\/wiki\/Maria_Konopnicka<\/a> <\/em><\/p>\n<p><strong>Przydane linki:<\/strong><\/p>\n<ul>\n<li><a href=\"https:\/\/culture.pl\/pl\/tworca\/maria-konopnicka\">Konopnicka \u017cycie i tw\u00f3rczo\u015b\u0107\u00a0<\/a><\/li>\n<li><a href=\"https:\/\/repozytorium.uwb.edu.pl\/jspui\/bitstream\/11320\/2708\/1\/Zofia%20Redlarska_Tw%C3%B3rczo%C5%9B%C4%87%20Marii%20Konopnickiej%20w%20edukacji%20dziecka.pdf\">Tw\u00f3rczo\u015b\u0107 Marii Konopnickiej w edukacji dziecka<\/a><\/li>\n<li><a href=\"http:\/\/bazekon.icm.edu.pl\/bazekon\/element\/bwmeta1.element.ekon-element-000171531790\">Literacki \u015bwiat Marii Konopnickiej (1842-1910) i jego warto\u015bci edukacyjne<\/a><\/li>\n<li><a href=\"https:\/\/ruj.uj.edu.pl\/xmlui\/bitstream\/handle\/item\/50112\/sokalska_poezja_marii_konopnickiej_i_piesn_2011.pdf?sequence=1&amp;isAllowed=y\">Poezja Marii Konopnickiej i pie\u015b\u0144<\/a><\/li>\n<li><a href=\"https:\/\/mk.muzeum.suwalki.pl\/maria-konopnicka\/\">Muzeum im. Marii Konopnickiej w Suwa\u0142kach<\/a><\/li>\n<\/ul>\n<p><strong>Materia\u0142y filmowe i edukacyjne:<\/strong><\/p>\n<ul>\n<li><a href=\"https:\/\/webowadbp.wixsite.com\/maria-konopnicka\/scenariusze\">Maria Konopnicka : materia\u0142y edukacyjne dla nauczycieli<\/a><\/li>\n<li><a href=\"https:\/\/www.youtube.com\/watch?v=6ChWxaoJe6s&amp;t=46s\">Literackie ciekawostki #8. Maria Konopnicka. Biblioteka Ko\u015bcian<\/a><\/li>\n<li><a href=\"https:\/\/www.youtube.com\/watch?v=bm0PusdoQtQ\">Maria Konopnicka i kod ukryty w ba\u015bni \u201eO krasnoludkach i o sierotce Marysi\u201d II Kultura tak!\u00a0 \u00a0\u00a0\u00a0\u00a0<\/a><\/li>\n<li><a href=\"https:\/\/www.youtube.com\/watch?v=EW5a0-gN0l0\">Muzeum Literatury<em> &#8211; <\/em>Maria Konopnicka i Eliza Orzeszkowa Losy przyja\u017ani <\/a><\/li>\n<li><a href=\"https:\/\/www.youtube.com\/watch?v=PIC4aykuQUg\">Muzeum Marii Konopnickiej w \u017barnowcu<\/a><\/li>\n<li><a href=\"https:\/\/www.youtube.com\/watch?v=brq3PmXKk48\">Maria Konopnicka &#8211; \u017cyciorys, biografia<\/a><\/li>\n<li><a href=\"https:\/\/www.youtube.com\/watch?v=UnjUuyyJbCo\">Muzeum Literatury \u2013 Warszawa Marii Konopnickiej\u00a0<\/a><\/li>\n<li><a href=\"http:\/\/www2.wbp.lodz.pl\/pliki\/wystawy\/2022-konopnicka\/\">Wystawa online<\/a><\/li>\n<\/ul>\n<p><strong>Scenariusze zaj\u0119\u0107:<br \/>\n<\/strong><\/p>\n<ul>\n<li><a href=\"https:\/\/profesor.pl\/publikacja,13514,Scenariusze,Obrazki-z-zycia-Marii-Konopnickiej-scenariusz-uroczystosci\">Obrazki z \u017cycia Marii Konopnickiej &#8211; scenariusz uroczysto\u015bci\u00a0 (dla szk\u00f3\u0142 ponadgimnazjalnych)<\/a><\/li>\n<li><a href=\"http:\/\/www.edukacja.edux.pl\/p-5451-scenariusz-zajecia-inspirowany-utworami.php\">Scenariusz zaj\u0119cia inspirowany utworami M. Konopnickiej (dla przedszkola)<\/a><\/li>\n<li><a href=\"https:\/\/kuratorium.krakow.pl\/wp-content\/uploads\/2021\/08\/harmonogram-co-slonko-widzialo....pdf\">Co s\u0142onko widzia\u0142o : projekt edukacyjny<\/a><\/li>\n<li><a href=\"https:\/\/zpe.gov.pl\/szukaj?query=Konopnicka\">Materia\u0142y do lekcji &#8211; Zintegrowana Platforma Edukacyjna<\/a><\/li>\n<li><a href=\"http:\/\/docplayer.pl\/24212775-Scenariusz-wieczornicy-poswieconej-tworczosci-marii-konopnickiej-wieczornica-jest-przeznaczona-dla-uczniow-klas-starszych.html\">Scenariusz wieczornicy po\u015bwi\u0119conej tw\u00f3rczo\u015bci Marii Konopnickiej dla klas starszych<\/a><\/li>\n<li><a href=\"http:\/\/static.scholaris.pl\/resource-files\/266\/173.pdf\">Wobec poezji Marii Konopnickiej scenariusz lekcji\u00a0 (kl. II gimnazjum)<\/a><\/li>\n<li><a href=\"https:\/\/muzeumzarnowiec.pl\/wp-content\/uploads\/2022\/02\/Konspekt-lekcji-krasnoludki.docx.pdf\">Czy to bajka, czy nie bajka? &#8211; analiza wiersza Marii Konopnickiej<\/a><\/li>\n<li><a href=\"http:\/\/zasobyip2.ore.edu.pl\/uploads\/publications\/ffc4571be37961de691fd7f80501adab\">,,Pranie\u201d w wierszu Marii Konopnickiej \u2013 scenariusz dla uczni\u00f3w edukacji wczesnoszkolnej<\/a><\/li>\n<\/ul>\n<p>&nbsp;<\/p>\n","protected":false},"excerpt":{"rendered":"<p>Sejm Rzeczypospolitej Polskiej, doceniaj\u0105c literacki dorobek Marii Konopnickiej oraz jej wk\u0142ad w dzia\u0142alno\u015b\u0107 patriotyczn\u0105, ustanowi\u0142 rok 2022 Rokiem Marii Konopnickiej: https:\/\/isap.sejm.gov.pl\/isap.nsf\/download.xsp\/WMP20210000990\/O\/M20210990.pdf &nbsp; Maria Stanis\u0142awa Konopnicka\u00a0z domu\u00a0Wasi\u0142owska,\u00a0urodzi\u0142a si\u0119\u00a023 maja\u00a01842 roku\u00a0w\u00a0Suwa\u0142kach. Polska poetka i nowelistka okresu pozytywizmu,\u00a0krytyczka literacka, publicystka i t\u0142umaczka; jedna z najwybitniejszych pisarek w\u00a0historii literatury polskiej. U\u017cywa\u0142a\u00a0pseudonim\u00f3w: .\u00a0\u201eM. K.\u201d, \u201eK.\u201d, \u201eKo-mar\u201d, \u201eJan Sawa\u201d, \u201eMarko\u201d, \u201eJan War\u0119\u017c\u201d, \u201eHumanus\u201d, \u201eUrsus\u201d, \u201eMruczys\u0142aw Pazurek\u201d. \u00a0We wrze\u015bniu 1862 w kaliskim ko\u015bciele \u015bw. Miko\u0142aja Biskupa Maria<span class=\"ellipsis\">&hellip;<\/span><\/p>\n<div class=\"read-more\"><a href=\"https:\/\/pbp.womczest.edu.pl\/new\/rok-marii-konopnickiej\/\">Czytaj wi\u0119cej &#8250;<\/a><\/div>\n<p><!-- end of .read-more --><\/p>\n","protected":false},"author":6,"featured_media":0,"parent":0,"menu_order":0,"comment_status":"closed","ping_status":"closed","template":"","meta":{"footnotes":""},"jetpack_sharing_enabled":true,"jetpack_shortlink":"https:\/\/wp.me\/PgmV4H-5gg","_links":{"self":[{"href":"https:\/\/pbp.womczest.edu.pl\/new\/wp-json\/wp\/v2\/pages\/20228"}],"collection":[{"href":"https:\/\/pbp.womczest.edu.pl\/new\/wp-json\/wp\/v2\/pages"}],"about":[{"href":"https:\/\/pbp.womczest.edu.pl\/new\/wp-json\/wp\/v2\/types\/page"}],"author":[{"embeddable":true,"href":"https:\/\/pbp.womczest.edu.pl\/new\/wp-json\/wp\/v2\/users\/6"}],"replies":[{"embeddable":true,"href":"https:\/\/pbp.womczest.edu.pl\/new\/wp-json\/wp\/v2\/comments?post=20228"}],"version-history":[{"count":3,"href":"https:\/\/pbp.womczest.edu.pl\/new\/wp-json\/wp\/v2\/pages\/20228\/revisions"}],"predecessor-version":[{"id":20729,"href":"https:\/\/pbp.womczest.edu.pl\/new\/wp-json\/wp\/v2\/pages\/20228\/revisions\/20729"}],"wp:attachment":[{"href":"https:\/\/pbp.womczest.edu.pl\/new\/wp-json\/wp\/v2\/media?parent=20228"}],"curies":[{"name":"wp","href":"https:\/\/api.w.org\/{rel}","templated":true}]}}