


{"id":19319,"date":"2021-12-01T09:15:52","date_gmt":"2021-12-01T08:15:52","guid":{"rendered":"https:\/\/pbp.womczest.edu.pl\/new\/?page_id=19319"},"modified":"2021-12-15T13:04:05","modified_gmt":"2021-12-15T12:04:05","slug":"powiatowy-konkurs-recytatorski-poetyckie-krajobrazy-pod-honorowym-patronatem-starosty-czestochowskiego-oraz-towarzystwa-nauczycieli-bibliotekarzy-szkol-polskich-oddzial-w-czestochowi","status":"publish","type":"page","link":"https:\/\/pbp.womczest.edu.pl\/new\/powiatowy-konkurs-recytatorski-poetyckie-krajobrazy-pod-honorowym-patronatem-starosty-czestochowskiego-oraz-towarzystwa-nauczycieli-bibliotekarzy-szkol-polskich-oddzial-w-czestochowi\/","title":{"rendered":"Powiatowy Konkurs Recytatorski \u201ePoetyckie Krajobrazy\u201d pod honorowym patronatem Starosty Cz\u0119stochowskiego oraz Towarzystwa Nauczycieli Bibliotekarzy Szk\u00f3\u0142 Polskich Oddzia\u0142 w Cz\u0119stochowie"},"content":{"rendered":"<div class=\"post-entry\">\n<p><img decoding=\"async\" loading=\"lazy\" class=\"size-medium wp-image-19325 alignleft\" src=\"https:\/\/pbp.womczest.edu.pl\/new\/wp-content\/uploads\/2021\/12\/Slajd1-300x225.jpg\" alt=\"\" width=\"300\" height=\"225\" srcset=\"https:\/\/pbp.womczest.edu.pl\/new\/wp-content\/uploads\/2021\/12\/Slajd1-300x225.jpg 300w, https:\/\/pbp.womczest.edu.pl\/new\/wp-content\/uploads\/2021\/12\/Slajd1-768x576.jpg 768w, https:\/\/pbp.womczest.edu.pl\/new\/wp-content\/uploads\/2021\/12\/Slajd1-100x75.jpg 100w, https:\/\/pbp.womczest.edu.pl\/new\/wp-content\/uploads\/2021\/12\/Slajd1-150x113.jpg 150w, https:\/\/pbp.womczest.edu.pl\/new\/wp-content\/uploads\/2021\/12\/Slajd1-200x150.jpg 200w, https:\/\/pbp.womczest.edu.pl\/new\/wp-content\/uploads\/2021\/12\/Slajd1-450x338.jpg 450w, https:\/\/pbp.womczest.edu.pl\/new\/wp-content\/uploads\/2021\/12\/Slajd1-600x450.jpg 600w, https:\/\/pbp.womczest.edu.pl\/new\/wp-content\/uploads\/2021\/12\/Slajd1-900x675.jpg 900w, https:\/\/pbp.womczest.edu.pl\/new\/wp-content\/uploads\/2021\/12\/Slajd1.jpg 960w\" sizes=\"(max-width: 300px) 100vw, 300px\" \/>25 listopada 2021 roku w\u00a0Regionalnym O\u015brodku Doskonalenia Nauczycieli \u201eWOM\u201d w\u00a0Cz\u0119stochowie odby\u0142 si\u0119 Powiatowy Konkurs Recytatorski \u201ePoetyckie Krajobrazy\u201d, po\u015bwi\u0119cony poezji Krzysztofa Kamila Baczy\u0144skiego.<\/p>\n<p>Konkurs adresowany do\u00a0uczni\u00f3w klas VII i\u00a0VIII szk\u00f3\u0142 podstawowych z\u00a0miasta Cz\u0119stochowy oraz\u00a0powiatu cz\u0119stochowskiego zorganizowa\u0142a Publiczna Biblioteka Pedagogiczna RODN \u201eWOM\u201d w\u00a0Cz\u0119stochowie. Konkurs odby\u0142 si\u0119 w\u00a0zwi\u0105zku z\u00a0100. rocznic\u0105 urodzin wybitnego poety czasu wojny, Pokolenia Kolumb\u00f3w, \u017co\u0142nierza \u2013 Krzysztofa Kamila Baczy\u0144skiego. Ponadto Sejm RP ustanowi\u0142 Rok 2021 Rokiem Krzysztofa Kamila Baczy\u0144skiego.<\/p>\n<p>Honorowy patronat nad\u00a0konkursem obj\u0105\u0142 Pan<strong> Krzysztof Smela,<\/strong> Starosta Cz\u0119stochowski oraz\u00a0 Prezes Cz\u0119stochowskiego Oddzia\u0142u Towarzystwa Nauczycieli Bibliotekarzy Szk\u00f3\u0142 Polskich \u2013 Pani<strong> Alina Grabna<\/strong>.<\/p>\n<p>Go\u015b\u0107mi specjalnymi konkursu by\u0142y: Pani <strong>Renata Terlicka<\/strong> \u2013 przedstawiciel Starosty Cz\u0119stochowskiego, inspektor z\u00a0Wydzia\u0142u Edukacji, Zdrowia, Kultury, Sportu i\u00a0Promocji Powiatu i\u00a0Pani <strong>Alina Grabna<\/strong> \u2013 nauczyciel bibliotekarz Zespo\u0142u Szk\u00f3\u0142 Samochodowych w Cz\u0119stochowie, prezes Towarzystwa Nauczycieli Bibliotekarzy Szk\u00f3\u0142 Polskich Oddzia\u0142 w Cz\u0119stochowie.<\/p>\n<p>Mottem konkursu by\u0142y s\u0142owa poety:<\/p>\n<p>\u201eTrzeba uwa\u017ca\u0107:<br \/>\nCzas si\u0119 zbyt \u0142atwo na\u00a0przesz\u0142o\u015b\u0107 zamienia,\u2026\u201d (\u201eElegia codzienna\u201d)<\/p>\n<p>Celem konkursu by\u0142o upami\u0119tnienie tw\u00f3rczo\u015bci poety Krzysztofa Kamila Baczy\u0144skiego, popularyzacja jego dorobku artystycznego, rozwijanie recytatorskich i\u00a0aktorskich uzdolnie\u0144 m\u0142odzie\u017cy, upowszechnianie kultury j\u0119zyka polskiego, inspirowanie m\u0142odego pokolenia do\u00a0aktywnego uczestnictwa w\u00a0kulturze, wzbudzenie zainteresowania poezj\u0105 polsk\u0105 oraz\u00a0krzewienie kultury \u017cywego s\u0142owa.<\/p>\n<p>W\u00a0tegorocznej jedenastej edycji udzia\u0142 wzi\u0119\u0142o 13 uczni\u00f3w z\u00a0Cz\u0119stochowy i\u00a0powiatu cz\u0119stochowskiego (7 uczni\u00f3w z\u00a0Cz\u0119stochowy i\u00a06 uczni\u00f3w z\u00a0powiatu cz\u0119stochowskiego). Opiek\u0119 merytoryczn\u0105 nad\u00a0uczniami sprawowali nauczyciele z\u00a0danej szko\u0142y. Uczniowie prezentowali jeden z\u00a0wybranych przez\u00a0siebie wierszy Krzysztofa Kamila Baczy\u0144skiego. Recytacja odbywa\u0142a si\u0119 bez\u00a0mikrofonu i\u00a0materia\u0142\u00f3w audiowizualnych.<\/p>\n<p>Prezentacje uczestnik\u00f3w ocenia\u0142a komisja konkursowa w\u00a0sk\u0142adzie:<\/p>\n<p><strong>Beata Raczy\u0144ska <\/strong>\u2013 przewodnicz\u0105ca komisji, nauczyciel bibliotekarz Publicznej Biblioteki Pedagogicznej RODN \u201eWOM\u201d w\u00a0Cz\u0119stochowie.<\/p>\n<p><strong>Beata Gendek-Barhoumi <\/strong>\u2013 nauczyciel j\u0119zyka polskiego VII Liceum Og\u00f3lnokszta\u0142c\u0105cego im.\u00a0Miko\u0142aja Kopernika w\u00a0Cz\u0119stochowie, opiekun szkolnego teatru <em>Grupa pod\u00a0Wisz\u0105cym Kotem, <\/em>kt\u00f3ry\u00a0zdobywa liczne nagrody w\u00a0kraju i\u00a0za\u00a0granic\u0105. Zdoby\u0142a tytu\u0142 <em>Animatora Kultury<\/em> w\u00a0presti\u017cowym Og\u00f3lnopolskim Konkursie Nauczyciela Roku 2015.<\/p>\n<p><strong>Ilona Kowalska <\/strong>\u2013 bibliotekarz, kierownik Filii nr\u00a09 Biblioteki Publicznej im.\u00a0dr.\u00a0W\u0142adys\u0142awa Biega\u0144skiego w\u00a0Cz\u0119stochowie. Jest organizatork\u0105 licznych konkurs\u00f3w, spotka\u0144 literackich i\u00a0przedsi\u0119wzi\u0119\u0107 czytelniczych.<\/p>\n<p>Zgodnie z\u00a0regulaminem na\u00a0ocen\u0119 recytacji mia\u0142y wp\u0142yw nast\u0119puj\u0105ce elementy: dob\u00f3r repertuaru, stopie\u0144 opanowania tekstu, artystyczna interpretacja utworu, kultura s\u0142owa i\u00a0og\u00f3lne wra\u017cenia artystyczne.<\/p>\n<p>Decyzj\u0105 jury przyznano nast\u0119puj\u0105ce miejsca:<\/p>\n<p><em><strong>I\u00a0miejsce<\/strong><\/em><\/p>\n<p><strong>Nikola Domaga\u0142a<\/strong>, Szko\u0142a Podstawowa im.\u00a0Henryka Drzazgi w\u00a0Lgocie Ma\u0142ej, wiersz pt.\u00a0\u201ePoleg\u0142ym\u201d;<\/p>\n<p><strong><em>II miejsce<\/em> <\/strong><\/p>\n<p><strong>Zuzanna Kowalczyk<\/strong>, Szko\u0142a Podstawowa nr\u00a01 im.\u00a0Adama Mickiewicza w\u00a0Krzepicach, wiersz pt.\u00a0\u201eBajka\u201d;<\/p>\n<p><em><strong>III miejsce<\/strong><\/em><\/p>\n<p><strong>Martyna Psiuch<\/strong>, Szko\u0142a Podstawowa nr\u00a01 im.\u00a0W\u0142adys\u0142awa Seby\u0142y w\u00a0K\u0142obucku, wiersz pt.\u00a0\u201eSur le pont d\u2019Avingon\u201d.<\/p>\n<p><em><strong>Wyr\u00f3\u017cnienia:<\/strong><\/em><\/p>\n<p><strong>Amelia Sirek<\/strong>, Szko\u0142a Podstawowa w\u00a0Nieradzie, wiersz pt.\u00a0\u201ePioseneczka\u201d,<br \/>\n<strong>Venerando Scimone<\/strong>, Prywatna Szko\u0142a Podstawowa SOKRATES w\u00a0Cz\u0119stochowie, wiersz pt.\u00a0\u201eElegia o\u2026 [ch\u0142opcu polskim]\u201d,<br \/>\n<strong>Natalia Mas\u0142owska<\/strong>, Szko\u0142a Podstawowa w\u00a0Zespole Szkolno-Przedszkolnym nr\u00a05 w\u00a0Cz\u0119stochowie, wiersz pt.\u00a0\u201eWestchnienie\u201d.<\/p>\n<p>Zwyci\u0119zcy otrzymali nagrody rzeczowe ufundowane przez Starost\u0119 Cz\u0119stochowskiego. Konkursowi towarzyszy\u0142a wystawa po\u015bwi\u0119cona tw\u00f3rczo\u015bci poety nie\u00a0tylko\u00a0pisarskiej, ale\u00a0tak\u017ce plastycznej.<\/p>\n<p style=\"text-align: right;\"><em>Tekst: Katarzyna Kucharzewska<br \/>\n<\/em><em>Zdj\u0119cia: Izabela Bajor<br \/>\n<a href=\"https:\/\/pbp.womczest.edu.pl\/new\/galeria\/powiatowy-konkurs-recytatorski-poetyckie-krajobrazy-pod-honorowym-patronatem-starosty-czestochowskiego-oraz-towarzystwa-nauczycieli-bibliotekarzy-szkol-polskich-oddzial-w-czestochowi\/\">galeria<\/a><br \/>\n<\/em><\/p>\n<\/div>\n","protected":false},"excerpt":{"rendered":"<p>25 listopada 2021 roku w\u00a0Regionalnym O\u015brodku Doskonalenia Nauczycieli \u201eWOM\u201d w\u00a0Cz\u0119stochowie odby\u0142 si\u0119 Powiatowy Konkurs Recytatorski \u201ePoetyckie Krajobrazy\u201d, po\u015bwi\u0119cony poezji Krzysztofa Kamila Baczy\u0144skiego. Konkurs adresowany do\u00a0uczni\u00f3w klas VII i\u00a0VIII szk\u00f3\u0142 podstawowych z\u00a0miasta Cz\u0119stochowy oraz\u00a0powiatu cz\u0119stochowskiego zorganizowa\u0142a Publiczna Biblioteka Pedagogiczna RODN \u201eWOM\u201d w\u00a0Cz\u0119stochowie. Konkurs odby\u0142 si\u0119 w\u00a0zwi\u0105zku z\u00a0100. rocznic\u0105 urodzin wybitnego poety czasu wojny, Pokolenia Kolumb\u00f3w, \u017co\u0142nierza \u2013 Krzysztofa Kamila Baczy\u0144skiego. Ponadto Sejm RP ustanowi\u0142 Rok 2021 Rokiem Krzysztofa Kamila Baczy\u0144skiego. Honorowy<span class=\"ellipsis\">&hellip;<\/span><\/p>\n<div class=\"read-more\"><a href=\"https:\/\/pbp.womczest.edu.pl\/new\/powiatowy-konkurs-recytatorski-poetyckie-krajobrazy-pod-honorowym-patronatem-starosty-czestochowskiego-oraz-towarzystwa-nauczycieli-bibliotekarzy-szkol-polskich-oddzial-w-czestochowi\/\">Czytaj wi\u0119cej &#8250;<\/a><\/div>\n<p><!-- end of .read-more --><\/p>\n","protected":false},"author":6,"featured_media":0,"parent":0,"menu_order":0,"comment_status":"closed","ping_status":"closed","template":"full-width-page.php","meta":{"footnotes":""},"jetpack_sharing_enabled":true,"jetpack_shortlink":"https:\/\/wp.me\/PgmV4H-51B","_links":{"self":[{"href":"https:\/\/pbp.womczest.edu.pl\/new\/wp-json\/wp\/v2\/pages\/19319"}],"collection":[{"href":"https:\/\/pbp.womczest.edu.pl\/new\/wp-json\/wp\/v2\/pages"}],"about":[{"href":"https:\/\/pbp.womczest.edu.pl\/new\/wp-json\/wp\/v2\/types\/page"}],"author":[{"embeddable":true,"href":"https:\/\/pbp.womczest.edu.pl\/new\/wp-json\/wp\/v2\/users\/6"}],"replies":[{"embeddable":true,"href":"https:\/\/pbp.womczest.edu.pl\/new\/wp-json\/wp\/v2\/comments?post=19319"}],"version-history":[{"count":7,"href":"https:\/\/pbp.womczest.edu.pl\/new\/wp-json\/wp\/v2\/pages\/19319\/revisions"}],"predecessor-version":[{"id":19412,"href":"https:\/\/pbp.womczest.edu.pl\/new\/wp-json\/wp\/v2\/pages\/19319\/revisions\/19412"}],"wp:attachment":[{"href":"https:\/\/pbp.womczest.edu.pl\/new\/wp-json\/wp\/v2\/media?parent=19319"}],"curies":[{"name":"wp","href":"https:\/\/api.w.org\/{rel}","templated":true}]}}